{"text_format":"1","workbook":"xlsx","n_sheets":13,"sheets":["Start Here","Intel Promotions - Customers","Intel Processors","Embedded Intel CPUs","Server Boards & Chassis","Barebone SKUs & Accessories","Intel SSD","Intel Networking","Warranty & Service Plans","Intel NUC","NUC Configurator","True Scale","Intel RAID"],"not_rendered":{"charts":0,"images":52,"macros":1,"external_links":0,"defined_names":83,"comments":3,"pivot_tables":0},"unopened":[],"bounds":{"document_bytes":16777216,"sheet_cells":100000,"rows_first":2000,"rows_last":500,"rows_between":2000,"halvings":0,"cell_chars":16384,"cell_head_chars":4096},"cells_cut":0,"cells_raw":0,"read":"whole","date_system":"1900"}

{"sheet":"Start Here","index":0,"n_rows":32,"n_cols":13,"rows_kept":32,"cut":false,"hidden":false,"merged":[[24,2,25,14],[21,3,21,14]]}
[]
[]
[]
[]
[]
[]
[]
[]
[]
[null,null,null,"What SYNNEX offers YOU!",null,null,null,null,null,"Are you part of the Intel® Technology Provider Program??? "]
[null,null,"■","We *KNOW* Intel®. We're Intel Experts!",null,null,null,null,null,"If not, Sign Up here!",null,null,"CLICK HERE"]
[null,null,"■","We offer the best Intel® tools"]
[null,null,"■","We offer fantastic pricing"]
[null,null,"■","We stock Intel® products in up to 11 Warehouses"]
[null,null,"■","#1 Intel® Volume Disti in North America!"]
[null,null,"■","Design Services to assist with Configuration"]
[null,null,"■","Bonded inventory capability"]
[null,null,"■","Integration and testing"]
[null,null,"■","Other Value-added services. Please ask!"]
[]
[null,null,null,"Disclaimer"]
[null,null,null,"Pricing on this file is subject to change without notice. Not responsible for typographical errors. Use and/or distribution of this file does not constitute a contract by SYNNEX to sell at these prices. Please use this file as a guideline only. For Final pricing, please contact your sales rep today! If any errors are spotted, please contact DennisLe@synnex.com for correction."]
[]
[]
[]
[]
[]
[]
[]
[]
[]
[null,null,"Version 27"]

{"sheet":"Intel Promotions - Customers","index":1,"n_rows":274,"n_cols":12,"rows_kept":274,"cut":false,"hidden":false,"merged":[[69,1,69,5],[70,1,70,5],[71,1,71,5],[72,1,72,5],[73,1,73,5],[74,1,74,5],[58,1,58,5],[59,1,59,5],[75,1,75,5],[60,1,60,5],[61,1,61,5],[62,1,62,5],[63,1,63,5],[64,1,64,5],[65,1,65,5],[66,1,66,5],[67,1,67,5],[68,1,68,5],[73,6,73,8],[74,6,74,8],[75,6,75,8],[59,6,59,8],[60,6,60,8],[61,6,61,8],[62,6,62,8],[63,6,63,8],[64,6,64,8],[65,6,65,8],[66,6,66,8],[67,6,67,8],[68,6,68,8],[69,6,69,8],[70,6,70,8],[71,6,71,8],[72,6,72,8],[58,6,58,8],[54,1,54,3],[49,1,49,3],[50,1,50,3],[51,1,51,3],[52,1,52,3],[53,1,53,3],[44,1,44,3],[45,1,45,3],[46,1,46,3],[47,1,47,3],[48,1,48,3],[37,1,37,2],[37,3,37,4],[34,3,34,4],[35,1,35,2],[35,3,35,4],[36,1,36,2],[36,3,36,4],[29,3,29,4],[30,3,30,4],[31,3,31,4],[32,3,32,4],[33,3,33,4],[33,1,33,2],[34,1,34,2],[32,1,32,2],[27,3,27,4],[28,3,28,4],[28,1,28,2],[29,1,29,2],[30,1,30,2],[31,1,31,2],[16,3,16,4],[17,3,17,4],[18,3,18,4],[19,3,19,4],[20,3,20,4],[21,3,21,4],[22,3,22,4],[23,3,23,4],[24,3,24,4],[17,9,17,10],[18,7,18,8],[18,9,18,10],[19,9,19,10],[19,7,19,8],[20,7,20,8],[21,7,21,8],[22,7,22,8],[16,1,16,2],[17,1,17,2],[18,1,18,2],[19,1,19,2],[20,1,20,2],[21,1,21,2],[22,1,22,2],[17,7,17,8],[197,2,197,4],[198,2,198,4],[199,2,199,4],[200,2,200,4],[201,2,201,4],[202,2,202,4],[203,2,203,4],[15,1,15,2],[15,3,15,4],[179,2,179,4],[180,2,180,4],[181,2,181,4],[182,2,182,4],[41,1,41,3],[42,1,42,3],[43,1,43,3],[40,1,40,3],[23,1,23,2],[24,1,24,2],[25,1,25,2],[26,1,26,2],[27,1,27,2],[25,3,25,4],[26,3,26,4],[204,2,204,4],[261,1,261,8],[262,1,262,8],[242,2,242,5],[258,1,258,8],[259,1,259,8],[260,1,260,8],[243,2,243,5],[244,2,244,5],[245,2,245,5],[238,2,238,5],[239,2,239,5],[236,2,236,5],[237,2,237,5],[229,2,229,5],[230,2,230,5],[231,2,231,5],[232,2,232,5],[228,2,228,5],[233,2,233,5],[234,2,234,5],[235,2,235,5],[205,2,205,4],[273,1,274,8],[4,2,5,6],[139,1,142,9],[160,1,162,1],[163,1,168,1],[184,2,184,4],[185,2,185,4],[188,2,188,4],[189,2,189,4],[183,2,183,4],[186,2,186,4],[187,2,187,4],[15,9,15,10],[15,7,15,8],[27,7,27,8],[28,7,28,8],[24,7,24,8],[25,7,25,8],[26,7,26,8],[23,7,23,8],[23,9,23,10],[24,9,24,10],[16,7,16,8],[16,9,16,10]]}
[]
[]
[]
[]
[null,null,"Synnex and Intel Promotions - CHECK THESE OFTEN!"]
[]
[]
[]
[]
[]
[null,"Promotion valid September 8, 2014 to December 27, 2014"]
[]
[null,"Purchase any of the following products during the promo time period and receive the stated rebate"]
[null,"LIMIT: Qty 500 per SKU per Reseller. Need more? Ask us to get an Intel approval."]
[null,"Intel® Xeon® Processor E5-26xxV3 - Tray",null,null,null,null,null,"Intel® Xeon® Processor E5-26xxV3 - Boxed"]
[null,"Description",null,"Part #",null,"Rebate$$",null,"Description",null,"Part #",null,"Rebate$$"]
[null,"Intel Xeon Processor E5-2699v3",null,"CM8064401739300",null,76,null,"Intel Xeon Processor E5-2697v3",null,"BX80644E52697V3",null,50]
[null,"Intel Xeon Processor E5-2698v3",null,"CM8064401609800",null,60,null,"Intel Xeon Processor E5-2695v3",null,"BX80644E52695V3",null,45]
[null,"Intel Xeon Processor E5-2697v3",null,"CM8064401807100",null,50,null,"Intel Xeon Processor E5-2690v3",null,"BX80644E52690V3",null,39]
[null,"Intel Xeon Processor E5-2695v3",null,"CM8064401438110",null,45,null,"Intel Xeon Processor E5-2680v3",null,"BX80644E52680V3",null,32]
[null,"Intel Xeon Processor E5-2690v3",null,"CM8064401439416",null,39,null,"Intel Xeon Processor E5-2670v3",null,"BX80644E52670V3",null,29]
[null,"Intel Xeon Processor E5-2683v3",null,"CM8064401609728",null,34,null,"Intel Xeon Processor E5-2660v3",null,"BX80644E52660V3",null,27]
[null,"Intel Xeon Processor E5-2680v3",null,"CM8064401439612",null,32,null,"Intel Xeon Processor E5-2650v3",null,"BX80644E52650V3",null,21]
[null,"Intel Xeon Processor E5-2670v3",null,"CM8064401544801",null,29,null,"Intel Xeon Processor E5-2640v3",null,"BX80644E52640V3",null,17]
[null,"Intel Xeon Processor E5-2660v3",null,"CM8064401446117",null,27,null,"Intel Xeon Processor E5-2630v3",null,"BX80644E52630V3",null,12]
[null,"Intel Xeon Processor E5-2650v3",null,null,null,21,null,"Intel Xeon Processor E5-2620v3",null,"BX80644E52620V3",null,7]
[null,"Intel Xeon Processor E5-2640v3",null,"CM8064401830901",null,17,null,"Intel Xeon Processor E5-2609v3",null,"BX80644E52609V3",null,5]
[null,"Intel Xeon Processor E5-2630v3",null,"CM8064401831000",null,12,null,"Intel Xeon Processor E5-2603v3",null,"BX80644E52603V3",null,3]
[null,"Intel Xeon Processor E5-2620v3",null,"CM8064401831400",null,7,null,"Intel Xeon Processor E5-2687Wv3",null,"BX80644E52687V3",null,40]
[null,"Intel Xeon Processor E5-2609v3",null,"CM8064401850800",null,5]
[null,"Intel Xeon Processor E5-2603v3",null,"CM8064401844200",null,3]
[null,"Intel Xeon Processor E5-2687Wv3",null,"CM8064401613502",null,40]
[null,"Intel Xeon Processor E5-2667v3",null,"CM8064401724301",null,38]
[null,"Intel Xeon Processor E5-2643v3",null,"CM8064401724501",null,29]
[null,"Intel Xeon Processor E5-2637v3",null,"CM8064401724101",null,18]
[null,"Intel Xeon Processor E5-2623v3",null,"CM8064401832000",null,8]
[null,"Intel Xeon Processor E5-2650Lv3",null,"CM8064401575702",null,24]
[null,"Intel Xeon Processor E5-2630Lv3",null,"CM8064401832100",null,11]
[]
[null,"Qualifying Intel Network Adapters"]
[null,"Description",null,null,"Part #","Rebate$$"]
[null,"Intel® Ethernet Converged Network Adapter X710-DA2",null,null,"X710DA2",13]
[null,"Intel® Ethernet Converged Network Adapter X710-DA2 - Bulk",null,null,"X710DA2BLK",13]
[null,"Intel® Ethernet Converged Network Adapter X710-DA4",null,null,"X710DA4FH",23]
[null,"Intel® Ethernet Converged Network Adapter X710-DA4 - Bulk",null,null,"X710DA4FHBLK",22]
[null,"Intel® Ethernet Converged Network Adapter XL710-QDA1",null,null,"XL710QDA1",23]
[null,"Intel® Ethernet Converged Network Adapter XL710-QDA1 - Bulk",null,null,"XL710QDA1BLK",22]
[null,"Intel® Ethernet Converged Network Adapter XL710-QDA2",null,null,"XL710QDA2",30]
[null,"Intel® Ethernet Converged Network Adapter XL710-QDA2 - Bulk",null,null,"XL710QDA2BLK",29]
[null,"Intel® Ethernet Converged Network Adapter X520-DA2",null,null,"E10G42BTDA",16]
[null,"Intel® Ethernet Converged Network Adapter X520-DA2 - Bulk",null,null,"E10G42BTDABLK",16]
[null,"Intel® Ethernet Converged Network Adapter X520-SR2",null,null,"E10G42BFSR",26]
[null,"Intel® Ethernet Converged Network Adapter X520-SR2 - Bulk",null,null,"E10G42BFSRBLK",25]
[null,"Intel® Ethernet Converged Network Adapter X520-QDA1",null,null,"X520QDA1",24]
[null,"Intel® Ethernet Converged Network Adapter X540-T2",null,null,"X540T2",19]
[]
[]
[null,"Qualifying Intel® Solid-State Drives"]
[null,"Description",null,null,null,null,"Part #",null,null,"Rebate $$"]
[null,"Intel SSD DC P3600 Series (1.2TB, 1/2 Height PCIe 3.0, 20nm, MLC) Bulk single pack",null,null,null,null,"SSDPEDME012T401",null,null,90]
[null,"Intel SSD DC P3600 Series (1.2 TB, 2.5\" PCIe 3.0, 20nm, MLC) Bulk single pack",null,null,null,null,"SSDPE2ME012T401",null,null,90]
[null,"Intel SSD DC P3600 Series (1.6TB, 1/2 Height PCIe 3.0, 20nm, MLC) Bulk single pack",null,null,null,null,"SSDPEDME016T401",null,null,120]
[null,"Intel SSD DC P3600 Series (1.6 TB, 2.5\" PCIe 3.0, 20nm, MLC) Bulk single pack",null,null,null,null,"SSDPE2ME016T401",null,null,120]
[null,"Intel SSD DC P3700 Series (1.6TB, 1/2 Height PCIe 3.0, 20nm, MLC) Bulk 10pk",null,null,null,null,"SSDPEDMD016T410",null,null,185]
[null,"Intel SSD DC P3700 Series (1.6TB, 1/2 Height PCIe 3.0, 20nm, MLC) Bulk single pack",null,null,null,null,"SSDPEDMD016T401",null,null,185]
[null,"Intel SSD DC P3700 Series (1.6TB, 2.5\" PCIe 3.0, 20nm, MLC) Bulk 10pk",null,null,null,null,"SSDPE2MD016T410",null,null,185]
[null,"Intel SSD DC P3700 Series (1.6TB, 2.5\" PCIe 3.0, 20nm, MLC) Bulk single pack",null,null,null,null,"SSDPE2MD016T401",null,null,185]
[null,"Intel SSD DC P3700 Series (400GB, 1/2 Height PCIe 3.0, 20nm, MLC) Bulk 10pk",null,null,null,null,"SSDPEDMD400G410",null,null,45]
[null,"Intel SSD DC P3700 Series (400GB, 1/2 Height PCIe 3.0, 20nm, MLC) Bulk single pack",null,null,null,null,"SSDPEDMD400G401",null,null,45]
[null,"Intel SSD DC P3700 Series (400GB, 2.5\" PCIe 3.0, 20nm, MLC) Bulk 10pk",null,null,null,null,"SSDPE2MD400G410",null,null,45]
[null,"Intel SSD DC P3700 Series (400GB, 2.5\" PCIe 3.0, 20nm, MLC) Bulk single pack",null,null,null,null,"SSDPE2MD400G401",null,null,45]
[null,"Intel SSD DC P3700 Series (800GB, 1/2 Height PCIe 3.0, 20nm, MLC) Bulk 10pk",null,null,null,null,"SSDPEDMD800G410",null,null,90]
[null,"Intel SSD DC P3700 Series (800GB, 1/2 Height PCIe 3.0, 20nm, MLC) Bulk single pack",null,null,null,null,"SSDPEDMD800G401",null,null,90]
[null,"Intel SSD DC P3700 Series (800GB, 2.5\" PCIe 3.0, 20nm, MLC) Bulk 10pk",null,null,null,null,"SSDPE2MD800G410",null,null,90]
[null,"Intel SSD DC P3700 Series (800GB, 2.5\" PCIe 3.0, 20nm, MLC) Bulk single pack",null,null,null,null,"SSDPE2MD800G401",null,null,90]
[]
[]
[]
[]
[]
[]
[]
[]
[]
[]
[]
[]
[]
[]
[]
[]
[]
[]
[]
[]
[]
[]
[]
[]
[]
[]
[]
[]
[]
[]
[]
[null,"For exact rebate amounts, see below:",null,null,"Important notes:"]
[null,"Part #","Discount","■","Limited to qty 1 of 1 SKU above."]
[null,"S2600WT2",105,"■","Must ship and invoice by 12/20/14"]
[null,"R1208WT2GS",303.75,"■","Cannot be combined with any other discounts, promotions, etc."]
[null,"R1304WT2GS",282.5]
[null,"S2600WTT",135]
[null,"R2308WTTYS",365]
[null,"R2208WT2YS",320]
[null,"R2312WTTYS",407.5]
[null,"R1208WTTGS",333.75]
[null,"R1304WTTGS",312.5]
[null,"R2208WTTYS",350]
[null,"R2224WTTYS",457.5]
[null,"R2208WTTYC1",402.5]
[null,"R1304WTXXX",90]
[null,"R1208WTXXX",105]
[null,"R2000WTXXX",75]
[null,"R2312WTXXX",152.5]
[null,"BBS2600KP",121.25]
[null,"BBS2600KPF",233.75]
[null,"HNS2600KP",150]
[null,"HNS2600KPF",262.5]
[null,"H2312XXKR2",210]
[null,"H2216XXKR2",227.5]
[null,"DBS2600CW2",112.5]
[null,"P4304XXMFEN2",86.25]
[null,"P4304XXMUXX",95]
[]
[]
[]
[]
[]
[]
[null,"Intel® Technology Provider Program Members will be able to qualify for an Instant Rebate of up to 10% on purchases of qualified Intel® products through an Intel® Authorized Distributor, when they provide supporting documentation that proves the product is being sold into a Government, Healthcare or Education institution"]
[]
[]
[]
[null,"Qualifying Products for Q2 ‘14: "]
["■","Intel® Network Adapters (10% Instant Rebate)"]
["■","All Intel SATA Solid State Drives (SSD) EXCEPT 330 series, 335 series, and 525 series 30 GB."]
["■","Boxed Intel® Core™ i5 3470 and i5-4570 Processors"]
[]
[null,"Terms:"]
["■","To receive the rebate, a copy of the Gov/Ed/Healthcare Purchase order must be sent to your SYNNEX sales rep. This is then"]
[null,"submitted to Intel to receive the rebate which will then be applied to the order at the time of sale. "]
["■","Customer must be a member in the Intel Technology Provider Program (ITP member). If not a member, sign up at:"]
[null,"https://www-ssl.intel.com/p/en_US/registered/formapp?source=SYUSToolKit"]
[null,"It's FREE to join! "]
[]
[]
[]
[]
[]
[null,"Model","Processor","Rebate $$","Start date","End Date"]
[null,"Core™ i3 ","i3-4160",10,"2014-08-17","2014-09-27"]
[null,null,"i3-4330",15,"2013-10-13","2014-09-27"]
[null,null,"i3-3250",30,"2014-05-11","2014-09-27"]
[null,"Pentium™","G3258 Anniversary Edition",5,"2014-06-15","2014-09-27"]
[null,null,"G3420",17,"2013-10-13","2014-09-27"]
[null,null,"G2130",17,"2013-10-13","2014-09-27"]
[null,null,"G3240",6,"2013-10-13","2014-09-27"]
[null,null,"G3220",10,"2014-05-11","2014-09-27"]
[null,null,"G2030",10,"2014-02-23","2014-09-27"]
[]
[null,"NOTES"]
["■","No Volume limits"]
["■","Valid while supplies last"]
[]
[]
[]
[]
[null,"For a limited time, Intel is now offering rebates on select 530 Series SSDs."]
[]
[null,"Part #","Description",null,null,"Rebate"]
[null,"SSDSC2BW080A401","Intel 530 Series SSD 80 GB - Bulk",null,null,5]
[null,"SSDSC2BW080A4 ","Intel 530 Series SSD 80 GB - Bulk - qty 50 MOQ",null,null,5]
[null,"SSDSC2BW120A401","Intel 530 Series SSD 120 GB - Bulk",null,null,10]
[null,"SSDSC2BW120A4","Intel 530 Series SSD 120 GB - Bulk - qty 50 MOQ",null,null,10]
[null,"SSDSC2BW180A401","Intel 530 Series SSD 180 GB - Bulk",null,null,12]
[null,"SSDSC2BW180A4","Intel 530 Series SSD 180 GB - Bulk - qty 50 MOQ",null,null,12]
[null,"SSDSC2BW240A401","Intel 530 Series SSD 240 GB - Bulk",null,null,15]
[null,"SSDSC2BW240A4","Intel 530 Series SSD 240 GB - Bulk - qty 50 MOQ",null,null,15]
[null,"SSDSC2BW480A401","Intel 530 Series SSD 480 GB - Bulk",null,null,45]
[null,"SSDSC2BW480A4","Intel 530 Series SSD 480 GB - Bulk - qty 50 MOQ",null,null,45]
[]
[]
[]
[]
[]
[null,"For a VERY limited time, Intel is now offering rebates on select PRO 2500 Series SSDs."]
[]
[null,"Part #","Description",null,null,"Rebate"]
[null,"SSDSC2BF120H501","Intel PRO 2500 Series 120 GB - Bulk",null,null,25]
[null,"SSDSC2BF120H5 ","Intel PRO 2500 Series 120 GB - Bulk - qty 50 MOQ",null,null,25]
[null,"SSDSC2BF180H501","Intel PRO 2500 Series 180 GB - Bulk",null,null,32]
[null,"SSDSC2BF180H5","Intel PRO 2500 Series 180 GB - Bulk - qty 50 MOQ",null,null,32]
[null,"SSDSC2BF240H501","Intel PRO 2500 Series 240 GB - Bulk",null,null,40]
[null,"SSDSC2BF240H5","Intel PRO 2500 Series 240 GB - Bulk - qty 50 MOQ",null,null,40]
[null,"SSDSC2BF480H501","Intel PRO 2500 Series 480 GB - Bulk",null,null,75]
[null,"SSDSC2BF480H5","Intel PRO 2500 Series 480 GB - Bulk - qty 50 MOQ",null,null,75]
[]
[]
[]
[]
[]
[]
[null,"Buy a qualifying Intel® Xeon Phi™ Coprocessor and get up to $1,000 off per unit through SYNNEX"]
[null,"Valid 03/31/14 - 06/27/14"]
[]
[null,"Product Code","Discount Up to"]
[null,"SC3120P",300]
[null,"SC3120A",300]
[null,"SC5110P",600]
[null,"SC5120D",600]
[null,"SC7120P",1000]
[null,"SC7120X",1000]
[]
[]
[]
[]
[null,"Buy a qualifying Intel® 10Gb Server Adapter from SYNNEX and get up to 50% off. Quantity limit per reseller is 2 units each."]
[]
[null,"Adapters","Description"]
[null,"X540T1","Intel® Ethernet Converged Network Adapter X540-T1"]
[null,"X540T1BLK","Intel® Ethernet Converged Network Adapter X540-T1 (Bulk SKU)"]
[null,"X540T2","Intel® Ethernet Converged Network Adapter X540-T2"]
[null,"X540T2BLK","Intel® Ethernet Converged Network Adapter X540-T2 (Bulk SKU)"]
[null,"E10G41BFSR","Intel® Ethernet Converged Network Adapter X520-SR1"]
[null,"E10G41BFSRBLK","Intel® Ethernet Converged Network Adapter X520-SR1 (Bulk SKU)"]
[null,"E10G42BFSR","Intel® Ethernet Converged Network Adapter X520-SR2"]
[null,"E10G42BFSRBLK","Intel® Ethernet Converged Network Adapter X520-SR2 (Bulk SKU)"]
[null,"E10G41BFLR","Intel® Ethernet Converged Network Adapter X520-LR1"]
[null,"E10G42BTDA","Intel® Ethernet Converged Network Adapter X520-DA2"]
[null,"E10G42BTDABLK","Intel® Ethernet Converged Network Adapter X520-DA2 (Bulk SKU)"]
[]
[]
[null,"Cables","Description"]
[null,"XDACBL1M","Intel® Ethernet SFP+ Twinaxial Cable – 1 meter"]
[null,"XDACBL3M","Intel® Ethernet SFP+ Twinaxial Cable – 3 meters"]
[null,"XDACBL5M","Intel® Ethernet SFP+ Twinaxial Cable – 5 meters"]
[]
[]
[]
[]
[]
[null,"Save up to 50% on select Intel Server hardware products"]
[]
[null,"Discounts apply to select products only, and quantities are limited so hurry!"]
[]
[null,"Check back often as discounts and products are updated regularly."]
[]
[null,"TERMS and Conditions:"]
[null,"■ Discounts on End of Life Server Products are valid on all Channel and Intel inventory on SKU’s while\ninventory lasts or until discount is changed. "]
[null,"■ Synnex nor Intel guarantee availability of any product on the discount list."]
[null,"■ Intel will not manufacture additional volumes on these products once inventory has been depleted"]
[null,"■ Discounts cannot be combined with any other discounts or promotions"]
[null,"■ Rebates can be discontinued or reduced at any time for any reason at Intel's sole discretion, without notice."]
[]
[null,"Clink on THIS LINK for a list of eligible products"]
[]
[]
[]
[]
[]
[]
[]
[]
[null,"Purchase Intel from Synnex & Win up to $1000 Travel Voucher"]

{"sheet":"Intel Processors","index":2,"n_rows":844,"n_cols":15,"rows_kept":844,"cut":false,"hidden":false,"merged":[[807,14,808,14],[816,14,817,14],[821,14,822,14],[776,14,777,14],[782,14,783,14],[788,14,789,14],[797,14,798,14],[802,14,803,14],[712,14,713,14],[722,14,723,14],[739,14,740,14],[756,14,757,14],[766,14,767,14],[679,14,680,14],[687,14,688,14],[693,14,694,14],[698,14,699,14],[703,14,704,14],[619,14,620,14],[633,14,634,14],[643,14,644,14],[657,14,658,14],[670,14,671,14],[553,14,554,14],[567,14,568,14],[574,14,575,14],[598,14,599,14],[605,14,606,14],[522,14,523,14],[529,14,530,14],[535,14,536,14],[540,14,541,14],[546,14,547,14],[475,14,476,14],[483,14,484,14],[494,14,495,14],[502,14,503,14],[513,14,514,14],[426,14,427,14],[433,14,434,14],[445,14,446,14],[451,14,452,14],[469,14,470,14],[390,14,391,14],[399,14,400,14],[408,14,409,14],[420,14,421,14],[319,14,320,14],[333,14,334,14],[350,14,351,14],[364,14,365,14],[379,14,380,14],[254,14,255,14],[274,14,275,14],[295,14,296,14],[307,14,308,14],[184,14,185,14],[205,14,206,14],[217,14,218,14],[228,14,229,14],[117,14,118,14],[125,14,126,14],[135,14,136,14],[147,14,148,14],[161,14,162,14],[68,14,69,14],[88,14,89,14],[92,14,93,14],[98,14,99,14],[107,14,108,14],[5,14,6,14],[11,14,12,14],[21,14,22,14],[37,14,38,14],[53,14,54,14],[834,7,834,9],[835,7,835,9],[836,7,836,9],[839,4,839,6],[839,7,839,9],[836,4,836,6],[834,4,834,6],[835,4,835,6],[827,1,827,10],[832,4,832,6],[833,4,833,6],[830,4,830,6],[831,4,831,6],[830,7,830,9],[831,7,831,9],[832,7,832,9],[833,7,833,9],[692,1,692,10],[711,1,711,10],[4,1,4,10],[159,1,159,10],[407,1,407,10],[419,1,419,10],[539,1,539,10],[160,3,160,10],[293,3,293,10],[377,3,377,10],[96,3,96,10],[10,3,10,10],[87,3,87,10]]}
[]
[]
[]
[]
[null,"Intel BOXED SERVER CPUs\nIntel Boxed Server CPUs come with a 3 year Manufacturer warranty"]
[null,"Westmere-EX",null,null,null,null,null,null,null,null,null,null,null,null,"Intel ITP Points"]
[null,null,"Proc #","Freq (Ghz)","Cache (M)","QPI (GT/s)","TDP (W)","Cores/Threads","Nm Tech","Socket","Part #","SKU #",null,"Price"]
[null,"Xeon® MP 10C","E7-4870",2.4,30,6.4,130,"8/16","32nm","LGA 1567","BX80615E74830",2947033,null,2025.2631578947369,""]
[null,"Xeon® MP 8C","E7-4830",2.13,24,6.4,105,"10/20","32nm","LGA 1567","BX80615E74870",2947034,null,4323.1578947368425,""]
[null,null,null,null,null,null,null,null,null,null,null,null,null,null,""]
[null,null,null,"Efficient Performance (EP)",null,null,null,null,null,null,null,null,null,null,""]
[null,"SandyBridge-EP-4S",null,null,null,null,null,null,null,null,null,null,null,null,"Intel ITP Points"]
[null,null,"Proc #","Freq (Ghz)","Cache (M)","QPI (GT/s)","TDP (W)","Cores/Threads","Nm Tech","Socket","Part #","SKU #",null,"Price"]
[null,"Xeon® MP 8C","E5-4650",2.7,20,8,130,"8/16","32nm","LGA2011","BX80621E54650",3340379,null,3561.0526315789475,""]
[null,"Xeon® MP 8C","E5-4640",2.4,20,8,95,"8/16","32nm","LGA2011","BX80621E54640",3295502,null,2685.2631578947371,""]
[null,"Xeon® MP 8C","E5-4620",2.2000000000000002,16,7.2,95,"8/16","32nm","LGA2011","BX80621E54620",3295503,null,1589.4736842105265,""]
[null,"Xeon® MP 6C","E5-4610",2.4,15,7.2,95,"6/12","32nm","LGA2011","BX80621E54610",3295504,null,1203.1578947368421,""]
[null,"Xeon® MP 6C","E5-4607",2.2000000000000002,12,6.4,95,"6/12","32nm","LGA2011","BX80621E54607",3295505,null,874.73684210526324,""]
[null,"Xeon® MP 4C","E5-4603",2,10,6.4,95,"4/8","32nm","LGA2011","BX80621E54603",3295506,null,546.31578947368428,""]
[null,"Xeon® MP 8C","E5-4650L",2.6,20,8,115,"8/16","32nm","LGA2011","BX80621E54650L",3295507,null,3561.0526315789475,""]
[null,null,null,null,null,null,null,null,null,null,null,null,null,null,""]
[null,"Haswell-EP",null,null,null,null,null,null,null,null,null,null,null,null,"Intel ITP Points"]
[null,null,"Proc #","Freq (Ghz)","Cache (M)","QPI (GT/s)","TDP (W)","Cores/Threads","Nm Tech","Socket","Part #","SKU #",null,"Price"]
[null,"Xeon® DP 14C","E5-2697V3",2.6,35,9.6,145,"14/28","22nm","FCLGA2011","BX80644E52697V3",3926148,null,2662.105263157895,""]
[null,"Xeon® DP 14C","E5-2695V3",2.2999999999999998,35,9.6,120,"14/28","22nm","FCLGA2011","BX80644E52695V3",3926149,null,2388.4210526315792,""]
[null,"Xeon® DP 12C","E5-2690V3",2.6,30,9.6,135,"12/24","22nm","FCLGA2011","BX80644E52690V3",3926150,null,2060,""]
[null,"Xeon® DP 12C","E5-2680V3",2.5,30,9.6,120,"12/24","22nm","FCLGA2011","BX80644E52680V3",3926151,null,1721.0526315789475,""]
[null,"Xeon® DP 12C","E5-2670V3",2.2999999999999998,30,9.6,120,"12/24","22nm","FCLGA2011","BX80644E52670V3",3926152,null,1567.3684210526317,""]
[null,"Xeon® DP 10C","E5-2660V3",2.6,25,9.6,105,"10/20","22nm","FCLGA2011","BX80644E52660V3",3926153,null,1425.2631578947369,""]
[null,"Xeon® DP 10C","E5-2650V3",2.2999999999999998,25,9.6,105,"10/20","22nm","FCLGA2011","BX80644E52650V3",3926154,null,1151.578947368421,""]
[null,"Xeon® DP 8C","E5-2640V3",2.6,20,9.6,90,"8/16","22nm","FCLGA2011","BX80644E52640V3",3926155,null,928.42105263157896,""]
[null,"Xeon® DP 8C","E5-2630V3",2.4,20,8,85,"8/16","22nm","FCLGA2011","BX80644E52630V3",3926156,null,660,""]
[null,"Xeon® DP 6C","E5-2620V3",2.4,15,8,85,"6/12","22nm","FCLGA2011","BX80644E52620V3",3926157,null,414.73684210526318,""]
[null,"Xeon® DP 6C","E5-2609V3",1.9,15,6.4,85,"6/6","22nm","FCLGA2011","BX80644E52609V3",3926158,null,301.0526315789474,""]
[null,"Xeon® DP 6C","E5-2603V3",1.6,15,6.4,85,"6/6","22nm","FCLGA2011","BX80644E52603V3",3926159,null,213.68421052631581,""]
[null,"Xeon® DP 10C","E5-2687WV3",3.1,25,9.6,160,"10/20","22nm","FCLGA2011","BX80644E52687V3",3926160,null,2110.5263157894738,""]
[null,null,null,null,null,null,null,null,null,null,null,null,null,null,""]
[null,"IvyBridge-EP",null,null,null,null,null,null,null,null,null,null,null,null,"Intel ITP Points"]
[null,null,"Proc #","Freq (Ghz)","Cache (M)","QPI (GT/s)","TDP (W)","Cores/Threads","Nm Tech","Socket","Part #","SKU #",null,"Price"]
[null,"Xeon® DP 12C","E5-2697V2",2.7,30,8,130,"12/24","22nm","LGA 2011","BX80635E52697V2",3618790,null,2575.7894736842109,10]
[null,"Xeon® DP 12C","E5-2695V2",2.4,30,8,115,"12/24","22nm","LGA 2011","BX80635E52695V2",3618791,null,2302.105263157895,10]
[null,"Xeon® DP 10C","E5-2690V2",3,25,8,130,"10/20","22nm","LGA 2011","BX80635E52690V2",3618792,null,2027.3684210526317,10]
[null,"Xeon® DP 10C","E5-2680V2",2.8,25,8,115,"10/20","22nm","LGA 2011","BX80635E52680V2",3618793,null,1698.9473684210527,10]
[null,"Xeon® DP 10C","E5-2670V2",2.5,25,8,115,"10/20","22nm","LGA 2011","BX80635E52670V2",3618794,null,1530.5263157894738,10]
[null,"Xeon® DP 10C","E5-2660V2",2.2000000000000002,25,8,95,"10/20","22nm","LGA 2011","BX80635E52660V2",3618795,null,1370.5263157894738,10]
[null,"Xeon® DP 8C","E5-2650V2",2.6,20,8,95,"8/16","22nm","LGA 2011","BX80635E52650V2",3618796,null,1151.578947368421,10]
[null,"Xeon® DP 8C","E5-2640V2",2,20,7.2,95,"8/16","22nm","LGA 2011","BX80635E52640V2",3618797,null,874.73684210526324,10]
[null,"Xeon® DP 6C","E5-2630V2",2.6,15,7.2,80,"8/16","22nm","LGA 2011","BX80635E52630V2",3618798,null,606.31578947368428,10]
[null,"Xeon® DP 6C","E5-2620V2",2.1,15,7.2,80,"8/16","22nm","LGA 2011","BX80635E52620V2",3618799,null,403.15789473684214,10]
[null,"Xeon® DP 4C","E5-2609V2",2.5,10,6.4,80,"4/4","22nm","LGA 2011","BX80635E52609V2",3618800,null,293.68421052631578,10]
[null,"Xeon® DP 4C","E5-2603V2",1.8,10,6.4,80,"4/4","22nm","LGA 2011","BX80635E52603V2",3618801,null,203.15789473684211,10]
[null,"Xeon® DP 8C","E5-2687WV2",3.4,25,8,150,"8/16","22nm","LGA 2011","BX80635E52687V2",3618802,null,2077.8947368421054,10]
[null,null,null,null,null,null,null,null,null,null,null,null,null,null,""]
[null,"SandyBridge-EP",null,null,null,null,null,null,null,null,null,null,null,null,"Intel ITP Points"]
[null,null,"Proc #","Freq (Ghz)","Cache (M)","QPI (GT/s)","TDP (W)","Cores/Threads","Nm Tech","Socket","Part #","SKU #",null,"Price"]
[null,"Xeon® DP 8C","E5-2690",2.9,20,8,135,"8/16","32nm","LGA2011","BX80621E52690",3155712,null,2027.3684210526317,""]
[null,"Xeon® DP 8C","E5-2680",2.7,20,8,130,"8/16","32nm","LGA2011","BX80621E52680",3155735,null,1698.9473684210527,""]
[null,"Xeon® DP 8C","E5-2670",2.6,20,8,115,"8/16","32nm","LGA2011","BX80621E52670",3155736,null,1530.5263157894738,""]
[null,"Xeon® DP 8C","E5-2665",2.4,20,8,115,"8/16","32nm","LGA2011","BX80621E52665",3155713,null,1421.0526315789475,""]
[null,"Xeon® DP 8C","E5-2660",2.2000000000000002,20,8,95,"8/16","32nm","LGA2011","BX80621E52660",3155737,null,1311.578947368421,""]
[null,"Xeon® DP 8C","E5-2650",2,20,8,95,"8/16","32nm","LGA2011","BX80621E52650",3155738,null,1093.6842105263158,""]
[null,"Xeon® DP 6C","E5-2640",2.5,15,7.2,95,"6/12","32nm","LGA2011","BX80621E52640",3155714,null,874.73684210526324,""]
[null,"Xeon® DP 6C","E5-2630",2.2999999999999998,15,7.2,95,"6/12","32nm","LGA2011","BX80621E52630",3155715,null,606.31578947368428,""]
[null,"Xeon® DP 6C","E5-2620",2,15,7.2,95,"6/12","32nm","LGA2011","BX80621E52620",3155716,null,403.15789473684214,""]
[null,"Xeon® DP 4C","E5-2609",2.4,10,6.4,"TBD","4/4","32nm","LGA2011","BX80621E52609",3155717,null,293.68421052631578,""]
[null,"Xeon® DP 4C","E5-2603",1.8,10,6.4,"TBD","4/4","32nm","LGA2011","BX80621E52603",3155739,null,203.15789473684211,""]
[null,"Xeon® DP 8C","E5-2687W",3.1,20,8,150,"8/16","32nm","LGA2011","BX80621E52687W",3155734,null,1858.9473684210527,""]
[null,null,null,null,null,null,null,null,null,null,null,null,null,null,""]
[null,"Westmere-EP",null,null,null,null,null,null,null,null,null,null,null,null,"Intel ITP Points"]
[null,null,"Proc #","Freq (Ghz)","Cache (M)","QPI (GT/s)","TDP (W)","Cores/Threads","Nm Tech","Socket","Part #","SKU #",null,"Price"]
[null,"Xeon® DP 6C","X5690",3.46,12,6.4,130,"6/12","32nm","LGA 1366","BX80614X5690",2894295,null,1638.9473684210527,""]
[null,"Xeon® DP 6C","X5680",3.33,12,6.4,130,"6/12","32nm","LGA 1366","BX80614X5680",2641528,null,1638.9473684210527,""]
[null,"Xeon® DP 6C","X5675",3.06,12,6.4,95,"6/12","32nm","LGA 1366","BX80614X5675",2894296,null,1420,""]
[null,"Xeon® DP 6C","X5670",2.93,12,6.4,95,"6/12","32nm","LGA 1366","BX80614X5670",2641529,null,1420,""]
[null,"Xeon® DP 6C","X5660",2.8,12,6.4,95,"6/12","32nm","LGA 1366","BX80614X5660",2641530,null,1202.1052631578948,""]
[null,"Xeon® DP 6C","X5650",2.66,12,6.4,95,"6/12","32nm","LGA 1366","BX80614X5650",2641531,null,983.1578947368422,""]
[null,"Xeon® DP 6C","E5649",2.5299999999999998,12,5.86,80,"6/12","32nm","LGA 1366","BX80614E5649",2894297,null,764.21052631578948,""]
[null,"Xeon® DP 6C","E5645",2.4,12,5.86,80,"6/12","32nm","LGA 1366","BX80614E5645",2897392,null,545.26315789473688,""]
[null,"Xeon® DP 4C","E5640",2.66,12,5.86,80,"4/8","32nm","LGA 1366","BX80614E5640",2641532,null,764.21052631578948,""]
[null,"Xeon® DP 4C","E5630",2.5299999999999998,12,null,80,"4/8","32nm","LGA 1366","BX80614E5630",2641533,null,545.26315789473688,""]
[null,"Xeon® DP 4C","E5620",2.4,12,5.86,80,"4/8","32nm","LGA 1366","BX80614E5620",2641534,null,384.21052631578948,""]
[null,"Xeon® DP 4C","E5607",2.2599999999999998,8,4.8,80,"4/4","32nm","LGA 1366","BX80614E5607",2894298,null,274.73684210526318,""]
[null,"Xeon® DP 4C","E5606",2.13,8,4.8,80,"4/4","32nm","LGA 1366","BX80614E5606",2894299,null,223.15789473684211,""]
[null,"Xeon® DP 4C","E5603",1.6,4,4.8,80,"4/4","32nm","LGA 1366","BX80614E5603",2894300,null,191.57894736842107,""]
[null,"Xeon® DP 6C LV","L5640",2.2599999999999998,12,5.86,60,"4/8","32nm","LGA 1366","BX80614L5630",2641536,null,545.26315789473688,""]
[null,"Xeon® DP 4C LV","L5630",2.13,12,5.86,40,"6/12","32nm","LGA 1366","BX80614L5640",2641535,null,983.1578947368422,""]
[null,null,null,null,null,null,null,null,null,null,null,null,null,null,""]
[null,null,null,"WorkStation (WS)",null,null,null,null,null,null,null,null,null,null,""]
[null,"IvyBridge-WS-UP",null,null,null,null,null,null,null,null,null,null,null,null,"Intel ITP Points"]
[null,null,"Proc #","Freq (Ghz)","Cache (M)","QPI (GT/s)","TDP (W)","Cores/Threads","Nm Tech","Socket","Part #","SKU #",null,"Price"]
[null,"Xeon® WS 6C","E5-1660V2",3.7,15,null,130,"6/12","22nm","LGA 2011","BX80635E51660V2",null,null,1065.2631578947369,10]
[null,null,null,null,null,null,null,null,null,null,null,null,null,null,""]
[null,"SandyBridge-WS-UP",null,null,null,null,null,null,null,null,null,null,null,null,"Intel ITP Points"]
[null,null,"Proc #","Freq (Ghz)","Cache (M)","QPI (GT/s)","TDP (W)","Cores/Threads","Nm Tech","Socket","Part #","SKU #",null,"Price"]
[null,"Xeon® WS 6C","E5-1660",3.3,15,null,130,"6/12","32nm","LGA 2011","BX80621E51660",3155718,null,1065.2631578947369,""]
[null,null,null,null,null,null,null,null,null,null,null,null,null,null,""]
[null,null,null,"Entry Level (EN)",null,null,null,null,null,null,null,null,null,null,""]
[null,null,null,null,null,null,null,null,null,null,null,null,null,null,""]
[null,"Ivy Bridge-DP-EN",null,null,null,null,null,null,null,null,null,null,null,null,"Intel ITP Points"]
[null,null,"Proc #","Freq (Ghz)","Cache (M)","QPI (GT/s)","TDP (W)","Cores/Threads","Nm Tech","Socket","Commit Object","SKU #",null,"Price"]
[null,"Xeon® DP 8C","E5-2470V2",2.5,20,8,95,"10/20","22nm","LGA1356","BX80634E52470V2",3226880,null,1421.0526315789475,10]
[null,"Xeon® DP 8C","E5-2450V2",2.5,20,8,95,"8/16","22nm","LGA1356","BX80634E52450V2",3226881,null,1093.6842105263158,10]
[null,"Xeon® DP 8C","E5-2440V2",1.9,20,7.2,95,"8/16","22nm","LGA1356","BX80634E52440V2",3226882,null,826.31578947368428,10]
[null,"Xeon® DP 6C","E5-2430V2",2.5,15,7.2,80,"6/12","22nm","LGA1356","BX80634E52430V2",3226883,null,549.47368421052636,10]
[null,"Xeon® DP 6C","E5-2420V2",2.2000000000000002,15,7.2,80,"6/12","22nm","LGA1356","BX80634E52420V2",3226884,null,407.36842105263162,10]
[null,"Xeon® DP 4C","E5-2407V2",2.4,10,6.4,80,"4/4","22nm","LGA1356","BX80634E52407V2",3226885,null,255.78947368421055,10]
[null,"Xeon® DP 4C","E5-2403V2",1.8,10,6.4,80,"4/4","22nm","LGA1356","BX80634E52403V2",3226886,null,191.57894736842107,10]
[null,"Sandy Bridge-DP-EN",null,null,null,null,null,null,null,null,null,null,null,null,"Intel ITP Points"]
[null,null,"Proc #","Freq (Ghz)","Cache (M)","QPI (GT/s)","TDP (W)","Cores/Threads","Nm Tech","Socket","Part #","SKU #",null,"Price"]
[null,"Xeon® DP 8C","E5-2470",2.2999999999999998,20,8,95,"8/16","32nm","LGA1356","BX80621E52470",3226880,null,1421.0526315789475,""]
[null,"Xeon® DP 8C","E5-2450",2.1,20,8,95,"8/16","32nm","LGA1356","BX80621E52450",3226881,null,1093.6842105263158,""]
[null,"Xeon® DP 6C","E5-2440",2.4,15,7.2,95,"6/12","32nm","LGA1356","BX80621E52440",3226882,null,823.1578947368422,""]
[null,"Xeon® DP 6C","E5-2430",2.2000000000000002,15,7.2,95,"6/12","32nm","LGA1356","BX80621E52430",3226883,null,545.26315789473688,""]
[null,"Xeon® DP 6C","E5-2420",1.9,15,7.2,95,"6/12","32nm","LGA1356","BX80621E52420",3226884,null,384.21052631578948,""]
[null,"Xeon® DP 4C","E5-2407",2.2000000000000002,10,6.4,80,"4/4","32nm","LGA1356","BX80621E52407",3226885,null,247.36842105263159,""]
[null,"Xeon® DP 4C","E5-2403",1.8,10,6.4,80,"4/4","32nm","LGA1356","BX80621E52403",3226886,null,191.57894736842107,""]
[null,null,null,null,null,null,null,null,null,null,null,null,null,null,""]
[null,"Haswell-UP-EN Refresh",null,null,null,null,null,null,null,null,null,null,null,null,"Intel ITP Points"]
[null,null,"Proc #","Freq (Ghz)","Cache (M)","QPI (GT/s)","TDP (W)","Cores/Threads","Nm Tech","Socket","Part #","SKU #",null,"Price"]
[null,"Xeon® UP QC","E3-1276V3",3.5,8,null,84,null,"22nm","LGA 1150","BX80646E31276V3",3866549,null,344.21052631578948,5]
[null,"Xeon® UP QC","E3-1271V3",3.4,8,null,80,null,"22nm","LGA 1150","BX80646E31271V3",3866550,null,333.68421052631578,5]
[null,"Xeon® UP QC","E3-1246V3",3.5,8,null,80,null,"22nm","LGA 1150","BX80646E31246V3 ",3866551,null,282.10526315789474,""]
[null,"Xeon® UP QC","E3-1241V3",3.3,8,null,80,null,"22nm","LGA 1150","BX80646E31241V3",3866552,null,268.42105263157896,5]
[null,"Xeon® UP QC","E3-1231V3",3.2,8,null,84,null,"22nm","LGA 1150","BX80646E31231V3",3866553,null,246.31578947368422,5]
[null,"Xeon® UP QC","E3-1226V3",3.4,8,null,84,null,"22nm","LGA 1150","BX80646E31226V3 ",3866554,null,220,""]
[null,"Haswell-UP-EN",null,null,null,null,null,null,null,null,null,null,null,null,"Intel ITP Points"]
[null,null,"Proc #","Freq (Ghz)","Cache (M)","QPI (GT/s)","TDP (W)","Cores/Threads","Nm Tech","Socket","Part #","SKU #",null,"Price"]
[null,"Xeon® UP QC","E3-1275V3",3.5,8,null,84,"4/8","22nm","LGA 1150","BX80646E31275V3",3566299,null,344.21052631578948,5]
[null,"Xeon® UP QC","E3-1270V3",3.5,8,null,80,"4/8","22nm","LGA 1150","BX80646E31270V3",3566294,null,333.68421052631578,5]
[null,"Xeon® UP QC","E3-1245V3",3.4,8,null,84,"4/8","22nm","LGA 1150","BX80646E31245V3",3566300,null,282.10526315789474,5]
[null,"Xeon® UP QC","E3-1240V3",3.4,8,null,80,"4/8","22nm","LGA 1150","BX80646E31240V3",3566296,null,268.42105263157896,5]
[null,"Xeon® UP QC","E3-1230V3",3.3,8,null,80,"4/8","22nm","LGA 1150","BX80646E31230V3",3566297,null,246.31578947368422,5]
[null,"Xeon® UP QC","E3-1225V3",3.2,8,null,84,"4/4","22nm","LGA 1150","BX80646E31225V3",3566301,null,220,5]
[null,"Xeon® UP QC","E3-1220V3",3.1,8,null,80,"4/4","22nm","LGA 1150","BX80646E31220V3",3566298,null,200,5]
[null,null,null,null,null,null,null,null,null,null,null,null,null,null,""]
[null,"IvyBridge-UP-EN",null,null,null,null,null,null,null,null,null,null,null,null,"Intel ITP Points"]
[null,null,"Proc #","Freq (Ghz)","Cache (M)","QPI (GT/s)","TDP (W)","Cores/Threads","Nm Tech","Socket","Part #","SKU #",null,"Price"]
[null,"Xeon® UP QC","E3-1280V2",3.6,8,null,69,"4/8","22nm","LGA 1155","BX80637E31280V2",3226887,null,612.63157894736844,""]
[null,"Xeon® UP QC","E3-1275V2",3.5,8,null,77,"4/8","22nm","LGA 1155","BX80637E31275V2",3226888,null,344.21052631578948,""]
[null,"Xeon® UP QC","E3-1270V2",3.5,8,null,69,"4/8","22nm","LGA 1155","BX80637E31270V2",3226889,null,333.68421052631578,""]
[null,"Xeon® UP QC","E3-1245V2",3.4,8,null,77,"4/8","22nm","LGA 1155","BX80637E31245V2",3226893,null,268.42105263157896,""]
[null,"Xeon® UP QC","E3-1240V2",3.4,8,null,69,"4/8","22nm","LGA 1155","BX80637E31240V2",3226890,null,256.84210526315792,""]
[null,"Xeon® UP QC","E3-1230V2",3.3,8,null,69,"4/8","22nm","LGA 1155","BX80637E31230V2",3226891,null,226.31578947368422,""]
[null,"Xeon® UP QC","E3-1225V2",3.2,8,null,77,"4/4","22nm","LGA 1155","BX80637E31225V2",3226894,null,220,""]
[null,"Xeon® UP QC","E3-1265LV2",2.5,8,null,45,"4/8","22nm","LGA 1155","BX80637E31265L2",3226895,null,300,""]
[null,"Xeon® UP QC","E3-1220V2",3.1,8,null,69,"4/8","22nm","LGA 1155","BX80637E31220V2",3226892,null,200,""]
[null,null,null,null,null,null,null,null,null,null,null,null,null,null,""]
[null,"Sandy Bridge-UP-EN",null,null,null,null,null,null,null,null,null,null,null,null,"Intel ITP Points"]
[null,null,"Proc #","Freq (Ghz)","Cache (M)","QPI (GT/s)","TDP (W)","Cores/Threads","Nm Tech","Socket","Part #","SKU #",null,"Price"]
[null,"Xeon® UP QC","E3-1280",3.5,8,null,95,"4/8","32nm","LGA 1155","BX80623E31280",2894445,null,612.63157894736844,""]
[null,"Xeon® UP QC","E3-1275",3.4,8,null,95,"4/8","32nm","LGA 1155","BX80623E31275",2894444,null,344.21052631578948,""]
[null,"Xeon® UP QC","E3-1270",3.4,8,null,80,"4/8","32nm","LGA 1155","BX80623E31270",2894443,null,333.68421052631578,""]
[null,"Xeon® UP QC","E3-1245",3.3,8,null,95,"4/8","32nm","LGA 1155","BX80623E31245",2894442,null,268.42105263157896,""]
[null,"Xeon® UP QC","E3-1240",3.3,8,null,80,"4/8","32nm","LGA 1155","BX80623E31240",2894441,null,256.84210526315792,""]
[null,"Xeon® UP QC","E3-1235",3.2,8,null,95,"4/8","32nm","LGA 1155","BX80623E31235",2894440,null,246.31578947368422,""]
[null,"Xeon® UP QC","E3-1230",3.2,8,null,80,"4/8","32nm","LGA 1155","BX80623E31230",2894439,null,226.31578947368422,""]
[null,"Xeon® UP QC","E3-1225",3.1,6,null,95,"4/4","32nm","LGA 1155","BX80623E31225",2894438,null,205.26315789473685,""]
[null,"Xeon® UP QC","E3-1220",3.1,8,null,80,"4/8","32nm","LGA 1155","BX80623E31220",2894437,null,200,""]
[]
[null,"Intel TRAY/OEM SERVER CPUs\nIntel Tray Server CPUs come with a 1 year Distributor Warranty"]
[null,null,null,"Expandable (EX)"]
[null,"Ivy Bridge - EX",null,null,null,null,null,null,null,null,null,null,null,null,"Intel ITP Points"]
[null,null,"Proc #","Freq (Ghz)","Cache (M)","QPI (GT/s)","TDP (W)","Cores/Threads","Nm Tech","Socket","Part #","SKU #",null,"Price"]
[null,"Xeon® MP 10C LV","E7-8893v2",3.4,37.5,8,155,"6/12","22nm","FCLGA12","CM8063601454907",3760230,null,6729.4736842105267,30]
[null,"Xeon® MP 10C","E7-8891v2",3.2,37.5,8,155,"10/20","22nm","FCLGA12","CM8063601377422",3760231,null,6729.4736842105267,30]
[null,"Xeon® MP 10C","E7-8890v2",2.8,37.5,8,155,"15/30","22nm","FCLGA12","CM8063601213513",3760232,null,6729.4736842105267,30]
[null,"Xeon® MP 8C","E7-8880v2",2.5,37.5,8,130,"15/30","22nm","FCLGA12","CM8063601271810",3760233,null,5635.7894736842109,30]
[null,"Xeon® MP 8C","E7-8870v2",2.2999999999999998,30,8,130,"15/30","22nm","FCLGA12","CM8063601272006",3760235,null,4541.0526315789475,30]
[null,"Xeon® MP 10C","E7-8850v2",2.2999999999999998,24,7.2,105,"12/24","22nm","FCLGA12","CM8063601272306",3760237,null,3009.4736842105262,30]
[null,"Xeon® MP 10C","E7-8880Lv2",2.2000000000000002,37.5,8,105,"15/30","22nm","FCLGA12","CM8063601275812",3760234,null,5635.7894736842109,30]
[null,"Xeon® MP 10C","E7-8857v2",3,30,8,130,"12/12","22nm","FCLGA12","CM8063601275912",3760236,null,3775.7894736842109,30]
[null,"Xeon® MP 8C","E7-4890v2",2.8,37.5,8,155,"15/30","22nm","FCLGA12","CM8063601272412",3760238,null,6511.5789473684217,30]
[null,"Xeon® MP 8C","E7-4880v2",2.5,37.5,8,130,"15/30","22nm","FCLGA12","CM8063601272512",3760239,null,5416.8421052631584,30]
[null,"Xeon® MP 6C","E7-4870v2",2.2999999999999998,30,8,130,"15/30","22nm","FCLGA12","CM8063601272606",3760240,null,4323.1578947368425,30]
[null,"Xeon® MP 6C","E7-4860v2",2.6,30,8,130,"12/24","22nm","FCLGA12","CM8063601453406",3760241,null,3775.7894736842109,30]
[null,"Xeon® MP 6C","E7-4850v2",2.2999999999999998,24,7.2,105,"12/24","22nm","FCLGA12","CM8063601272906",3760242,null,2790.5263157894738,30]
[null,"Xeon® MP 6C","E7-4830v2",2.2000000000000002,20,7.2,105,"10/20","22nm","FCLGA12","CM8063601374506",3760243,null,2025.2631578947369,30]
[null,"Xeon® MP 6C","E7-4820v2",2,16,7.2,105,"8/16","22nm","FCLGA12","CM8063601521707",3760244,null,1422.1052631578948,20]
[null,"Xeon® MP 6C","E7-4809v2",1.9,12,6.4,105,"6/12","22nm","FCLGA12","CM8063601537106",3760245,null,1203.1578947368421,""]
[null,"Xeon® MP 6C","E7-2890v2",2.8,37.5,8,155,"15/30","22nm","FCLGA12","CM8063601375306",3760246,null,1203.1578947368421,""]
[null,"Xeon® MP 6C","E7-2880v2",2.5,37.5,8,130,"15/30","22nm","FCLGA12","CM8063601273306",3760247,null,1203.1578947368421,""]
[null,"Xeon® MP 6C","E7-2870v2",2.2999999999999998,30,8,130,"15/30","22nm","FCLGA12","CM8063601273406",3760248,null,1203.1578947368421,""]
[null,"Xeon® MP 6C","E7-2850v2",2.2999999999999998,24,7.2,105,"12/24","22nm","FCLGA12","CM8063601275706",3760249,null,1203.1578947368421,""]
[]
[null,"Westmere-EX",null,null,null,null,null,null,null,null,null,null,null,null,"Intel ITP Points"]
[null,null,"Proc #","Freq (Ghz)","Cache (M)","QPI (GT/s)","TDP (W)","Cores/Threads","Nm Tech","Socket","Part #","SKU #",null,"Price"]
[null,"Xeon® MP 10C","E7-8870",2.4,30,6.4,130,"10/20","32nm","LGA 1567","AT80615005757AB",2969959,null,4541.0526315789475,""]
[null,"Xeon® MP 10C LV","E7-8867L",2.13,30,6.4,105,"10/20","32nm","LGA 1567","AT80615007002AB",3007863,null,4104.21052631579,""]
[null,"Xeon® MP 10C","E7-8860",2.2599999999999998,24,6.4,130,"10/20","32nm","LGA 1567","AT80615005760AB",3039747,null,3994.7368421052633,""]
[null,"Xeon® MP 10C","E7-8850",2,24,6.4,130,"10/20","32nm","LGA 1567","AT80615007446AA",2964181,null,3009.4736842105262,""]
[null,"Xeon® MP 8C","E7-8837",2.66,24,6.4,130,"8/8","32nm","LGA 1567","AT80615006750AB",3030066,null,2243.1578947368421,""]
[null,"Xeon® MP 8C","E7-8830",2.13,24,6.4,105,"8/16","32nm","LGA 1567","AT80615005826AB",3051554,null,2243.1578947368421,""]
[null,"Xeon® MP 10C","E7-4870",2.4,30,6.4,130,"10/20","32nm","LGA 1567","AT80615007263AA",3005990,null,4323.1578947368425,""]
[null,"Xeon® MP 10C","E7-4860",2.2599999999999998,24,6.4,130,"10/20","32nm","LGA 1567","AT80615007254AA",2993476,null,3775.7894736842109,""]
[null,"Xeon® MP 10C","E7-4850",2,24,6.4,130,"10/20","32nm","LGA 1567","AT80615007449AA",2947032,null,2790.5263157894738,""]
[null,"Xeon® MP 8C","E7-4830",2.13,24,6.4,105,"8/16","32nm","LGA 1567","AT80615007089AA",2947031,null,2025.2631578947369,""]
[null,"Xeon® MP 8C","E7-4820",2,18,5.86,105,"8/16","32nm","LGA 1567","AT80615005772AC",2947030,null,1422.1052631578948,""]
[null,"Xeon® MP 6C","E7-4807",1.86,18,4.8,95,"6/12","32nm","LGA 1567","AT80615006432AB",2947029,null,875.78947368421052,""]
[null,"Xeon® MP 10C","E7-2870",2.4,30,6.4,130,"10/20","32nm","LGA 1567","AT80615007266AA",2959997,null,4157.8947368421059,""]
[null,"Xeon® MP 10C","E7-2860",2.2599999999999998,24,6.4,130,"10/20","32nm","LGA 1567","AT80615005781AB",2959998,null,3610.5263157894738,""]
[null,"Xeon® MP 10C","E7-2850",2,24,6.4,130,"10/20","32nm","LGA 1567","AT80615007452AA",2959999,null,2516.8421052631579,""]
[null,"Xeon® MP 8C","E7-2830",2.13,24,6.4,105,"8/16","32nm","LGA 1567","AT80615005787AB",2960000,null,1750.5263157894738,""]
[null,"Xeon® MP 8C","E7-2820",2,18,5.86,105,"8/16","32nm","LGA 1567","AT80615007245AA",2960001,null,1312.6315789473686,""]
[null,"Xeon® MP 6C","E7-2803",1.73,18,4.8,105,"6/12","32nm","LGA 1567","AT80615006438AB",2960002,null,761.0526315789474,""]
[]
[null,"IvyBridge-EP-4S",null,null,null,null,null,null,null,null,null,null,null,null,"Intel ITP Points"]
[null,null,"Proc #","Freq (Ghz)","Cache (M)","QPI (GT/s)","TDP (W)","Cores/Threads","Nm Tech","Socket","Part #","SKU #",null,"Price"]
[null,"Xeon® MP 10C","E5-4650V2",2.4,25,8,95,"10/20","22nm","LGA 2011","CM8063501541700",3777836,null,3556.8421052631579,10]
[null,"Xeon® MP 10C","E5-4640V2",2.2000000000000002,20,8,95,"10/20","22nm","LGA 2011","CM8063501285713",3777837,null,2681.0526315789475,10]
[null,"Xeon® MP 8C","E5-4627V2",3.3,16,7.2,130,"8/8","22nm","LGA 2011","CM8063501454002",3777842,null,2073.6842105263158,10]
[null,"Xeon® MP 8C","E5-4620V2",2.6,20,7.2,95,"8/16","22nm","LGA 2011","CM8063501393202",3777838,null,1585.2631578947369,10]
[null,"Xeon® MP 8C","E5-4610V2",2.2999999999999998,16,7.2,95,"8/16","22nm","LGA 2011","CM8063501521600",3777839,null,1198.9473684210527,10]
[null,"Xeon® MP 6C","E5-4607V2",2.6,15,6.4,95,"6/12","22nm","LGA 2011","CM8063501377604",3777840,null,870.52631578947376,10]
[null,"Xeon® MP 4C","E5-4603V2",2.2000000000000002,10,6.4,95,"4/8","22nm","LGA 2011","CM8063501453800",3777841,null,857.89473684210532,10]
[null,"Xeon® MP 12C","E5-4657LV2",2.4,30,8,115,"12/24","22nm","LGA 2011","CM8063501285605",3777835,null,4323.1578947368425,10]
[null,"Xeon® MP 10C","E5-4624LV2",1.9,25,8,70,"10/20","22nm","LGA 2011","CM8063501293407",null,null,1947.3684210526317,10]
[]
[null,"SandyBridge-EP-4S",null,null,null,null,null,null,null,null,null,null,null,null,"Intel ITP Points"]
[null,null,"Proc #","Freq (Ghz)","Cache (M)","QPI (GT/s)","TDP (W)","Cores/Threads","Nm Tech","Socket","Part #","SKU #",null,"Price"]
[null,"Xeon® MP 8C","E5-4650",2.7,20,8,130,"8/16","32nm","LGA 2011","CM8062101229200",3295508,null,3556.8421052631579,""]
[null,"Xeon® MP 8C","E5-4640",2.4,20,8,95,"8/16","32nm","LGA 2011","CM8062101229400",3295509,null,2681.0526315789475,""]
[null,"Xeon® MP 8C","E5-4620",2.2000000000000002,16,7.2,95,"8/16","32nm","LGA 2011","CM8062101145500",3295510,null,1585.2631578947369,""]
[null,"Xeon® MP 6C","E5-4617",2.9,15,7.2,130,"6/6","32nm","LGA 2011","CM8062101145700",3424453,null,1585.2631578947369,""]
[null,"Xeon® MP 6C","E5-4610",2.4,15,7.2,95,"6/12","32nm","LGA 2011","CM8062100862401",3295512,null,1198.9473684210527,""]
[null,"Xeon® MP 6C","E5-4607",2.2000000000000002,12,6.4,95,"6/12","32nm","LGA 2011","CM8062101038501",3295513,null,870.52631578947376,""]
[null,"Xeon® MP 4C","E5-4603",2,10,6.4,95,"4/8","32nm","LGA 2011","CM8062101190400",3295514,null,542.1052631578948,""]
[null,"Xeon® MP 8C LV","E5-4650L",2.6,20,8,115,"8/16","32nm","LGA 2011","CM8062101229300",3192521,null,3556.8421052631579,""]
[]
[null,"Haswell-EP",null,null,null,null,null,null,null,null,null,null,null,null,"Intel ITP Points"]
[null,null,"Proc #","Freq (Ghz)","Cache (M)","QPI (GT/s)","TDP (W)","Cores/Threads","Nm Tech","Socket","Part #","SKU #",null,"Price"]
[null,"Xeon® DP 18C","E5-2699V3",2.2999999999999998,45,9.6,145,"18/36","22nm","FCLGA2011","CM8064401739300 ",3926161,null,4048.4210526315792,""]
[null,"Xeon® DP 18C","E5-2698V3",2.2999999999999998,40,9.6,135,"18/36","22nm","FCLGA2011","CM8064401609800",3926162,null,3173.6842105263158,""]
[null,"Xeon® DP 14C","E5-2697V3",2.6,35,9.6,145,"14/28","22nm","FCLGA2011","CM8064401807100",3926163,null,2657.8947368421054,""]
[null,"Xeon® DP 14C","E5-2695V3",2.2999999999999998,35,9.6,120,"14/28","22nm","FCLGA2011","CM8064401438110",3926164,null,2384.2105263157896,""]
[null,"Xeon® DP 12C","E5-2690V3",2.6,30,9.6,135,"12/24","22nm","FCLGA2011","CM8064401439416",3926165,null,2055.7894736842104,""]
[null,"Xeon® DP 10C","E5-2687WV3",3.1,25,9.6,160,"10/20","22nm","FCLGA2011","CM8064401613502",3926182,null,2106.3157894736842,""]
[null,"Xeon® DP 12C","E5-2685V3",2.6,30,9.6,120,"12/24","22nm","FCLGA2011","CM8064401684201",null,null,2055.7894736842104,""]
[null,"Xeon® DP 14C","E5-2683V3",2,35,9.6,120,"14/28","22nm","FCLGA2011","CM8064401609728",3926177,null,1815.7894736842106,""]
[null,"Xeon® DP 12C","E5-2680V3",2.5,30,9.6,120,"12/24","22nm","FCLGA2011","CM8064401439612",3926166,null,1716.8421052631579,""]
[null,"Xeon® DP 12C","E5-2670V3",2.2999999999999998,30,9.6,120,"12/24","22nm","FCLGA2011","CM8064401544801",3926167,null,1563.1578947368421,""]
[null,"Xeon® DP 8C","E5-2667V3",3.2,20,9.6,135,"8/16","22nm","FCLGA2011","CM8064401724301",3926178,null,2023.1578947368423,""]
[null,"Xeon® DP 10C","E5-2660V3",2.6,25,9.6,105,"10/20","22nm","FCLGA2011","CM8064401446117",3926168,null,1421.0526315789475,""]
[null,"Xeon® DP 10C","E5-2650V3",2.2999999999999998,25,9.6,105,"10/20","22nm","FCLGA2011","CM8064401723701",3926169,null,1147.3684210526317,""]
[null,"Xeon® DP 12C","E5-2650LV3",1.8,30,9.6,65,"12/24","22nm","FCLGA2011","CM8064401575702",3926175,null,1307.3684210526317,""]
[null,"Xeon® DP 6C","E5-2643V3",3.4,30,9.6,135,"6/12","22nm","FCLGA2011","CM8064401724501 ",3968821,null,1526.3157894736844,""]
[null,"Xeon® DP 8C","E5-2640V3",2.6,20,9.6,90,"8/16","22nm","FCLGA2011","CM8064401830901",3926170,null,924.21052631578948,""]
[null,"Xeon® DP 4C","E5-2637V3",3.5,15,9.6,135,"4/8","22nm","FCLGA2011","CM8064401724101",3926180,null,980,""]
[null,"Xeon® DP 8C","E5-2630V3",2.4,20,8,85,"8/16","22nm","FCLGA2011","CM8064401831000",3926171,null,655.78947368421052,""]
[null,"Xeon® DP 8C","E5-2630LV3",1.8,20,8,55,"8/16","22nm","FCLGA2011","CM8064401832100",3926176,null,602.1052631578948,""]
[null,"Xeon® DP 6C","E5-2623V3",3,10,8,105,"4/8","22nm","FCLGA2011","CM8064401832000",3926181,null,436.84210526315792,""]
[null,"Xeon® DP 6C","E5-2620V3",2.4,15,8,85,"6/12","22nm","FCLGA2011","CM8064401831400",3926172,null,410.5263157894737,""]
[null,"Xeon® DP 6C","E5-2609V3",1.9,15,6.4,85,"6/6","22nm","FCLGA2011","CM8064401850800",3926173,null,301.0526315789474,""]
[null,"Xeon® DP 6C","E5-2603V3",1.6,15,6.4,85,"6/6","22nm","FCLGA2011","CM8064401844200",3926174,null,209.47368421052633,""]
[]
[null,"IvyBridge-EP",null,null,null,null,null,null,null,null,null,null,null,null,"Intel ITP Points"]
[null,null,"Proc #","Freq (Ghz)","Cache (M)","QPI (GT/s)","TDP (W)","Cores/Threads","Nm Tech","Socket","Part #","SKU #",null,"Price"]
[null,"Xeon® DP 12C","E5-2697V2",2.7,30,8,130,"12/24","22nm","LGA 2011","CM8063501288843",3618691,null,2571.5789473684213,10]
[null,"Xeon® DP 12C","E5-2695V2",2.4,30,8,115,"12/24","22nm","LGA 2011","CM8063501288706",3618692,null,2297.8947368421054,10]
[null,"Xeon® DP 10C","E5-2690V2",3,25,8,130,"10/20","22nm","LGA 2011","CM8063501374802",3618693,null,2023.1578947368423,10]
[null,"Xeon® DP 10C","E5-2680V2",2.8,25,8,115,"10/20","22nm","LGA 2011","CM8063501374901",3618694,null,1694.7368421052633,10]
[null,"Xeon® DP 10C","E5-2670V2",2.5,25,8,115,"10/20","22nm","LGA 2011","CM8063501375000",3618695,null,1526.3157894736844,10]
[null,"Xeon® DP 10C","E5-2660V2",2.2000000000000002,25,8,95,"10/20","22nm","LGA 2011","CM8063501452503",3618696,null,1366.3157894736842,10]
[null,"Xeon® DP 8C","E5-2650V2",2.6,20,8,95,"8/16","22nm","LGA 2011","CM8063501375101",3618697,null,1147.3684210526317,10]
[null,"Xeon® DP 8C","E5-2640V2",2,20,7.2,95,"8/16","22nm","LGA 2011","CM8063501288202",3618698,null,870.52631578947376,10]
[null,"Xeon® DP 6C","E5-2630V2",2.6,15,7.2,80,"6/12","22nm","LGA 2011","CM8063501288100",3618699,null,602.1052631578948,10]
[null,"Xeon® DP 6C","E5-2620V2",2.1,15,7.2,80,"6/12","22nm","LGA 2011","CM8063501288301",3618700,null,398.94736842105266,10]
[null,"Xeon® DP 4C","E5-2609V2",2.5,10,6.4,80,"4/4","22nm","LGA 2011","CM8063501375800",3618701,null,289.47368421052636,10]
[null,"Xeon® DP 4C","E5-2603V2",1.8,10,6.4,80,"4/4","22nm","LGA 2011","CM8063501375902",3618702,null,198.94736842105263,10]
[null,"Xeon® DP 8C","E5-2667V2",3.3,25,8,130,"8/16","22nm","LGA 2011","CM8063501287304",3618750,null,2023.1578947368423,10]
[null,"Xeon® DP 6C","E5-2643V2",3.5,25,8,130,"6/12","22nm","LGA 2011","CM8063501287403",3618637,null,1526.3157894736844,10]
[null,"Xeon® DP 4C","E5-2637V2",3.5,15,8,130,"4/8","22nm","LGA 2011","CM8063501520800",3618751,null,980,10]
[null,"Xeon® DP 10C LV","E5-2650LV2",1.7,25,7.2,70,"10/20","22nm","LGA 2011","CM8063501287602",3618704,null,1198.9473684210527,10]
[null,"Xeon® DP 6C LV","E5-2630LV2",2.4,15,7.2,60,"6/12","22nm","LGA 2011","CM8063501376200  ",3618749,null,602.1052631578948,""]
[]
[null,"SandyBridge-EP",null,null,null,null,null,null,null,null,null,null,null,null,"Intel ITP Points"]
[null,null,"Proc #","Freq (Ghz)","Cache (M)","QPI (GT/s)","TDP (W)","Cores/Threads","Nm Tech","Socket","Part #","SKU #",null,"Price"]
[null,"Xeon® DP 8C","E5-2690",2.9,20,8,135,"8/16","32nm","LGA 2011","CM8062101122501",3155720,null,2023.1578947368423,""]
[null,"Xeon® DP 8C","E5-2680",2.7,20,8,130,"8/16","32nm","LGA 2011","CM8062107184424",3155721,null,1694.7368421052633,""]
[null,"Xeon® DP 8C","E5-2670",2.6,20,8,115,"8/16","32nm","LGA 2011","CM8062101082713",3024450,null,1526.3157894736844,""]
[null,"Xeon® DP 8C","E5-2665",2.4,20,8,115,"8/16","32nm","LGA 2011","CM8062101143101",3139008,null,1416.8421052631579,""]
[null,"Xeon® DP 8C","E5-2660",2.2000000000000002,20,8,95,"8/16","32nm","LGA 2011","CM8062107184801",3154995,null,1307.3684210526317,""]
[null,"Xeon® DP 8C","E5-2650",2,20,8,95,"8/16","32nm","LGA 2011","CM8062100856218",3133868,null,1089.4736842105265,""]
[null,"Xeon® DP 6C","E5-2640",2.5,15,7.2,95,"6/12","32nm","LGA 2011","CM8062100856401",3155724,null,870.52631578947376,""]
[null,"Xeon® DP 6C","E5-2630",2.2999999999999998,15,7.2,95,"6/12","32nm","LGA 2011","CM8062101038801",3155726,null,602.1052631578948,""]
[null,"Xeon® DP 6C","E5-2620",2,15,7.2,95,"6/12","32nm","LGA 2011","CM8062101048401",3134828,null,398.94736842105266,""]
[null,"Xeon® DP 4C","E5-2609",2.4,10,6.4,80,"4/4","32nm","LGA 2011","CM8062107186604",3155727,null,289.47368421052636,""]
[null,"Xeon® DP 4C","E5-2603",1.8,10,6.4,80,"4/4","32nm","LGA 2011","CM8062100856501",3155728,null,198.94736842105263,""]
[null,"Xeon® DP 6C","E5-2667",2.9,15,8,130,"6/12","32nm","LGA 2011","CM8062100854802",3155722,null,1526.3157894736844,""]
[null,"Xeon® DP 4C","E5-2643",3.3,10,8,130,"4/8","32nm","LGA 2011","CM8062107185605",3155723,null,870.52631578947376,""]
[null,"Xeon® DP 2C","E5-2637",3,5,8,80,"2/4","32nm","LGA 2011","CM8062101143202",3155725,null,870.52631578947376,""]
[null,"Xeon® DP 8C LV","E5-2650L",1.8,20,8,70,"8/16","32nm","LGA 2011","CM8062107185309",3155729,null,1089.4736842105265,""]
[null,"Xeon® DP 6C LV","E5-2630L",2,15,7.2,60,"6/12","32nm","LGA 2011","CM8062107185405",3155730,null,651.57894736842104,""]
[]
[null,null,null,"Entry Level (EN)"]
[]
[null,"IvyBridge-DP-EN",null,null,null,null,null,null,null,null,null,null,null,null,"Intel ITP Points"]
[null,null,"Proc #","Freq (Ghz)","Cache (M)","QPI (GT/s)","TDP (W)","Cores/Threads","Nm Tech","Socket","Part #","SKU #",null,"Price"]
[null,"Xeon® DP 8C","E5-2470V2",2.4,25,8,95,"10/20","22nm","LGA1356","CM8063401286102",3707642,null,1416.8421052631579,10]
[null,"Xeon® DP 8C","E5-2450V2",2.5,20,8,95,"8/16","22nm","LGA1356","CM8063401376400",3746576,null,1089.4736842105265,10]
[null,"Xeon® DP 8C","E5-2440V2",1.9,20,7.2,95,"8/16","22nm","LGA1356","CM8063401286303 ",3746577,null,818.94736842105272,""]
[null,"Xeon® DP 6C","E5-2430V2",2.5,15,7.2,80,"6/12","22nm","LGA1356","CM8063401286400",3746588,null,542.1052631578948,10]
[null,"Xeon® DP 6C","E5-2420V2",2.2000000000000002,15,7.2,80,"6/12","22nm","LGA1356","CM8063401286503 ",3746589,null,398.94736842105266,""]
[null,"Xeon® DP 4C","E5-2407V2",2.4,10,6.4,80,"4/4","22nm","LGA1356","CM8063401286600 ",3746580,null,246.31578947368422,""]
[null,"Xeon® DP 4C","E5-2403V2",1.8,10,6.4,80,"4/4","22nm","LGA1356","CM8063401286702 ",3746581,null,188.42105263157896,""]
[null,"Xeon® DP 10C LV","E5-2450LV2",1.7,25,8,60,"10/20","22nm","LGA1356","CM8063401287001 ",3746582,null,1198.9473684210527,""]
[null,"Xeon® DP 6C LV","E5-2430LV2",2.4,15,7.2,60,"6/12","22nm","LGA1356","CM8063401376704",3746583,null,602.1052631578948,10]
[]
[null,"SandyBridge-DP-EN",null,null,null,null,null,null,null,null,null,null,null,null,"Intel ITP Points"]
[null,null,"Proc #","Freq (Ghz)","Cache (M)","QPI (GT/s)","TDP (W)","Cores/Threads","Nm Tech","Socket","Part #","SKU #",null,"Price"]
[null,"Xeon® DP 8C","E5-2470",2.2999999999999998,20,8,95,"8/16","32nm","LGA 1356","CM8062007187242",3226896,null,1416.8421052631579,""]
[null,"Xeon® DP 8C","E5-2450",2.1,20,8,95,"8/16","32nm","LGA 1356","CM8062000862501",3226897,null,1089.4736842105265,""]
[null,"Xeon® DP 6C","E5-2440",2.4,15,7.2,95,"6/12","32nm","LGA 1356","CM8062000862604",3226898,null,818.94736842105272,""]
[null,"Xeon® DP 6C","E5-2430",2.2000000000000002,15,7.2,95,"6/12","32nm","LGA 1356","CM8062001122601",3226899,null,542.1052631578948,""]
[null,"Xeon® DP 6C","E5-2420",1.9,15,7.2,95,"6/12","32nm","LGA 1356","CM8062001183000",3226900,null,381.0526315789474,""]
[null,"Xeon® DP 4C","E5-2407",2.2000000000000002,10,6.4,80,"4/4","32nm","LGA 1356","CM8062001048200",3226901,null,246.31578947368422,""]
[null,"Xeon® DP 4C","E5-2403",1.8,10,6.4,80,"4/4","32nm","LGA 1356","CM8062001048300",3226902,null,188.42105263157896,""]
[null,"Xeon® DP 8C LV","E5-2450L",1.8,20,8,70,"8/16","32nm","LGA 1356","CM8062007283711",3226903,null,1089.4736842105265,""]
[null,"Xeon® DP 6C LV","E5-2430L",2,15,7.2,60,"6/12","32nm","LGA 1356","CM8062000862912",3226904,null,651.57894736842104,""]
[]
[null,"Haswell-UP-EN Refresh",null,null,null,null,null,null,null,null,null,null,null,null,"Intel ITP Points"]
[null,null,"Proc #","Freq (Ghz)","Cache (M)","QPI (GT/s)","TDP (W)","Cores/Threads","Nm Tech","Socket","Part #","SKU #",null,"Price"]
[null,"Xeon® UP QC","E3-1286V3",3.7,8,null,84,"4/8","22nm","LGA 1150","CM8064601575203 ",3866538,null,651.57894736842104,""]
[null,"Xeon® UP QC","E3-1281V3",3.7,8,null,82,"4/8","22nm","LGA 1150","CM8064601575329",3866539,null,602.1052631578948,""]
[null,"Xeon® UP QC","E3-1276V3",3.6,8,null,84,"4/8","22nm","LGA 1150","CM8064601575216",3866543,null,333.68421052631578,""]
[null,"Xeon® UP QC","E3-1271V3",3.6,8,null,80,"4/8","22nm","LGA 1150","CM8064601575330",3866540,null,323.15789473684214,""]
[null,"Xeon® UP QC","E3-1246V3",3.5,8,null,84,"4/8","22nm","LGA 1150","CM8064601575205",3866544,null,271.57894736842104,""]
[null,"Xeon® UP QC","E3-1241V3",3.5,8,null,80,"4/8","22nm","LGA 1150","CM8064601575331",3866541,null,257.89473684210526,""]
[null,"Xeon® UP QC","E3-1231V3",3.4,8,null,80,"4/8","22nm","LGA 1150","CM8064601575332",3866542,null,235.78947368421055,""]
[null,"Xeon® UP QC","E3-1226V3",3.3,8,null,84,"4/4","22nm","LGA 1150","CM8064601575206",3866545,null,209.47368421052633,""]
[null,"Xeon® UP QC LV","E3-1286LV3",3.2,8,null,65,"4/8","22nm","LGA 1150","CM8064601575204",3866546,null,761.0526315789474,""]
[null,"Xeon® UP QC LV","E3-1275LV3",2.7,8,null,45,"4/8","22nm","LGA 1150","CM8064601575224",3866547,null,323.15789473684214,""]
[null,"Xeon® UP QC LV","E3-1240LV3",2,8,null,25,"4/8","22nm","LGA 1150","CM8064601575341",3866548,null,273.68421052631578,5]
[]
[null,"Haswell-UP-EN",null,null,null,null,null,null,null,null,null,null,null,null,"Intel ITP Points"]
[null,null,"Proc #","Freq (Ghz)","Cache (M)","QPI (GT/s)","TDP (W)","Cores/Threads","Nm Tech","Socket","Part #","SKU #",null,"Price"]
[null,"Xeon® UP QC","E3-1285V3",3.6,8,null,84,"4/8","22nm","LGA 1150","CM8064601466703",3566302,null,651.57894736842104,5]
[null,"Xeon® UP QC","E3-1280V3",3.6,8,null,80,"4/8","22nm","LGA 1150","CM8064601467001",3566303,null,602.1052631578948,5]
[null,"Xeon® UP QC","E3-1275V3",3.5,8,null,84,"4/8","22nm","LGA 1150","CM8064601466508",3566308,null,333.68421052631578,5]
[null,"Xeon® UP QC","E3-1270V3",3.5,8,null,80,"4/8","22nm","LGA 1150","CM8064601467101",3566304,null,323.15789473684214,5]
[null,"Xeon® UP QC","E3-1245V3",3.4,8,null,84,"4/8","22nm","LGA 1150","CM8064601466509",3566309,null,271.57894736842104,5]
[null,"Xeon® UP QC","E3-1240V3",3.4,8,null,80,"4/8","22nm","LGA 1150","CM8064601467102",3566305,null,261.0526315789474,5]
[null,"Xeon® UP QC","E3-1230V3",3.3,8,null,80,"4/8","22nm","LGA 1150","CM8064601467202",3566306,null,235.78947368421055,5]
[null,"Xeon® UP QC","E3-1225V3",3.2,8,null,84,"4/4","22nm","LGA 1150","CM8064601466510",3744656,null,209.47368421052633,5]
[null,"Xeon® UP QC","E3-1220V3",3.1,8,null,80,"4/4","22nm","LGA 1150","CM8064601467204",3566307,null,189.47368421052633,""]
[null,"Xeon® UP QC LV","E3-1285LV3",3.1,8,null,65,"4/8","22nm","LGA 1150","CM8064601466804",3746139,null,761.0526315789474,5]
[null,"Xeon® UP QC LV","E3-1265LV3",2.5,8,null,45,"4/8","22nm","LGA 1150","CM8064601467406",3567814,null,289.47368421052636,5]
[null,"Xeon® UP QC LV","E3-1230LV3",1.8,8,null,25,"4/8","22nm","LGA 1150","CM8064601467601",3575791,null,246.31578947368422,5]
[null,"Xeon® UP LV","E3-1220LV3",1.6,4,null,16,"2/4","22nm","LGA 1150","CM8064601481914",3706363,null,189.47368421052633,5]
[]
[]
[null,"IvyBridge-UP-EN",null,null,null,null,null,null,null,null,null,null,null,null,"Intel ITP Points"]
[null,null,"Proc #","Freq (Ghz)","Cache (M)","QPI (GT/s)","TDP (W)","Cores/Threads","Nm Tech","Socket","Part #","SKU #",null,"Price"]
[null,"Xeon® UP QC","E3-1290V2",3.7,8,null,87,"4/8","22nm","LGA 1155","CM8063701099101",3226905,null,870.52631578947376,""]
[null,"Xeon® UP QC","E3-1280V2",3.6,8,null,69,"4/8","22nm","LGA 1155","CM8063701098404",3226906,null,602.1052631578948,""]
[null,"Xeon® UP QC","E3-1275V2",3.5,8,null,77,"4/8","22nm","LGA 1155","CM8063701098702",3226907,null,333.68421052631578,""]
[null,"Xeon® UP QC","E3-1270V2",3.5,8,null,69,"4/8","22nm","LGA 1155","CM8063701098301",3226908,null,323.15789473684214,""]
[null,"Xeon® UP QC","E3-1245V2",3.4,8,null,77,"4/8","22nm","LGA 1155","CM8063701098602",3226912,null,262.10526315789474,""]
[null,"Xeon® UP QC","E3-1240V2",3.4,8,null,69,"4/8","22nm","LGA 1155","CM8063701098201",3226909,null,246.31578947368422,""]
[null,"Xeon® UP QC","E3-1230V2",3.3,8,null,69,"4/8","22nm","LGA 1155","CM8063701098101",3226910,null,215.78947368421055,""]
[null,"Xeon® UP QC","E3-1225V2",3.2,8,null,77,"4/4","22nm","LGA 1155","CM8063701160603",3226913,null,209.47368421052633,""]
[null,"Xeon® UP QC","E3-1220V2",3.1,8,null,69,"4/8","22nm","LGA 1155","CM8063701160503",3226911,null,189.47368421052633,""]
[null,"Xeon® UP QC LV","E3-1265LV2",2.5,8,null,45,"4/8","22nm","LGA 1155","CM8063701098906",3226914,null,289.47368421052636,""]
[null,"Xeon® UP DC LV","E3-1220LV2",2.2000000000000002,3,null,17,"2/4","22nm","LGA 1155","CM8063701099001",3226915,null,189.47368421052633,""]
[]
[null,"SandyBridge-UP-EN",null,null,null,null,null,null,null,null,null,null,null,null,"Intel ITP Points"]
[null,null,"Proc #","Freq (Ghz)","Cache (M)","QPI (GT/s)","TDP (W)","Cores/Threads","Nm Tech","Socket","Part #","SKU #",null,"Price"]
[null,"Xeon® UP QC","E3-1280",3.5,8,null,95,"4/8","32nm","LGA 1155","CM8062307261903",2878752,null,602.1052631578948,""]
[null,"Xeon® UP QC","E3-1275",3.4,8,null,95,"4/8","32nm","LGA 1155","CM8062307262003",2878757,null,333.68421052631578,""]
[null,"Xeon® UP QC","E3-1270",3.4,8,null,80,"4/8","32nm","LGA 1155","CM8062307262403",2878753,null,323.15789473684214,""]
[null,"Xeon® UP QC","E3-1245",3.3,8,null,95,"4/8","32nm","LGA 1155","CM8062307262103",2878758,null,257.89473684210526,""]
[null,"Xeon® UP QC","E3-1240",3.3,8,null,80,"4/8","32nm","LGA 1155","CM8062307262503",2878754,null,246.31578947368422,""]
[null,"Xeon® UP QC","E3-1235",3.2,8,null,95,"4/8","32nm","LGA 1155","CM8062307262206",2878759,null,235.78947368421055,""]
[null,"Xeon® UP QC","E3-1230",3.2,8,null,80,"4/8","32nm","LGA 1155","CM8062307262610",2878755,null,215.78947368421055,""]
[null,"Xeon® UP QC","E3-1225",3.1,6,null,95,"4/4","32nm","LGA 1155","CM8062307262304",2878760,null,194.73684210526318,""]
[null,"Xeon® UP QC","E3-1220",3.1,8,null,80,"4/8","32nm","LGA 1155","CM8062300921702",2878756,null,189.47368421052633,""]
[null,"Xeon® UP DC LV","E3-1260L",2.4,8,null,45,"4/8","32nm","LGA 1155","CM8062301061800",2878761,null,289.47368421052636,""]
[]
[null,null,null,"WorkStation (WS)"]
[]
[null,"Haswell-WS-EP",null,null,null,null,null,null,null,null,null,null,null,null,"Intel ITP Points"]
[null,null,"Proc #","Freq (Ghz)","Cache (M)","QPI (GT/s)","TDP (W)","Cores/Threads","Nm Tech","Socket","Part #","SKU #",null,"Price"]
[null,"Xeon® DP 10C","E5-2687WV3",3.1,25,9.6,160,"10/20","22nm","FCLGA2011","CM8064401613502",3926182,null,2106.3157894736842,""]
[null,"Xeon® WS 8C","E5-1680V3",3.2,20,null,140,"8/16","22nm","FCLGA2011","CM8064401547809",3958445,null,1694.7368421052633,""]
[null,"Xeon® WS 8C","E5-1660V3",3,20,null,140,"8/16","22nm","FCLGA2011","CM8064401909200",3958446,null,1062.1052631578948,""]
[null,"Xeon® WS 6C","E5-1650V3",3.5,15,null,140,"6/12","22nm","FCLGA2011","CM8064401548111",3958447,null,573.68421052631584,""]
[null,"Xeon® WS 4C","E5-1630V3",3.7,10,null,140,"4/8","22nm","FCLGA2011","CM8064401614501",3958448,null,366.31578947368422,""]
[null,"Xeon® WS 4C","E5-1620V3",3.5,10,null,140,"4/8","22nm","FCLGA2011","CM8064401973600",3958449,null,289.47368421052636,""]
[null,"Xeon® WS 4C","E5-1607V3",3.1,10,null,140,"4/4","22nm","FCLGA2011","CM8064401736303",null,null,250.5263157894737,""]
[null,"Xeon® WS 4C","E5-1603V3",2.8,10,null,140,"4/4","22nm","FCLGA2011","CM8064401548605",null,null,198.94736842105263,""]
[]
[null,"IvyBridge-WS-EP",null,null,null,null,null,null,null,null,null,null,null,null,"Intel ITP Points"]
[null,null,"Proc #","Freq (Ghz)","Cache (M)","QPI (GT/s)","TDP (W)","Cores/Threads","Nm Tech","Socket","Part #","SKU #",null,"Price"]
[null,"Xeon® DP 8C","E5-2687WV2",3.4,25,8,150,"8/16","22nm","LGA 2011","CM8063501287203",3618752,null,2073.6842105263158,10]
[null,"Xeon® WS 8C","E5-1680V2",3,25,null,130,"8/16","22nm","LGA 2011","CM8063501564301",null,null,1694.7368421052633,""]
[null,"Xeon® WS 6C","E5-1660V2",3.7,15,null,130,"6/12","22nm","LGA 2011","CM8063501291808",3661279,null,1062.1052631578948,10]
[null,"Xeon® WS 6C","E5-1650V2",3.5,12,null,130,"6/12","22nm","LGA 2011","CM8063501292204",3634192,null,573.68421052631584,10]
[null,"Xeon® WS 4C","E5-1620V2",3.7,10,null,130,"4/8","22nm","LGA 2011","CM8063501292405",3661283,null,289.47368421052636,10]
[null,"Xeon® WS 4C","E5-1607V2",3,10,null,130,"4/4","22nm","LGA 2011","CM8063501376801",null,null,240,10]
[]
[null,"SandyBridge-WS-EP",null,null,null,null,null,null,null,null,null,null,null,null,"Intel ITP Points"]
[null,null,"Proc #","Freq (Ghz)","Cache (M)","QPI (GT/s)","TDP (W)","Cores/Threads","Nm Tech","Socket","Part #","SKU #",null,"Price"]
[null,"Xeon® DP 8C","E5-2687W",3.1,20,8,150,"8/16","32nm","LGA 2011","CM8062107184308",3155719,null,1854.7368421052633,""]
[null,"Xeon® WS 6C","E5-1660",3.3,15,null,130,"6/12","32nm","LGA 2011","CM8062107284111",3155731,null,1062.1052631578948,""]
[null,"Xeon® WS 6C","E5-1650",3.2,12,null,130,"6/12","32nm","LGA 2011","CM8062101102002",3155732,null,573.68421052631584,""]
[null,"Xeon® WS 4C","E5-1620",3.6,10,null,130,"4/8","32nm","LGA 2011","CM8062101038606",3155733,null,289.47368421052636,""]
[]
[]
[null,"Intel Xeon PHI \nIntel Xeon PHI CPUs come with a 1 year Distributor Warranty"]
[null,"Knights Corner",null,null,null,null,null,null,null,null,null,null,null,null,"Intel ITP Points"]
[null,null,"Sku","Cores","Core Freq (GHz)","Memory Size (GB)","Memory Freq (GT/s)",null,"TDP","Theoretical Peak Performance (GF)","Part #","SKU #",null,"Price"]
[null,"Xeon® Phi™","7120X",61,1.238,16,5.5,null,300,1208,"SC7120X",3598845,null,4100,""]
[null,"Xeon® Phi™","7120A",61,1.238,16,5.5,null,300,1208,"SC7120A",3875264,null,4205.2631578947367,""]
[null,"Xeon® Phi™","7120D",61,1.24,16,5.5,null,300,1208,"SC7120D",null,null,4205.2631578947367,""]
[null,"Xeon® Phi™","7120P",61,1.238,16,5.5,null,300,1208,"SC7120P",3598844,null,4100,""]
[null,"Xeon® Phi™","5110P",60,1.0529999999999999,8,5,null,225,1011,"SC5110P",3393556,null,2630.5263157894738,""]
[null,"Xeon® Phi™","5120D",60,1.0529999999999999,8,5.5,null,245,1011,"SC5120D",3598843,null,2735.7894736842109,""]
[null,"Xeon® Phi™","3120A",57,1.1000000000000001,6,5,null,300,1003,"SC3120A",3570682,null,1683.1578947368421,""]
[null,"Xeon® Phi™","3120P",57,1.1000000000000001,6,5,null,300,1003,"SC3120P",3598842,null,1683.1578947368421,""]
[]
[null,"Intel Boxed Desktop CPUs\nIntel Boxed Desktop CPUs come with a 3 year Manufacturer warranty"]
[null,"IvyBridge E",null,null,null,null,null,null,null,null,null,null,null,null,"Intel ITP Points"]
[null,null,"Proc #","Nm","Ghz","Turbo Ghz","HT","Core/Threads","Turbo","Cache","Part #","SKU #",null,"Price"]
[null,"Core i7™","i7-4960X",22,"3.60GHz",4,"Yes","6/12","Yes","15M","BX80633I74960X",3621463,null,1042.1052631578948,30]
[null,"Core i7™","i7-4930K",22,"3.40GHz",3.9,"Yes","6/12","Yes","12M","BX80633I74930K",3621464,null,584.21052631578948,30]
[null,"Core i7™","i7-4820K",22,"3.70GHz",3.9,"Yes","4/8","Yes","10M","BX80633I74820K",3621465,null,326.31578947368422,30]
[]
[null,"Sandybridge E",null,null,null,null,null,null,null,null,null,null,null,null,"Intel ITP Points"]
[null,null,"Proc #","Nm","Ghz","Turbo Ghz","HT","Core/Threads","Turbo","Cache","Part #","SKU #",null,"Price"]
[null,"Core i7™","i7-3970X",32,"3.5GHz",4,"Yes","6/12","Yes","15M","BX80619I73970X",3399027,null,1042.1052631578948,""]
[null,"Core i7™","i7-3960X",32,"3.3GHz",3.9,"Yes","6/12","Yes","15M","BX80619I73960X",3086233,null,1042.1052631578948,""]
[null,"Core i7™","i7-3930K",32,"3.2GHz",3.8,"Yes","6/12","Yes","12M","BX80619I73930K",3086223,null,584.21052631578948,""]
[null,"Core i7™","i7-3820",32,"3.6GHz",3.9,"Yes","4/8","Yes","10M","BX80619I73820",3157755,null,300,""]
[]
[null,"Haswell HE",null,null,null,null,null,null,null,null,null,null,null,null,"Intel ITP Points"]
[null,null,"Proc #","Nm","Ghz","Turbo Ghz","HT","Core/Threads","Turbo","Cache","Part #","SKU #",null,"Price"]
[null,"Core i7™","i7-4771",22,"3.5GHz",3.9,"Yes","4/8","Yes","8M","BX80646I74771",3633903,null,314.73684210526318,30]
[null,"Core i7™","i7-4790K",22,"4GHz",4.4000000000000004,"Yes","4/8","Yes","8M","BX80646I74790K",3876425,null,344.21052631578948,30]
[null,"Core i7™","i7-4790K",22,"4GHz",4.4000000000000004,"Yes","4/8","Yes","8M","BXF80646I74790K",null,null,344.21052631578948,30]
[null,"Core i7™","i7-4770K",22,"3.5GHz",3.9,"Yes","4/8","Yes","8M","BXF80646I74770K",3577187,null,344.21052631578948,30]
[null,"Core i7™","i7-4770K",22,"3.5GHz",3.9,"Yes","4/8","Yes","8M","BX80646I74770K",3534010,null,344.21052631578948,30]
[null,"Core i7™","i7-4790",22,"3.6GHz",4,"Yes","4/8","Yes","8M","BX80646I74790",3782508,null,307.36842105263162,30]
[null,"Core i7™","i7-4770",22,"3.4GHz",3.9,"Yes","4/8","Yes","8M","BX80646I74770",3534009,null,307.36842105263162,30]
[null,"Core i7™","i7-4790S",22,"3.2GHz",4,"Yes","4/8","Yes","8M","BX80646I74790S",3805805,null,307.36842105263162,""]
[null,"Core i7™","i7-4770S",22,"3.1GHz",3.9,"Yes","4/8","Yes","8M","BX80646I74770S",3534320,null,300,30]
[]
[null,"Ivybridge HE",null,null,null,null,null,null,null,null,null,null,null,null,"Intel ITP Points"]
[null,null,"Proc #","Nm","Ghz","Turbo Ghz","HT","Core/Threads","Turbo","Cache","Part #","SKU #",null,"Price"]
[null,"Core i7™","i7-3770K",22,"3.5GHz",3.9,"Yes","4/8","Yes","8M","BX80637I73770K",3205483,null,336.84210526315792,""]
[null,"Core i7™","i7-3770",22,"3.4GHz",3.9,"Yes","4/8","Yes","8M","BX80637I73770",3205484,null,300,""]
[null,"Core i7™","i7-3770S",22,"3.1GHz",3.9,"Yes","4/8","Yes","8M","BX80637I73770S",3205485,null,300,""]
[]
[null,"Haswell HE",null,null,null,null,null,null,null,null,null,null,null,null,"Intel ITP Points"]
[null,null,"Proc #","Nm","Ghz","Turbo Ghz","HT","Core/Threads","Turbo","Cache","Part #","SKU #",null,"Price"]
[null,"Core i5™","i5-4670K",22,"3.4GHz",3.8,"No","4/4","Yes","6M","BXF80646I54670K",3577189,null,238.94736842105263,20]
[null,"Core i5™","i5-4670K",22,"3.4GHz",3.8,"No","4/4","Yes","6M","BX80646I54670K",3534008,null,238.94736842105263,20]
[null,"Core i5™","i5-4690",22,"3.5GHz",3.9,"No","4/4","Yes","6M","BX80646I54690",3782509,null,220,20]
[null,"Core i5™","i5-4690K",22,"3.5GHz",3.9,"No","4/4","Yes","6M","BX80646I54690K",3876426,null,238.94736842105263,20]
[null,"Core i5™","i5-4690K",22,"3.5GHz",3.9,"No","4/4","Yes","6M","BXF80646I54690K",null,null,238.94736842105263,20]
[null,"Core i5™","I5-4690S",22,"3.2GHz",3.9,"No","4/4","Yes","6M","BX80646I54690S",3805824,null,220,""]
[null,"Core i5™","i5-4690S",22,"3.2GHz",3.9,"No","4/4","Yes","6M","BX80646I54690S",3805824,null,220,""]
[null,"Core i5™","i5-4670",22,"3.4GHz",3.8,"No","4/4","Yes","6M","BX80646I54670",3534007,null,220,20]
[null,"Core i5™","i5-4590",22,"3.3 GHz",3.7,"No","4/4","Yes","6M","BX80646I54590",3782510,null,198.94736842105263,20]
[null,"Core i5™","i5-4570",22,"3.2GHz",3.6,"No","4/4","Yes","6M","BX80646I54570",3534005,null,198.94736842105263,20]
[null,"Core i5™","i5-4590S",22,"3 GHz",3.7,"No","4/4","Yes","6M","BX80646I54590S",3805827,null,198.94736842105263,""]
[null,"Core i5™","i5-4570S",22,"2.9GHz",3.6,"No","4/4","Yes","6M","BX80646I54570S",3534006,null,191.57894736842107,20]
[null,"Core i5™"," i5-4440",22,"3.1GHz",3.3,"No","4/4","Yes","6M","BX80646I54440",3633904,null,184.21052631578948,20]
[null,"Core i5™"," i5-4440S",22,"2.8GHz",3.3,"No","4/4","Yes","6M","BX80646I54440S",3635441,null,184.21052631578948,20]
[null,"Core i5™","i5-4430",22,"3.0GHz",3.2,"No","4/4","Yes","6M","BX80646I54430",3534003,null,184.21052631578948,20]
[]
[null,"Ivybridge HM",null,null,null,null,null,null,null,null,null,null,null,null,"Intel ITP Points"]
[null,null,"Proc #","Nm","Ghz","Turbo Ghz","HT","Core/Threads","Turbo","Cache","Part #","SKU #",null,"Price"]
[null,"Core i5™","i5-3570",22,"3.4GHz",3.8,"No","4/4","Yes","6M","BX80637I53570",3294356,null,209.47368421052633,""]
[null,"Core i5™","i5-3470",22,"3.2GHz",3.6,"No","4/4","Yes","6M","BX80637I53470",3294357,null,191.57894736842107,""]
[null,"Core i5™","i5-3470S",22,"2.9GHz",3.6,"No","4/4","Yes","6M","BX80637I53470S",3294358,null,191.57894736842107,""]
[]
[null,"Ivybridge HE",null,null,null,null,null,null,null,null,null,null,null,null,"Intel ITP Points"]
[null,null,"Proc #","Nm","Ghz","Turbo Ghz","HT","Core/Threads","Turbo","Cache","Part #","SKU #",null,"Price"]
[null,"Core i5™","i5-3570K",22,"3.4GHz",3.8,"No","4/4","Yes","6M","BX80637I53570K",3205486,null,231.57894736842107,""]
[null,"Core i5™","i5-3550",22,"3.3GHz",3.7,"No","4/4","Yes","6M","BX80637I53550",3205487,null,209.47368421052633,""]
[null,"Core i5™","i5-3340",22,"3.1GHz",3.3,"No","4/4","Yes","6M","BX80637I53340",3633905,null,184.21052631578948,20]
[null,"Core i5™","i5-3340S",22,"2.8GHz",3.3,"No","4/4","Yes","6M","BX80637I53340S",3635442,null,184.21052631578948,20]
[null,"Core i5™","i5-3330",22,"3.0GHz",3.2,"No","4/4","Yes","6M","BX80637I53330",3344735,null,184.21052631578948,""]
[]
[null,"Haswell H",null,null,null,null,null,null,null,null,null,null,null,null,"Intel ITP Points"]
[null,null,"Proc #","Nm","Ghz","Turbo Ghz","HT","Core/Threads","Turbo","Cache","Part #","SKU #",null,"Price"]
[null,"Core i3™","i3-4370",22,"3.7GHz","N/A","Yes","2/4","N/A","4M","BX80646I34370",3922889,null,154.73684210526318,""]
[null,"Core i3™","i3-4360",22,"3.7GHz","N/A","Yes","2/4","N/A","4M","BX80646I34360",3782511,null,154.73684210526318,15]
[null,"Core i3™","i3-4340",22,"3.6GHz","N/A","Yes","2/4","N/A","4M","BX80646I34340",3633906,null,154.73684210526318,15]
[null,"Core i3™","I3-4350",22,"3.60GHz","N/A","Yes","2/4","N/A","4M","BX80646I34350",3782512,null,144.21052631578948,15]
[null,"Core i3™","i3-4330",22,"3.5GHz","N/A","Yes","2/4","N/A","4M","BX80646I34330",3633907,null,144.21052631578948,15]
[null,"Core i3™","I3-4150",22,"3.5GHz","N/A","Yes","2/4","N/A","3M","BX80646I34150",3782513,null,123.15789473684211,15]
[null,"Core i3™","i3-4130",22,"3.4GHz","N/A","Yes","2/4","N/A","3M","BX80646I34130",3633908,null,123.15789473684211,15]
[null,"Core i3™","i3-4130T",22,"2.9GHz","N/A","Yes","2/4","N/A","3M","BX80646I34130T",3633913,null,123.15789473684211,15]
[]
[null,"Ivybridge H",null,null,null,null,null,null,null,null,null,null,null,null,"Intel ITP Points"]
[null,null,"Proc #","Nm","Ghz","Turbo Ghz","HT","Core/Threads","Turbo","Cache","Part #","SKU #",null,"Price"]
[null,"Core i3™","i3-3250",22,"3.5GHz","N/A","Yes","2/4","N/A","3M","BX80637I33250",3561004,null,144.21052631578948,""]
[null,"Core i3™","i3-3245",22,"3.4GHz","N/A","Yes","2/4","N/A","3M","BX80637I33245",3561005,null,142.10526315789474,""]
[null,"Core i3™","i3-3240",22,"3.4GHz","N/A","Yes","2/4","N/A","3M","BX80637I33240",3357621,null,123.15789473684211,""]
[null,"Core i3™","i3-3220",22,"3.3GHz","N/A","Yes","2/4","N/A","3M","BX80637I33220",3344739,null,123.15789473684211,""]
[null,"Core i3™","i3-3220T",22,"2.8GHz","N/A","Yes","2/4","N/A","3M","BX80637I33220T",3344740,null,123.15789473684211,""]
[]
[null,"Haswell M",null,null,null,null,null,null,null,null,null,null,null,null,"Intel ITP Points"]
[null,null,"Proc #","Nm","Ghz","Turbo Ghz","HT","Core/Threads","Turbo","Cache","Part #","SKU #",null,"Price"]
[null,"Pentium® ","G3460",22,"3.50GHz","N/A","No","2/2","No","3M","BX80646G3460",3926103,null,91.578947368421055,""]
[null,"Pentium® ","G3450",22,"3.40GHz","N/A","No","2/2","No","3M","BX80646G3450",3805803,null,91.578947368421055,5]
[null,"Pentium® ","G3440",22,"3.30GHz","N/A","No","2/2","No","3M","BX80646G3440",3782514,null,81.05263157894737,5]
[null,"Pentium® ","G3430",22,"3.3GHz","N/A","No","2/2","No","3M","BX80646G3430",3633909,null,91.578947368421055,5]
[null,"Pentium® ","G3420",22,"3.2GHz","N/A","No","2/2","No","3M","BX80646G3420",3633910,null,81.05263157894737,5]
[null,"Pentium® ","G3258",22,"3.2GHz","N/A","No","2/2","No","3M","BX80646G3258",3876427,null,70.526315789473685,5]
[null,"Pentium® ","G3240",22,"3.10GHz","N/A","No","2/2","No","3M","BX80646G3240",3782515,null,63.15789473684211,5]
[null,"Pentium® ","G3220",22,"3.0GHz","N/A","No","2/2","No","3M","BX80646G3220",3633911,null,63.15789473684211,5]
[]
[null,"Ivybridge M",null,null,null,null,null,null,null,null,null,null,null,null,"Intel ITP Points"]
[null,null,"Proc #","Nm","Ghz","Turbo Ghz","HT","Core/Threads","Turbo","Cache","Part #","SKU #",null,"Price"]
[null,"Pentium® ","G2140",22,"3.3GHz","N/A","No","2/2","No","3M","BX80637G2140",3561006,null,91.578947368421055,""]
[null,"Pentium® ","G2130",22,"3.2GHz","N/A","No","2/2","No","3M","BX80637G2130",3445549,null,81.05263157894737,""]
[null,"Pentium® ","G2120",22,"3.1GHz","N/A","No","2/2","No","3M","BX80637G2120",3344741,null,81.05263157894737,""]
[null,"Pentium® ","G2030",22,"3.0GHz","N/A","No","2/2","No","3M","BX80637G2030",3344741,null,63.15789473684211,""]
[null,"Pentium® ","G2020",22,"2.9GHz","N/A","No","2/2","No","3M","BX80637G2020",3445550,null,63.15789473684211,""]
[null,"Pentium® ","G2010",22,"2.8GHz","N/A","No","2/2","No","3M","BX80637G2010",3445551,null,63.15789473684211,""]
[]
[null,"Haswell",null,null,null,null,null,null,null,null,null,null,null,null,"Intel ITP Points"]
[null,null,"Proc #","Nm","Ghz","Turbo Ghz","HT","Core/Threads","Turbo","Cache","Part #","SKU #",null,"Price"]
[null,"Celeron®","G1850",22,"2.90GHz","N/A","No","2/2","No","2M","BX80646G1850",3782516,null,51.578947368421055,5]
[null,"Celeron®","G1840",22,"2.80GHz","N/A","No","2/2","No","2M","BX80646G1840",3782517,null,41.05263157894737,5]
[null,"Celeron®","G1830",22,"2.8GHz","N/A","No","2/2","No","2M","BX80646G1830",3744157,null,51.578947368421055,5]
[null,"Celeron®","G1820",22,"2.7GHz","N/A","No","2/2","No","2M","BX80646G1820",3744158,null,41.05263157894737,5]
[]
[null,"IvyBridge ",null,null,null,null,null,null,null,null,null,null,null,null,"Intel ITP Points"]
[null,null,"Proc #","Nm","Ghz","Turbo Ghz","HT","Core/Threads","Turbo","Cache","Part #","SKU #",null,"Price"]
[null,"Celeron®","G1630",22,"2.8GHz","N/A","No","2/2","No","2M","BX80637G1630",3633912,null,51.578947368421055,5]
[null,"Celeron®","G1620",22,"2.7GHz","N/A","No","2/2","No","2M","BX80637G1620",3445552,null,41.05263157894737,""]
[null,"Celeron®","G1610",22,"2.6GHz","N/A","No","2/2","No","2M","BX80637G1610",3445553,null,41.05263157894737,""]
[]
[null,"SandyBridge ",null,null,null,null,null,null,null,null,null,null,null,null,"Intel ITP Points"]
[null,null,"Proc #","Nm","Ghz","Turbo Ghz","HT","Core/Threads","Turbo","Cache","Part #","SKU #",null,"Price"]
[null,"Celeron®","G470",32,"2.0GHz","N/A","No","1/2","No","1.5M","BX80623G470",3561008,null,36.842105263157897,""]
[]
[null,"Intel TRAY/OEM Desktop CPUs\nIntel Tray/OEM Desktop CPUs come with a 1 year Distributor warranty"]
[null,"IvyBridge E",null,null,null,null,null,null,null,null,null,null,null,null,"Intel ITP Points"]
[null,null,"Proc #","Nm","Ghz","Turbo Ghz","HT","Core/Threads","Turbo","Cache","Part #","SKU #",null,"Price"]
[null,"Core i7™","i7-4960X",22,"3.60GHz",4,"Yes","6/12","Yes","15M","CM8063301292500",3621468,null,1021.0526315789474,""]
[null,"Core i7™","i7-4930K",22,"3.40GHz",3.9,"Yes","6/12","Yes","12M","CM8063301292702",3621469,null,573.68421052631584,""]
[null,"Core i7™","i7-4820K",22,"3.70GHz",3.9,"Yes","4/8","Yes","10M","CM8063301292805",3621470,null,317.89473684210526,""]
[]
[null,"Sandybridge E",null,null,null,null,null,null,null,null,null,null,null,null,"Intel ITP Points"]
[null,null,"Proc #","Nm","Ghz","Turbo Ghz","HT","Core/Threads","Turbo","Cache","Part #","SKU #",null,"Price"]
[null,"Core i7™","i7-3970X",32,"3.50GHz",4,"Yes","6/12","Yes","15M","CM8061901281201",3398864,null,1021.0526315789474,""]
[null,"Core i7™","i7-3960X",32,"3.30GHz",3.9,"Yes","6/12","Yes","15M","CM8061907184018 ",3112316,null,1021.0526315789474,""]
[null,"Core i7™","i7-3930K",32,"3.20GHz",3.8,"Yes","6/12","Yes","12M","CM8061901100802 ",3112317,null,573.68421052631584,""]
[null,"Core i7™","i7-3820",32,"3.60GHz",3.9,"Yes","4/8","Yes","10M","CM8061901049606",3154188,null,289.47368421052636,""]
[]
[null,"Haswell HE",null,null,null,null,null,null,null,null,null,null,null,null,"Intel ITP Points"]
[null,null,"Proc #","Nm","Ghz","Turbo Ghz","HT","Core/Threads","Turbo","Cache","Part #","SKU #",null,"Price"]
[null,"Core i7™","i7-4771",22,"3.5GHz",3.9,"Yes","4/8","Yes","8M","CM8064601464302",3633228,null,308.42105263157896,""]
[null,"Core i7™","i7-4790K",22,"4.0 GHz",4.4000000000000004,"Yes","4/8","Yes","8M","CM8064601710501",3886787,null,333.68421052631578,""]
[null,"Core i7™","i7-4790",22,"3.6GHz",4,"Yes","4/8","Yes","8M","CM8064601560113",3790440,null,297.89473684210526,""]
[null,"Core i7™","i7-4770K",22,"3.5GHz",3.9,"Yes","4/8","Yes","8M","CM8064601464206",3533372,null,333.68421052631578,""]
[null,"Core i7™","i7-4770",22,"3.4GHz",3.9,"Yes","4/8","Yes","8M","CM8064601464303",3533371,null,297.89473684210526,""]
[null,"Core i7™","i7-4790S",22,"3.2GHz",4,"Yes","4/8","Yes","8M","CM8064601561014",3790449,null,297.89473684210526,""]
[null,"Core i7™","i7-4770S",22,"3.1GHz",3.9,"Yes","4/8","Yes","8M","CM8064601465504",3533373,null,297.89473684210526,""]
[null,"Core i7™","i7-4790T",22,"2.7GHz",3.9,"Yes","4/8","Yes","8M","CM8064601561513",3790450,null,297.89473684210526,""]
[null,"Core i7™","i7-4770T",22,"2.5GHz",3.7,"Yes","4/8","Yes","8M","CM8064601465902",3533374,null,297.89473684210526,""]
[null,"Core i7™","i7-4785T",22,"2.2GHz",3.2,"Yes","4/8","Yes","8M","CM8064601561714",3790451,null,297.89473684210526,""]
[null,"Core i7™","i7-4765T",22,"2.0GHz",3,"Yes","4/8","Yes","8M","CM8064601466200",3574836,null,297.89473684210526,""]
[]
[null,"Ivybridge HE",null,null,null,null,null,null,null,null,null,null,null,null,"Intel ITP Points"]
[null,null,"Proc #","Nm","Ghz","Turbo Ghz","HT","Core/Threads","Turbo","Cache","Part #","SKU #",null,"Price"]
[null,"Core i7™","i7-3770K",22,"3.5GHz",3.9,"Yes","4/8","Yes","8M","CM8063701211700",3206057,null,326.31578947368422,""]
[null,"Core i7™","i7-3770",22,"3.4GHz",3.9,"Yes","4/8","Yes","8M","CM8063701211600",3206058,null,289.47368421052636,""]
[null,"Core i7™","i7-3770S",22,"3.1GHz",3.9,"Yes","4/8","Yes","8M","CM8063701211900",3206059,null,289.47368421052636,""]
[null,"Core i7™","i7-3770T",22,"2.5GHz",3.7,"Yes","4/8","Yes","8M","CM8063701212200",3206060,null,289.47368421052636,""]
[]
[null,"Haswell HE",null,null,null,null,null,null,null,null,null,null,null,null,"Intel ITP Points"]
[null,null,"Proc #","Nm","Ghz","Turbo Ghz","HT","Core/Threads","Turbo","Cache","Part #","SKU #",null,"Price"]
[null,"Core i5™","i5-4690K",22,"3.5GHz",3.9,"No","4/4","Yes","6M","CM8064601710803",3886790,null,228.42105263157896,""]
[null,"Core i5™","i5-4690",22,"3.5GHz",3.9,"No","4/4","Yes","6M","CM8064601560516",3790441,null,209.47368421052633,""]
[null,"Core i5™","i5-4670K",22,"3.4GHz",3.8,"No","4/4","Yes","6M","CM8064601464506",3533368,null,228.42105263157896,""]
[null,"Core i5™","i5-4670",22,"3.4GHz",3.8,"No","4/4","Yes","6M","CM8064601464706",3533367,null,209.47368421052633,""]
[null,"Core i5™","i5-4690S",22,"3.2 GHz",3.9,"No","4/4","Yes","6M","CM8064601561313",3790452,null,209.47368421052633,""]
[null,"Core i5™","i5-4670S",22,"3.1GHz",3.8,"No","4/4","Yes","6M","CM8064601465703",3533369,null,209.47368421052633,""]
[null,"Core i5™","i5-4690T",22,"2.5 GHz",3.5,"No","4/4","Yes","6M","CM8064601561613",3790453,null,209.47368421052633,""]
[null,"Core i5™","i5-4670T",22,"2.3GHz",3.3,"No","4/4","Yes","6M","CM8064601466003",3533370,null,209.47368421052633,""]
[null,"Core i5™","i5-4590",22,"3.3GHz",3.7,"No","4/4","Yes","6M","CM8064601560615",3790442,null,188.42105263157896,""]
[null,"Core i5™","i5-4570",22,"3.2GHz",3.6,"No","4/4","Yes","6M","CM8064601464707",3533364,null,188.42105263157896,""]
[null,"Core i5™","i5-4590S",22,"3GHz",3.7,"No","4/4","Yes","6M","CM8064601561214",3790454,null,188.42105263157896,""]
[null,"Core i5™","i5-4570S",22,"2.9GHz",3.6,"No","4/4","Yes","6M","CM8064601465605",3533365,null,188.42105263157896,""]
[null,"Core i5™","i5-4460T",22,"1.9GHz",2.7,"No","4/4","Yes","6M","CM8064601561827",3790457,null,178.94736842105263,""]
[null,"Core i5™","i5-4590T",22,"2GHz",3,"No","4/4","Yes","6M","CM8064601561826",3790455,null,188.42105263157896,""]
[null,"Core i5™","i5-4570T",22,"2.9GHz",3.6,"No","4/4","Yes","6M","CM8064601466203",3533366,null,188.42105263157896,""]
[null,"Core i5™","i5-4460",22,"3.2GHz",3.4,"No","4/4","Yes","6M","CM8064601560722",3790443,null,178.94736842105263,""]
[null,"Core i5™"," i5-4440",22,"3.1GHz",3.3,"No","4/4","Yes","6M","CM8064601464800",3633229,null,178.94736842105263,""]
[null,"Core i5™","i5-4460S",22,"2.9GHz",3.4,"No","4/4","Yes","6M","CM8064601561423",3790456,null,178.94736842105263,""]
[null,"Core i5™"," i5-4440S",22,"2.8GHz",3.3,"No","4/4","Yes","6M","CM8064601465804",3633217,null,178.94736842105263,""]
[null,"Core i5™"," i5-4430",22,"3.0GHz",3.2,"No","4/4","Yes","6M","CM8064601464802",3533362,null,178.94736842105263,""]
[null,"Core i5™"," i5-4430S",22,"2.7GHz",3.2,"No","4/4","Yes","6M","CM8064601465803",3533363,null,178.94736842105263,""]
[]
[null,"Ivybridge HM",null,null,null,null,null,null,null,null,null,null,null,null,"Intel ITP Points"]
[null,null,"Proc #","Nm","Ghz","Turbo Ghz","HT","Core/Threads","Turbo","Cache","Part #","SKU #",null,"Price"]
[null,"Core i5™","i5-3570",22,"3.4GHz",3.8,"No","4/4","Yes","6M","CM8063701093103",3296159,null,202.10526315789474,""]
[null,"Core i5™","i5-3570S",22,"3.1GHz",3.8,"No","4/4","Yes","6M","CM8063701094000",3296185,null,181.05263157894737,""]
[null,"Core i5™","i5-3470",22,"3.2GHz",3.6,"No","4/4","Yes","6M","CM8063701093302",3296183,null,181.05263157894737,""]
[null,"Core i5™","i5-3470S",22,"2.9GHz",3.6,"No","4/4","Yes","6M","CM8063701094000",3296185,null,181.05263157894737,""]
[]
[null,"Ivybridge HE",null,null,null,null,null,null,null,null,null,null,null,null,"Intel ITP Points"]
[null,null,"Proc #","Nm","Ghz","Turbo Ghz","HT","Core/Threads","Turbo","Cache","Part #","SKU #",null,"Price"]
[null,"Core i5™","i5-3570K",22,"3.4GHz",3.8,"No","4/4","Yes","6M","CM8063701211800",3206061,null,221.05263157894737,""]
[null,"Core i5™","i5-3570T",22,"2.3GHz",3.3,"No","4/4","Yes","6M","CM8063701094903",3206062,null,202.10526315789474,""]
[null,"Core i5™","i5-3550",22,"3.3GHz",3.7,"No","4/4","Yes","6M","CM8063701093203",3206063,null,202.10526315789474,""]
[null,"Core i5™","i5-3550S",22,"3.0GHz",3.7,"No","4/4","Yes","6M","CM8063701095203",3206064,null,202.10526315789474,""]
[null,"Core i5™","i5-3475S",22,"2.9GHz",3.6,"No","4/4","Yes","6M","CM8063701212000",3296190,null,197.89473684210526,""]
[null,"Core i5™","i5-3470T",22,"2.9GHz",3.6,"No","2/4","Yes","3M","CM8063701159502",3296187,null,181.05263157894737,""]
[null,"Core i5™","i5-3340",22,"3.1GHz",3.3,"No","4/4","Yes","6M","CM8063701399700",3633230,null,178.94736842105263,""]
[null,"Core i5™","i5-3340S",22,"2.8GHz",3.3,"No","4/4","Yes","6M","CM8063701387400",3633218,null,178.94736842105263,""]
[null,"Core i5™","i5-3330",22,"3.0GHz",3.2,"No","4/4","Yes","6M","CM8063701134306",3365896,null,178.94736842105263,""]
[null,"Core i5™","i5-3330S",22,"2.7GHz",3.2,"No","4/4","Yes","6M","CM8063701159804",3365898,null,178.94736842105263,""]
[null,"Core i5™","i5-3350P",22,"3.1GHz",3.2,"No","4/4","Yes","6M","CM8063701392600",3343235,null,173.68421052631581,""]
[]
[null,"Haswell H",null,null,null,null,null,null,null,null,null,null,null,null,"Intel ITP Points"]
[null,null,"Proc #","Nm","Ghz","Turbo Ghz","HT","Core/Threads","Turbo","Cache","Part #","SKU #",null,"Price"]
[null,"Core i3™","i3-4370",22,"3.7GHz","N/A","Yes","2/4","N/A","4M","CM8064601482462",3790444,null,146.31578947368422,""]
[null,"Core i3™","i3-4360",22,"3.7GHz","N/A","Yes","2/4","N/A","4M","CM8064601482461",3790444,null,135.78947368421052,""]
[null,"Core i3™","i3-4340",22,"3.6GHz","N/A","Yes","2/4","N/A","4M","CM8064601482422",3633231,null,146.31578947368422,""]
[null,"Core i3™","i3-4350",22,"3.6GHz","N/A","Yes","2/4","N/A","4M","CM8064601482464",3790445,null,135.78947368421052,""]
[null,"Core i3™","i3-4330",22,"3.5GHz","N/A","Yes","2/4","N/A","4M","CM8064601482423",3633232,null,135.78947368421052,""]
[null,"Core i3™","i3-4350T",22,"3.10GHz","N/A","Yes","2/4","N/A","4M","CM8064601481957",3790458,null,135.78947368421052,""]
[null,"Core i3™","i3-4330T",22,"3.0GHz","N/A","Yes","2/4","N/A","4M","CM8064601481930",3633219,null,135.78947368421052,""]
[null,"Core i3™","i3-4150",22,"3.6GHz","N/A","Yes","2/4","N/A","4M","CM8064601483643",3782826,null,114.73684210526316,""]
[null,"Core i3™","i3-4130",22,"3.4GHz","N/A","Yes","2/4","N/A","4M","CM8064601483615",3633233,null,114.73684210526316,""]
[null,"Core i3™","i3-4150T",22,"3.0GHz","N/A","Yes","2/4","N/A","3M","CM8064601483534",3790459,null,114.73684210526316,""]
[null,"Core i3™","i3-4130T",22,"2.9GHz","N/A","Yes","2/4","N/A","3M","CM8064601483515",3633220,null,114.73684210526316,""]
[]
[null,"Ivybridge H",null,null,null,null,null,null,null,null,null,null,null,null,"Intel ITP Points"]
[null,null,"Proc #","Nm","Ghz","Turbo Ghz","HT","Core/Threads","Turbo","Cache","Part #","SKU #",null,"Price"]
[null,"Core i3™","i3-3250",22,"3.5GHz","N/A","Yes","2/4","N/A","3M","CM8063701392200",3559998,null,135.78947368421052,""]
[null,"Core i3™","i3-3250T",22,"3.0GHz","N/A","Yes","2/4","N/A","3M","CM8063701391800 ",3560003,null,135.78947368421052,""]
[null,"Core i3™","i3-3245",22,"3.4GHz","N/A","Yes","2/4","N/A","3M","CM8063701391700 ",3559999,null,131.57894736842107,""]
[null,"Core i3™","i3-3240",22,"3.4GHz","N/A","Yes","2/4","N/A","3M","CM8063701137900",3343236,null,114.73684210526316,""]
[null,"Core i3™","i3-3240T",22,"2.9GHz","N/A","Yes","2/4","N/A","3M","CM8063701194400",3343239,null,114.73684210526316,""]
[null,"Core i3™","i3-3220",22,"3.3GHz","N/A","Yes","2/4","N/A","3M","CM8063701137502",3343238,null,114.73684210526316,""]
[null,"Core i3™","i3-3220T",22,"2.8GHz","N/A","Yes","2/4","N/A","3M","CM8063701099500",3343240,null,114.73684210526316,""]
[]
[null,"Haswell M",null,null,null,null,null,null,null,null,null,null,null,null,"Intel ITP Points"]
[null,null,"Proc #","Nm","Ghz","Turbo Ghz","HT","Core/Threads","Turbo","Cache","Part #","SKU #",null,"Price"]
[null,"Pentium® ","G3460",22,"3.5GHz","N/A","No","2/2","No","3M","CM8064601482508",3921426,null,84.21052631578948,""]
[null,"Pentium® ","G3450",22,"3.4GHz","N/A","No","2/2","No","3M","CM8064601482505",3790446,null,84.21052631578948,""]
[null,"Pentium® ","G3430",22,"3.3GHz","N/A","No","2/2","No","3M","CM8064601482518",3633234,null,84.21052631578948,""]
[null,"Pentium® ","G3440",22,"3.30GHz","N/A","No","2/3","No","3M","CM8064601482563",3790447,null,73.684210526315795,""]
[null,"Pentium® ","G3420",22,"3.2GHz","N/A","No","2/2","No","3M","CM8064601482522",3633235,null,73.684210526315795,""]
[null,"Pentium® ","G3440T",22,"2.8GHz","N/A","No","2/2","No","3M","CM8064601483717",3790460,null,73.684210526315795,""]
[null,"Pentium® ","G3420T",22,"2.7GHz","N/A","No","2/2","No","3M","CM8064601483712",3633221,null,73.684210526315795,""]
[null,"Pentium® ","G3240",22,"3.10GHz","N/A","No","2/2","No","3M","CM8064601482507",3782827,null,63.15789473684211,""]
[null,"Pentium® ","G3220",22,"3.0GHz","N/A","No","2/2","No","3M","CM8064601482519",3633236,null,63.15789473684211,""]
[null,"Pentium® ","G3240T",22,"2.7GHz","N/A","No","2/2","No","3M","CM8064601482618",3790462,null,41.05263157894737,""]
[null,"Pentium® ","G3220T",22,"2.6GHz","N/A","No","2/2","No","3M","CM8064601483713",3633222,null,63.15789473684211,""]
[]
[null,"IvyBridge M",null,null,null,null,null,null,null,null,null,null,null,null,"Intel ITP Points"]
[null,null,"Proc #","Nm","Ghz","Turbo Ghz","HT","Core/Threads","Turbo","Cache","Part #","SKU #",null,"Price"]
[null,"Pentium® ","G2140",22,"3.3GHz","N/A","No","2/2","No","3M","CM8063701391100",3560000,null,84.21052631578948,""]
[null,"Pentium® ","G2130",22,"3.2GHz","N/A","No","2/2","No","3M","CM8063701391200",3444031,null,73.684210526315795,""]
[null,"Pentium® ","G2120",22,"3.1GHz","N/A","No","2/2","No","3M","CM8063701095801",3365897,null,73.684210526315795,""]
[null,"Pentium® ","G2120T",22,"2.7GHz","N/A","No","2/2","No","3M","CM8063701391600",3560004,null,73.684210526315795,""]
[null,"Pentium® ","G2100T",22,"2.6GHz","N/A","No","2/2","No","3M","CM8063701219000",3365899,null,73.684210526315795,""]
[null,"Pentium® ","G2030",22,"3.0GHz","N/A","No","2/2","No","3M","CM8063701450000",3560001,null,63.15789473684211,""]
[null,"Pentium® ","G2030T",22,"2.6GHz","N/A","No","2/2","No","3M","CM8063701450500",3560005,null,63.15789473684211,""]
[null,"Pentium® ","G2020",22,"2.9GHz","N/A","No","2/2","No","3M","CM8063701444700",3444032,null,63.15789473684211,""]
[null,"Pentium® ","G2020T",22,"2.5GHz","N/A","No","2/2","No","3M","CM8063701444601",3475826,null,63.15789473684211,""]
[null,"Pentium® ","G2010",22,"2.8GHz","N/A","No","2/2","No","3M","CM8063701444800",3444033,null,63.15789473684211,""]
[]
[null,"Haswell",null,null,null,null,null,null,null,null,null,null,null,null,"Intel ITP Points"]
[null,null,"Proc #","Nm","Ghz","Turbo Ghz","HT","Core/Threads","Turbo","Cache","Part #","SKU #",null,"Price"]
[null,"Celeron®","G1850",22,"2.90GHz","N/A","No","2/2","No","2M","CM8064601483406",3790448,null,51.578947368421055,""]
[null,"Celeron®","G1840",22,"2.80GHz","N/A","No","2/3","No","2M","CM8064601483439",3782828,null,41.05263157894737,""]
[null,"Celeron®","G1830",22,"2.8GHz","N/A","No","2/2","No","2M","CM8064601483404",3744159,null,51.578947368421055,""]
[null,"Celeron®","G1820",22,"2.7GHz","N/A","No","2/2","No","2M","CM8064601483405",3744160,null,41.05263157894737,""]
[null,"Celeron®","G1840T",22,"2.50GHz","N/A","No","2/2","No","2M","CM8064601482618",3790462,null,41.05263157894737,""]
[null,"Celeron®","G1820T",22,"2.4GHz","N/A","No","2/2","No","2M","CM8064601482617",3867265,null,41.05263157894737,""]
[]
[null,"IvyBridge ",null,null,null,null,null,null,null,null,null,null,null,null,"Intel ITP Points"]
[null,null,"Proc #","Nm","Ghz","Turbo Ghz","HT","Core/Threads","Turbo","Cache","Part #","SKU #",null,"Price"]
[null,"Celeron®","G1630",22,"2.8GHz","N/A","No","2/2","No","2M","CM8063701449000",3633237,null,51.578947368421055,""]
[null,"Celeron®","G1620T",22,"2.4GHz","N/A","No","2/2","No","2M","CM8063701448300",3633223,null,41.05263157894737,""]
[null,"Celeron®","G1620",22,"2.7GHz","N/A","No","2/2","No","2M","CM8063701445001",3444034,null,41.05263157894737,""]
[null,"Celeron®","G1610",22,"2.6GHz","N/A","No","2/2","No","2M","CM8063701444901",3444035,null,41.05263157894737,""]
[null,"Celeron®","G1610T",22,"2.3GHz","N/A","No","2/2","No","2M","CM8063701445100",3444036,null,41.05263157894737,""]
[]
[null,"SandyBridge ",null,null,null,null,null,null,null,null,null,null,null,null,"Intel ITP Points"]
[null,null,"Proc #","Nm","Ghz","Turbo Ghz","HT","Core/Threads","Turbo","Cache","Part #","SKU #",null,"Price"]
[null,"Celeron®","G470",32,"2.0GHz","N/A","No","1/2","No","1.5M","CM8062301264401",3560002,null,36.842105263157897,""]
[]
[]
[null,"Intel Boxed MOBILE CPUs\nIntel Boxed Mobile CPUs come with a 3 year Manufacturer warranty"]
[null,"Haswell",null,null,null,null,null,null,null,null,null,null,null,null,"Intel ITP Points"]
[null,null,"Proc #","BGA/PGA","Nm","Ghz","T.Ghz","Core/Threads","Turbo","Cache","Part #","SKU #",null,"Price"]
[null,"Core™ i7 Processor","i7-4900MQ","PGA","22nm","2.8Ghz","TBC",4,"Yes","8M","BX80647I74900MQ",3566311,null,561.0526315789474,30]
[null,"Core™ i7 Processor","i7-4800MQ","PGA","22nm","2.7Ghz","TBC",4,"Yes","6M","BX80647I74800MQ",3566312,null,373.68421052631578,30]
[]
[null,"Ivy Bridge - Chief River",null,null,null,null,null,null,null,null,null,null,null,null,"Intel ITP Points"]
[null,null,"Proc #","BGA/PGA","Nm","Ghz","T.Ghz","Core/Threads","Turbo","Cache","Part #","SKU #",null,"Price"]
[null,"Core™ i7 Processor","i7-3740QM","PGA","22nm","2.7 Ghz","3.7 Ghz","4/8","Yes","6M","BX80638I73740QM ",3395552,null,373.68421052631578,""]
[null,"Core™ i7 Processor","i7-3840QM","PGA","22nm","2.8 Ghz","3.8 Ghz","4/8","Yes","8M","BX80638I73840QM",3393355,null,561.0526315789474,""]
[]
[null,"Ivy Bridge - Chief River",null,null,null,null,null,null,null,null,null,null,null,null,"Intel ITP Points"]
[null,null,"Proc #","BGA/PGA","Nm","Ghz","T.Ghz","Core/Threads","Turbo","Cache","Part #","SKU #",null,"Price"]
[null,"Core™ i5 Processor","i5-3320M","PGA","22nm","2.6 Ghz","3.3 Ghz","2/4","Yes","3M","BX80638I53320M",3298192,null,223.15789473684211,""]
[null,"Core™ i5 Processor","i5-3340M","PGA","22nm","2.7 Ghz","3.4 Ghz","2/4","Yes","3M","BX80638I53340M",3445555,null,223.15789473684211,""]
[null,"Core™ i5 Processor","i5-3380M","PGA","22nm","2.9 Ghz","3.6 Ghz","2/4","Yes","3M","BX80638I53380M",3445554,null,264.21052631578948,""]
[null,"Core™ i5 Processor","i5-3360M","PGA","22nm","2.8 Ghz","3.5 Ghz","2/4","Yes","3M","BX80638I53360M",3298191,null,264.21052631578948,""]
[]
[]
[null,"Intel TRAY/OEM MOBILE CPUs\nIntel Tray/OEM Mobile CPUs come with a 1 year Distributor warranty"]
[null,"Haswell - Crystal Well",null,null,null,null,null,null,null,null,null,null,null,null,"Intel ITP Points"]
[null,null,"Proc #","BGA/PGA","Nm","Ghz","T.Ghz","Core/Threads","Turbo","Cache","Part #","SKU #",null,"Price"]
[null,"Core™ i7 Processor","i7-4860HQ","BGA","22nm","2.4 Ghz","3.6 Ghz","4/8","Yes","6M","CL8064701510800",null,null,"N/A",""]
[null,"Core™ i7 Processor","i7-4760HQ","BGA","22nm","2.1 Ghz","3.3 Ghz","4/8","Yes","6M","CL8064701510601",null,null,427.36842105263162,""]
[null,"Core™ i7 Processor","i7-4710HQ","BGA","22nm","2.5 Ghz","3.5 Ghz","4/8","Yes","6M","CL8064701472304",null,null,371.5789473684211,""]
[null,"Core™ i7 Processor","i7-4712HQ","BGA","22nm","2.3 Ghz","3.3 Ghz","4/8","Yes","6M","CL8064701472704",null,null,371.5789473684211,""]
[null,"Core™ i7 Processor","i7-4950HQ","BGA","22nm","2.4 Ghz","3.6 Ghz","4/8","Yes","6M","CL8064701509700",null,null,612.63157894736844,""]
[null,"Core™ i7 Processor","i7-4850HQ","BGA","22nm","2.3 Ghz","3.5 Ghz","4/8","Yes","6M","CL8064701509800",null,null,427.36842105263162,""]
[null,"Core™ i7 Processor","i7-4750HQ","BGA","22nm","2.0 Ghz","3.2 Ghz","4/8","Yes","6M","CL8064701510101",null,null,427.36842105263162,""]
[]
[null,"Haswell",null,null,null,null,null,null,null,null,null,null,null,null,"Intel ITP Points"]
[null,null,"Proc #","BGA/PGA","Nm","Ghz","T.Ghz","Core/Threads","Turbo","Cache","Part #","SKU #",null,"Price"]
[null,"Core™ i7 Processor","i7-4940MX","PGA","22nm","3.1Ghz","4 Ghz","4/8","Yes","8M","CW8064701474604",3744166,null,1077.8947368421052,""]
[null,"Core™ i7 Processor","i7-4610M","PGA","22nm","3.0 Ghz","3.7Ghz","2/4","Yes","4M","CW8064701486301",3744169,null,340,""]
[null,"Core™ i7 Processor","i7-4810MQ","PGA","22nm","2.8Ghz","3.8Ghz","4/8","Yes","6M","CW8064701474405",3744167,null,371.5789473684211,""]
[null,"Core™ i7 Processor","i7-4610M","PGA","22nm","3.0 Ghz","3.7 Ghz","2/4","Yes","4M","CW8064701486301",3744169,null,340,""]
[null,"Core™ i7 Processor","i7-4710MQ","PGA","22nm","2.5 Ghz","3.5Ghz","4/8","Yes","6M","CW8064701473404",3782830,null,371.5789473684211,""]
[null,"Core™ i7 Processor","i7-4712MQ","PGA","22nm","2.3 Ghz","3.3 Ghz","4/8","Yes","6M","CW8064701473804",3782829,null,371.5789473684211,""]
[null,"Core™ i7 Processor","i7-4600M","PGA","22nm","2.9 Ghz","3.6 Ghz","2/4","Yes","3M","CW8064701486306",3633224,null,340,""]
[null,"Core™ i7 Processor","i7-4930MX","PGA","22nm","3.0Ghz","3.9 Ghz","4/8","Yes","8M","CW8064701471101",3565136,null,1077.8947368421052,""]
[null,"Core™ i7 Processor","i7-4900MQ","PGA","22nm","2.8Ghz","3.8 Ghz","4/8","Yes","8M","CW8064701470901",3565137,null,558.9473684210526,""]
[null,"Core™ i7 Processor","i7-4800MQ","PGA","22nm","2.7Ghz","3.7 Ghz","4/8","Yes","6M","CW8064701471001",3565138,null,371.5789473684211,""]
[null,"Core™ i7 Processor","i7-4700MQ","PGA","22nm","2.4Ghz","3.4 Ghz","4/8","Yes","6M","CW8064701470702",3570669,null,371.5789473684211,""]
[null,"Core™ i7 Processor","i7-4702MQ","PGA","22nm","2.2Ghz","3.2 Ghz","4/8","Yes","6M","CW8064701470802",3616134,null,371.5789473684211,""]
[null,"Core™ i7 Processor","i7-4700HQ","BGA","22nm","2.4Ghz","3.4 Ghz","4/8","Yes","6M","CL8064701470302",null,null,376.84210526315792,""]
[null,"Core™ i7 Processor","i7-4702HQ","BGA","22nm","2.2Ghz","3.2 Ghz","4/8","Yes","6M","CL8064701470403",null,null,376.84210526315792,""]
[]
[null,"Ivy Bridge - Chief River",null,null,null,null,null,null,null,null,null,null,null,null,"Intel ITP Points"]
[null,null,"Proc #","BGA/PGA","Nm","Ghz","T.Ghz","Core/Threads","Turbo","Cache","Part #","SKU #",null,"Price"]
[null,"Core™i7 Extreme Processor","i7-3940XM","PGA","22nm","3.0 Ghz","3.9 Ghz","4/8","Yes","8M","AW8063801103501",3343241,null,1077.8947368421052,""]
[null,"Core™i7 Extreme Processor","i7-3920XM","PGA","22nm","2.9 Ghz","3.8 Ghz","4/8","Yes","8M","AW8063801009607",3206053,null,1077.8947368421052,""]
[null,"Core™ i7 Processor","i7-3840QM","PGA","22nm","2.8Ghz","3.8 Ghz","4/8","Yes","8M","AW8063801103800",3343242,null,558.9473684210526,""]
[null,"Core™ i7 Processor","i7-3820QM","PGA","22nm","2.7 Ghz","3.7 Ghz","4/8","Yes","8M","AW8063801012708",3206054,null,558.9473684210526,""]
[null,"Core™ i7 Processor","i7-3740QM","PGA","22nm","2.7 Ghz","3.7 Ghz","4/8","Yes","6M","AW8063801105000",3343243,null,371.5789473684211,""]
[null,"Core™ i7 Processor","i7-3720QM","PGA","22nm","2.6 Ghz","3.6 Ghz","4/8","Yes","6M","AW8063801013116",3206055,null,371.5789473684211,""]
[null,"Core™ i7 Processor","i7-3635QM","BGA","22nm","2.4 Ghz","3.4 Ghz","4/8","Yes","6M","AV8063801106500",null,null,371.5789473684211,""]
[null,"Core™ i7 Processor","i7-3632QM","PGA","22nm","2.2 Ghz","3.2 Ghz","4/8","Yes","6M","AW8063801152800",3422177,null,371.5789473684211,""]
[null,"Core™ i7 Processor","i7-3630QM","PGA","22nm","2.4 Ghz","3.4 Ghz","4/8","Yes","6M","AW8063801106200",3395539,null,371.5789473684211,""]
[null,"Core™ i7 Processor","i7-3612QM","PGA","22nm","2.1 Ghz","3.1Ghz","4/8","Yes","6M","AW8063801130504",3230158,null,357.89473684210526,""]
[null,"Core™ i7 Processor","i7-3610QM","PGA","22nm","2.3 Ghz","3.3Ghz","4/8","Yes","6M","AW8063801013511",3230154,null,357.89473684210526,""]
[null,"Core™ i7 Processor","i7-2760QM","PGA","22nm","2.4 Ghz","3.5 Ghz","4/8","Yes","6M","FF8062701065300",3041425,null,371.5789473684211,""]
[null,"Core™ i7 Processor","i7-3540M","PGA","22nm","3.0 Ghz","3.7 Ghz","2/4","Yes","3M","AW8063801108900",3444037,null,340,""]
[null,"Core™ i7 Processor","i7-3520M","PGA","22nm","2.9 Ghz","3.4 Ghz","2/4","Yes","4M","AW8063801028703",3315197,null,340,""]
[]
[null,"Sandy Bridge - Huron River",null,null,null,null,null,null,null,null,null,null,null,null,"Intel ITP Points"]
[null,null,"Proc #","BGA/PGA","Nm","Ghz","T.Ghz","Core/Threads","Turbo","Cache","Part #","SKU #",null,"Price"]
[null,"Core™i7 Extreme Processor","I7-2920XM","PGA","32nm","2.5 Ghz","3.5 Ghz","4/8","Yes","8M","FF8062700834406",2862552,null,1077.8947368421052,""]
[null,"Core™ i7 Processor","I7-2820QM","PGA","32nm","2.30 Ghz","3.4 Ghz","4/8","Yes","8M","FF8062700834709",2862553,null,558.9473684210526,""]
[null,"Core™ i7 Processor","I7-2720QM","PGA","32nm","2.20 Ghz","3.3 Ghz","4/8","Yes","6M","FF8062700835817",2862554,null,371.5789473684211,""]
[null,"Core™ i7 Processor","i7-2670QM ","PGA","32nm","2.2 Ghz","3.1 Ghz","4/8","Yes","6M","FF8062701065500",3101796,null,357.89473684210526,""]
[null,"Core™ i7 Processor","I7-2630QM ","PGA","32nm","2 Ghz","2.9 Ghz","4/8","Yes","6M","FF8062700837005",2867601,null,357.89473684210526,""]
[null,"Core™ i7 Processor","i7-2640M","PGA","32nm","2.8 Ghz","3.5 Ghz","2/4","Yes","4M","FF8062700838905 ",3041426,null,340,""]
[]
[]
[null,"Haswell",null,null,null,null,null,null,null,null,null,null,null,null,"Intel ITP Points"]
[null,null,"Proc #","BGA/PGA","Nm","Ghz","T.Ghz","Core/Threads","Turbo","Cache","Part #","SKU #",null,"Price"]
[null,"Core™ i5 Processor","i5-4340M","PGA",22,"2.9 Ghz","2.9Ghz","2/4","Yes","3M","CW8064701486401",3744170,null,262.10526315789474,""]
[null,"Core™ i5 Processor","i5-4330M","PGA",22,"2.8 Ghz","3.5 Ghz","2/4","Yes","3M","CW8064701486406",3633225,null,262.10526315789474,""]
[null,"Core™ i5 Processor","i5-4310M","PGA",22,"2.7 Ghz","3.4 Ghz","2/4","Yes","3M"," CW8064701486501",3744170,null,326.31578947368422,""]
[null,"Core™ i5 Processor","i5-4300M","PGA",22,"2.6 Ghz","3.3 Ghz","2/4","Yes","3M","CW8064701486506",3633226,null,221.05263157894737,""]
[null,"Core™ i5 Processor","i5-4210M","PGA",22,"2.6 Ghz","3.2 Ghz","2/4","Yes","3M","CW8064701486601",3790463,null,221.05263157894737,""]
[null,"Core™ i5 Processor","i5-4200M","PGA",22,"2.5 Ghz","3.1 Ghz","2/4","Yes","3M","CW8064701486606",3744161,null,221.05263157894737,""]
[null,"Core™ i5 Processor","i5-4200H","BGA",22,"2.8 Ghz","3.4 Ghz","2/4","Yes","3M","CL8064701470601",null,null,221.05263157894737,""]
[]
[null,"Ivy Bridge - Chief River",null,null,null,null,null,null,null,null,null,null,null,null,"Intel ITP Points"]
[null,null,"Proc #","BGA/PGA","Nm","Ghz","T.Ghz","Core/Threads","Turbo","Cache","Part #","SKU #",null,"Price"]
[null,"Core™ i5 Processor","i5-3360M","PGA","22nm","2.8 Ghz","3.3 Ghz","2/4","Yes","3M","AW8063801031002",3315195,null,262.10526315789474,""]
[null,"Core™ i5 Processor","i5-3380M","PGA","22nm","2.9 Ghz","3.6 Ghz","2/4","Yes","3M","AW8063801109500 ",3444038,null,262.10526315789474,""]
[]
[]
[null,"Haswell",null,null,null,null,null,null,null,null,null,null,null,null,"Intel ITP Points"]
[null,null,"Proc #","BGA/PGA","Nm","Ghz","T.Ghz","Core/Threads","Turbo","Cache","Part #","SKU #",null,"Price"]
[null,"Core™ i3 Processor","i3-4110M","PGA","22nm","2.6 Ghz","N/A","2/4","No","3M","CW8064701486708",3790464,null,221.05263157894737,""]
[null,"Core™ i3 Processor","i3-4100M","PGA","22nm","2.5 Ghz","N/A","2/4","No","3M","CW8064701486707",3744162,null,221.05263157894737,""]
[null,"Core™ i3 Processor","i3-4000M","PGA","22nm","2.4 Ghz","N/A","2/4","No","3M","CW8064701486802",3691919,null,221.05263157894737,""]
[]
[null,"Ivy Bridge - Chief River",null,null,null,null,null,null,null,null,null,null,null,null,"Intel ITP Points"]
[null,null,"Proc #","BGA/PGA","Nm","Ghz","T.Ghz","Core/Threads","Turbo","Cache","Part #","SKU #",null,"Price"]
[null,"Core™ i3 Processor","i3-3130M","BGA","22nm","2.6 Ghz","N/A","2/2","No","3M","AV8063801111900",null,null,221.05263157894737,""]
[null,"Core™ i3 Processor","i3-3130M","PGA","22nm","2.6 Ghz","N/A","2/4","No","3M","AW8063801111500",3616989,null,221.05263157894737,""]
[null,"Core™ i3 Processor","i3-3120M","BGA","22nm","2.5 Ghz","N/A","2/4","No","3M","AV8063801112300",null,null,221.05263157894737,""]
[null,"Core™ i3 Processor","i3-3120M","PGA","22nm","2.5 Ghz","N/A","2/4","No","3M","AW8063801111700",3616988,null,221.05263157894737,""]
[null,"Core™ i3 Processor","i3-3110M","PGA","22nm","2.4 Ghz","N/A","2/4","No","3M","AW8063801211101",3616987,null,221.05263157894737,""]
[]
[]
[null,"Haswell",null,null,null,null,null,null,null,null,null,null,null,null,"Intel ITP Points"]
[null,null,"Proc #","BGA/PGA","Nm","Ghz","T.Ghz","Core/Threads","Turbo","Cache","Part #","SKU #",null,"Price"]
[null,"Pentium®","3560M ","PGA",22,"2.4 GHz","N/A","2/2","No","2M","CW8064701486906",3790465,null,131.57894736842107,""]
[null,"Pentium®","3550M ","PGA",22,"2.3 Ghz","N/A","2/2","No","2M","CW8064701486907 ",null,null,131.57894736842107,""]
[]
[null,"Ivy Bridge - Chief River",null,null,null,null,null,null,null,null,null,null,null,null,"Intel ITP Points"]
[null,null,"Proc #","BGA/PGA","Nm","Ghz","T.Ghz","Core/Threads","Turbo","Cache","Part #","SKU #",null,"Price"]
[null,"Pentium®","2020M","PGA","22nm","2.4 Ghz","N/A","2/2","No","2M","AW8063801211202",null,null,131.57894736842107,""]
[null,"Pentium®","2030M","PGA","22nm","2.5 Ghz","N/A","2/2","No","2M","AW8063801120500",3488929,null,131.57894736842107,""]
[]
[null,"Sandy Bridge - Huron River",null,null,null,null,null,null,null,null,null,null,null,null,"Intel ITP Points"]
[null,null,"Proc #","BGA/PGA","Nm","Ghz","T.Ghz","Core/Threads","Turbo","Cache","Part #","SKU #",null,"Price"]
[null,"Pentium®","B980","PGA","32nm","2.4 GHz","N/A","2/2","No","2M","FF8062700997802",null,null,131.57894736842107,""]
[null,"Pentium®","B970","PGA","32nm","2.3 Ghz","N/A","2/2","No","2M","FF8062700998002",null,null,131.57894736842107,""]
[null,"Pentium®","B960","PGA","32nm","2.2 Ghz","N/A","2/2","No","2M","FF8062700997701",3229020,null,131.57894736842107,""]
[null,"Pentium®","B950","PGA","32nm","2.1Ghz","N/A","2/2","No","2M","FF8062700847901",3214075,null,131.57894736842107,""]
[null,"Pentium®","B940","PGA","32nm","2.0 Ghz","N/A","2/2","No","2M","FF8062700847801",3147916,null,131.57894736842107,""]
[]
[]
[null,"Haswell",null,null,null,null,null,null,null,null,null,null,null,null,"Intel ITP Points"]
[null,null,"Proc #","BGA/PGA","Nm","Ghz","T.Ghz","Core/Threads","Turbo","Cache","Part #","SKU #",null,"Price"]
[null,"Celeron®","2970M","PGA",22,"2.2 Ghz","N/A","2/2","No","2M","CW8064701487001",3790466,null,73.684210526315795,""]
[null,"Celeron®","2950M","PGA",22,"2 Ghz","N/A","2/2","No","2M","CW8064701487007",3633227,null,73.684210526315795,""]
[]
[null,"Ivy Bridge",null,null,null,null,null,null,null,null,null,null,null,null,"Intel ITP Points"]
[null,null,"Proc #","BGA/PGA","Nm","Ghz","T.Ghz","Core/Threads","Turbo","Cache","Part #","SKU #",null,"Price"]
[null,"Celeron®","1020M","PGA","22nm","2.1 Ghz","N/A","2/2","No","2M","AW8063801443700",3444040,null,73.684210526315795,""]
[null,"Celeron®","1000M","PGA","22nm","1.8 Ghz","N/A","2/2","No","2M","AW8063801120200",3444041,null,84.21052631578948,""]
[]
[]
[null,"Intel CPU Thermal Solutions"]
[]
[null,"Server Heatsinks"]
[null,null,"Model","Max TDP (W)","Size",null,null,"Socket",null,null,"Part #","SKU #",null,"Price"]
[null,"Combo","STS200 C",150,"91.5mm x 91mm x 64mm",null,null,"LGA 2011",null,null,"BXSTS200C",null,null,31.578947368421055]
[null,"Narrow","STS200PNRW",130,"70mm x 106mm x 25.5mm",null,null,"LGA 2011",null,null,"BXSTS200PNRW",null,null,25.263157894736842]
[null,"Passive","STS200 P",130,"91.5mm x 91mm x 25.5mm",null,null,"LGA 2011",null,null,"BXSTS200P",null,null,27.368421052631579]
[null,"Active","STS100 A",80,"144mm x 93mm x 152mm",null,null,"LGA 1366 & 1356",null,null,"BXSTS100A",null,null,18.947368421052634]
[null,"Combo","STS100 C",130,"144mm x 93mm x 152mm",null,null,"LGA 1366 & 1356",null,null,"BXSTS100C",null,null,27.368421052631579]
[null,"Passive","STS100 P",95,"144mm x 77mm x 152mm",null,null,"LGA 1366 & 1356",null,null,"BXSTS100P",null,null,23.157894736842106]
[]
[null,"Desktop Heatsinks"]
[null,null,"Model","Max TDP (W)","Size",null,null,"Socket",null,null,"Part #","SKU #",null,"Price"]
[null,null,"BXXTS100H",null,null,null,null,null,null,null,"BXXTS100H",null,null,38.94736842105263]
[null,null,"BXTS13X",null,null,null,null,null,null,null,"BXTS13X",null,null,74.736842105263165]
[null,null,"BXRTS2011AC",null,null,null,null,null,null,null,"BXRTS2011AC",null,null,15.789473684210527]
[null,null,"BXHTS1155LP",null,null,null,null,null,null,null,"BXHTS1155LP",null,null,22.105263157894736]

{"sheet":"Embedded Intel CPUs","index":3,"n_rows":252,"n_cols":13,"rows_kept":252,"cut":false,"hidden":false,"merged":[]}
[]
[]
[]
[]
[]
[]
[]
[]
[]
[null,null,"Server CPU"]
[null,null,"Brand Name","Born on Date","Cores/\nThreads","Bus","Cache","TDP","Package","Product Code","SKU ",null,"Price"]
[null,null,"Haswell - UP"]
[null,null,"Intel® Xeon® Processor E3-1275 v3 (8M Cache, 3.50 GHz)","Q2'13","4C/8T","5 GT/s DMI","8 MB",84,"FCLGA","CM8064601466508",3566308,null,333.68421052631578]
[null,null,"Intel® Xeon® Processor E3-1268L v3 (8M Cache, 2.30 GHz)","Q2'13","4C/8T","5 GT/s DMI","8 MB",45,"FCLGA","CM8064601484200",null,null,305.26315789473688]
[null,null,"Intel® Xeon® Processor E3-1225 v3 (8M Cache, 3.20 GHz)","Q2'13","4C/4T","5 GT/s DMI","8 MB",84,"FCLGA","CM8064601466507",3566310,null,209.47368421052633]
[null,null,"Ivy Bridge - EP"]
[null,null,"Intel® Xeon® Processor E5-2609 v2 (10M Cache, 2.50 GHz)","Q3'13","4C/4T","6.4 GT/s QPI","10 MB","80W","FCLGA","CM8063501375800",3618701,null,289.47368421052636]
[null,null,"Intel® Xeon® Processor E5-2618L v2 (15M Cache, 2.00 GHz)","Q3'13","6C/12T","6.4 GT/s QPI","15 MB",50,"FCLGA","CM8063501521302",3661276,null,511.5789473684211]
[null,null,"Intel® Xeon® Processor E5-2628L v2 (20M Cache, 1.90 GHz)","Q3'13","8C/16T","7.2 GT/s QPI","20 MB",70,"FCLGA","CM8063501522202",null,null,984.21052631578948]
[null,null,"Intel® Xeon® Processor E5-2630 v2 (15M Cache, 2.60 GHz)","Q3'13","6C/12T","7.2 GT/s QPI","15 MB",80,"FCLGA","CM8063501288100",3618699,null,602.1052631578948]
[null,null,"Intel® Xeon® Processor E5-2658 v2 (25M Cache, 2.40 GHz)","Q3'13","10C/20T","8 GT/s QPI","25 MB",95,"FCLGA","CM8063501293200",3620771,null,1416.8421052631579]
[null,null,"Intel® Xeon® Processor E5-2648L v2 (20M Cache, 1.90 GHz)","Q3'13","8C/16T","7.2 GT/s QPI","20 MB",70,"FCLGA","CM8063501293506",3661275,null,1197.8947368421054]
[null,null,"Intel® Xeon® Processor E5-2640 v2 (20M Cache, 2.00 GHz)","Q3'13","8C/16T","7.2 GT/s QPI","20 MB",95,"FCLGA","CM8063501288202",3618698,null,870.52631578947376]
[null,null,"Intel® Xeon® Processor E5-2680 v2 (25M Cache, 2.80 GHz)","Q3'13","10C/20T","8 GT/s QPI","25 MB",115,"FCLGA","CM8063501374901",3618694,null,1694.7368421052633]
[null,null,"Ivy Bridge - EP (4S)"]
[null,null,"Intel® Xeon® Processor E5-4624L v2 (25M Cache, 1.90 GHz)","Q3'13","10C/20T","N/A","25 MB",70,"FCLGA","CM8063501293407",null,null,1947.3684210526317]
[null,null,"Ivy Bridge - UP"]
[null,null,"Intel® Xeon® Processor E3-1225 v2 (8M Cache, 3.20 GHz)","Q2'12","4C/4T","5 GT/s DMI","8 MB",95,"FCLGA","CM8062307262304",2878760,null,194.73684210526318]
[null,null,"Intel® Xeon® Processor E3-1275 v2 (8M Cache, 3.50 GHz)","Q2'12","4C/8T","5 GT/s DMI","8 MB",77,"FCLGA","CM8063701098702",3226907,null,333.68421052631578]
[null,null,"Ivy Bridge - EN"]
[null,null,"Intel® Xeon® Processor E5-2448L v2 (25M Cache, 1.80 GHz) ","Q3'13","10C/20T","N/A","25 MB",70,"FCLGA","CM8063401293802",3941759,null,1152.6315789473686]
[null,null,"Intel® Xeon® Processor E5-2428L v2 (20M Cache, 1.80 GHz) ","Q3'13","8C/16T","N/A","20 MB",60,"FCLGA","CM8063401293902",null,null,820]
[null,null,"Intel® Xeon® Processor E5-1428L v2 (15M Cache, 2.20 GHz)","Q3'13","6C/12T","N/A","15 MB",60,"FCLGA","CM8063401521400",null,null,400]
[null,null,"Intel® Xeon® Processor E5-2450 v2 (20M Cache, 2.50 GHz)","Q3'13","8C/16T","N/A","20 MB",95,"FCLGA","CM8063401376400",3746576,null,1089.4736842105265]
[null,null,"Intel® Xeon® Processor E5-2430 v2 (15M Cache, 2.50 GHz) ","Q3'13","6C/12T","N/A","15 MB",80,"FCLGA","CM8063401286400",3746578,null,542.1052631578948]
[null,null,"Intel® Xeon® Processor E5-2418L v2 (15M Cache, 2.00 GHz) ","Q3'13","6C/12T","N/A","15 MB",50,"FCLGA","CM8063401294008",3890644,null,491.5789473684211]
[null,null,"Intel® Pentium® Processor 1405 v2","Q3'13","2C/4T","N/A","6 MB L2",40,"FCLGA","CM8063401294304",null,null,153.68421052631581]
[null,null,"Sandy Bridge - EN"]
[null,null,"Intel® Xeon® Processor E5-2448L (20M, 1.8 GHz, 8.0 GT/s Intel® QPI)","Q2'12","8C","8 GT/s QPI","  20 MB",70,"FCLGA","CM8062007187409",3420603,null,1089.4736842105265]
[null,null,"Intel® Xeon® Processor E5-2428L (15M, 1.8 GHz, 7.2 GT/s Intel® QPI)","Q2'12","6C","7.2 GT/s QPI","  15 MB",60,"FCLGA","CM8062007187509",3461845,null,594.73684210526324]
[null,null,"Intel® Xeon® Processor E5-2430 (15M Cache, 2.20 GHz, 7.20 GT/s Intel® QPI)","Q2'12","4C","6.4 GT/s QPI","  10 MB",50,"FCLGA","CM8062001122601",3226899,null,542.1052631578948]
[null,null,"Intel® Xeon® Processor E5-2418L (10M, 2.0 GHz, 6.4 GT/s Intel® QPI)","Q2'12","6C","7.2 GT/s QPI","15 MB SmartCache",95,"FCLGA","CM8062000911406",3440638,null,367.36842105263162]
[null,null,"Sandy Bridge - EP"]
[null,null,"Intel® Xeon® Processor E5-2658 (20M, 2.10 GHz, 8.0 GT/s Intel® QPI)","Q1'12","8C","8 GT/s QPI","20 MB",95,"FCLGA","CM8062101042805",3178298,null,1197.8947368421054]
[null,null,"Intel® Xeon® Processor E5-2648L (20M, 1.80 GHz, 8.0 GT/s Intel® QPI)","Q1'12","8C","8 GT/s QPI","20 MB",70,"FCLGA","CM8062100854905",3226660,null,1089.4736842105265]
[null,null,"Intel® Xeon® Processor E5-2620 (15M Cache, 2.00 GHz, 7.20 GT/s Intel® QPI)","Q1'12","6C","7.2 GT/s QPI","15 MB",95,"FCLGA","CM8062101048401",3134828,null,398.94736842105266]
[null,null,"Intel® Xeon® Processor E5-2620 (15M Cache, 2.00 GHz, 7.20 GT/s Intel® QPI)","Q3'11",null,"7.2 GT/s QPI",null,null,"FCLGA","CM8062101048401",3134828,null,398.94736842105266]
[null,null,"Sandy Bridge - UP"]
[null,null,"Intel® Xeon® Processor E3-1275 (8M Cache, 3.40 GHz)","Q2'11","4C","5 GT/s DMI","LGA",95,"LGA","CM8062307262003",2878757,null,333.68421052631578]
[null,null,"Intel® Xeon® Processor E3-1225 (6M Cache, 3.10 GHz)","Q2'11","4C","5 GT/s DMI","LGA",95,"LGA","CM8062307262304",2878760,null,194.73684210526318]
[null,null,"Gladden"]
[null,null,"Intel® Xeon E3 1125 (4C, 2GHz, 8MB LLC, 40W)","Q2'12","4C",null,"6 MB L3",40,"FCBGA","AV8062701146600",3464206,null,420]
[null,null,"Intel® Xeon E3 1105 C (4C, 1GHz, 6MB LLC, 25W)","Q2'12","4C",null,"9 MB L3",25,"FCBGA","AV8062701048800",3443744,null,314.73684210526318]
[null,null,"Intel® Core i3-2115 C (2C, 2GHz,  3MB LLC, 25W)","Q2'12","2C","5 GT/s DMI"," 3MB SmartCache",25,"FCBGA","AV8062701064700",null,null,236.84210526315792]
[null,null,"Jasper Forest"]
[null,null,"Intel® Xeon® Processor EC5549 (8M Cache, 2.53 GHz, 5.87 GT/s Intel® QPI)","Q1'10","4C","5.87 GT/s QPI","8 MB L3",85,"FCLGA","AT80612005712AB",3067666,null,490.5263157894737]
[null,null,"Intel® Xeon® Processor EC5539 (4M Cache, 2.27 GHz, 5.87 GT/s Intel® QPI)","Q1'10","2C","5.87 GT/s QPI","4 MB L3",65,"FCLGA","AT80612003861AB",2943039,null,369.47368421052636]
[null,null,"Intel® Xeon® Processor EC5509 (8M Cache, 2.00 GHz, 4.80 GT/s Intel® QPI)","Q1'10","4C","4.8 GT/s QPI","8 MB L3",85,"FCLGA","AT80612004740AA",null,null,261.0526315789474]
[null,null,"Intel® Xeon® Processor EC3539 (8M Cache, 2.13 GHz)","Q1'10","4C","2.5 GT/s DMI","8 MB L3",65,"FCLGA","AT80612003090AA",null,null,296.84210526315792]
[null,null,"Intel® Xeon® Processor LC5528 (8M Cache, 2.13 GHz, 4.80 GT/s Intel® QPI)","Q1'10","4C","4.8 GT/s QPI","8 MB L3",60,"FCLGA","AT80612003858AA",3177301,null,480]
[null,null,"Intel® Xeon® Processor LC5518 (8M Cache, 1.73 GHz, 4.80 GT/s Intel® QPI)","Q1'10","4C","4.8 GT/s QPI","8 MB L3",48,"FCLGA","AT80612002928AC",2655964,null,480]
[null,null,"Intel® Xeon® Processor LC3528 (4M Cache, 1.73 GHz)","Q1'10","2C","2.5 GT/s DMI","4 MB L3",35,"FCLGA","AT80612002931AB",2655963,null,292.63157894736844]
[null,null,"Intel® Xeon® Processor LC3518 (2M Cache, 1.73 GHz)","Q1'10","1C","2.5 GT/s DMI","2 MB L3",23,"FCLGA","AT80612002946AA",2672327,null,183.15789473684211]
[null,null,"Intel® Celeron® Processor P1053 (2M Cache, 1.33 GHz)","Q1'10","1C",null,"2 MB L3",30,"FCLGA","AT80612004743AA",2923064,null,147.36842105263159]
[null,null,"Westmere - EP"]
[null,null,"Intel® Xeon® Processor E5645 (12M Cache, 2.40 GHz, 5.86 GT/s Intel® QPI)","Q1'10","6C","5.86 GT/s QPI","SmartCache 12   MB",80,"FCLGA","AT80614003597AC",2668518,null,542.1052631578948]
[null,null,"Intel® Xeon® Processor E5620 (12M Cache, 2.40 GHz, 5.86 GT/s Intel® QPI)","Q1'10","1900-01-04","5.86 GT/s QPI","SmartCache 12   MB",80,"FCLGA","AT80614005073AB",2625356,null,381.0526315789474]
[null,null,"Intel® Xeon® Processor L5638 (12M Cache, 2.00 GHz, 5.86 GT/s Intel® QPI)","Q1'10","6C","5.86 GT/s QPI","  12   MB",60,"FCLGA","AT80614003591AB",2726351,null,526.31578947368428]
[null,null,"Intel® Xeon® Processor L5618 (12M Cache, 1.87 GHz, 5.86 GT/s Intel® QPI)","Q1'10","4C","5.86 GT/s QPI","  12   MB",40,"FCLGA","AT80614005079AB",2726352,null,437.89473684210526]
[null,null,"Nehalem - EP"]
[null,null,"Intel® Xeon® Processor E5540 (8M Cache, 2.53 GHz, 5.86 GT/s Intel® QPI)","Q1'09",null,"5.86 GT/s QPI","8 MB SmartCache",80,null,"AT80602000789AA",2375286,null,761.0526315789474]
[null,null,"Intel® Xeon® Processor E5504 (4M Cache, 2.00 GHz, 4.80 GT/s Intel® QPI)","Q1'09","4C/4T","4.8 GT/s QPI","4 MB SmartCache","80","FC-LGA8","AT80602000801AA",2375290,null,221.05263157894737]
[null,null,"Intel® Xeon® Processor L5518 (8M Cache, 2.13 GHz, 5.86 GT/s Intel® QPI)","Q1'09","4C/8T","5.86 GT/s QPI","8 MB SmartCache","60","FC-LGA8","AT80602002265AB",2453455,null,475.78947368421052]
[null,null,"Intel® Xeon® Processor L5508 (8M Cache, 2.00 GHz, 5.86 GT/s Intel® QPI)","Q1'09","2C/4T","5.86 GT/s QPI","8 MB SmartCache","38","FC-LGA8","AT80602002697AC",2426345,null,380]
[null,null,"Harpertown"]
[null,null,"Intel® Xeon® Processor E5440 (12M Cache, 2.83 GHz, 1333 MHz FSB)","Q1'08","4C/4T","1333 MHz FSB","12 MB L2","80","FC-LGA8","AT80574KJ073N",2267357,null,605.26315789473688]
[null,null,"Intel® Xeon® Processor L5410 (12M Cache, 2.33 GHz, 1333 MHz FSB)","Q1'08","4C/4T","1333 MHz FSB","12 MB L2","50","FC-LGA8","AT80574JJ053N",2267362,null,317.89473684210526]
[null,null,"Intel® Xeon® Processor L5408 (12M Cache, 2.13 GHz, 1066 MHz FSB)","Q1'08","4C/4T","1066 MHz FSB","12 MB L2","40","FC-LGA8","AT80574JH046NT",2424707,null,425.26315789473688]
[null,null,"Wolfdale - DP"]
[null,null,"Intel® Xeon® Processor E5240 (6M Cache, 3.00 GHz, 1333 MHz FSB)","Q1'08","2C/2T","1333 MHz FSB","6 MB L2","65","FC-LGA8","AT80573QJ0806M",2372772,null,557.89473684210532]
[null,null,"Intel® Xeon® Processor E5220 (6M Cache, 2.33 GHz, 1333 MHz FSB)","Q1'08","2C/2T","1333 MHz FSB","6 MB L2","65","FC-LGA8","AT80573QJ0536M ",2518370,null,298.94736842105266]
[null,null,"Intel® Xeon® Processor L5238 (6M Cache, 2.66 GHz, 1333 MHz FSB)","Q1'08","2C/2T","1333 MHz FSB","6 MB L2","35","FC-LGA8","AT80573JJ0676MT",null,null,527.36842105263156]
[null,null,"Woodcrest"]
[null,null,"Intel® Xeon® Processor LV 5138 (4M Cache, 2.13 GHz, 1066 MHz FSB)","Q2'06","2C/2T","1066 MHz FSB","4 MB L2","35","FC-LGA6H","HH80556JH0464M",2032706,null,400]
[null,null,"Sossman"]
[null,null,"Intel® Xeon® Processor LV 2.00 GHz, 2M Cache, 667 MHz FSB","Q1'06","2C/2T","667 MHz FSB","2 MB L2",31,"FC-PGA6","LF80539KF0412M",1090008,null,309.47368421052636]
[null,null,"Intel® Xeon® Processor LV 1.66 GHz, 2M Cache, 667 MHz FSB","Q1'06","2C/2T","667 MHz FSB","2 MB L2","31","FC-PGA6","LF80539JF0282M",null,null,291.57894736842104]
[null,null,"Intel® Xeon® Processor LV 1.66 GHz, 2M Cache, 667 MHz FSB","Q1'06","2C/2T","667 MHz FSB","2 MB L2","31","FC-PGA6","LF80539KF0282M",1172073,null,183.15789473684211]
[null,null,"Intel® Celeron® Processor 1.66 GHz, 1M Cache, 667 MHz FSB","Q1'06","1C/1T","667 MHz FSB","1 MB L2","27","FC-PGA6","LF80538KF0281M",3336079,null,73.684210526315795]
[]
[null,null,"Desktop CPU"]
[null,null,"Brand Name","Born on Date","Cores/\nThreads","Bus","Cache","TDP","Package","Product Code","Synnex SKU",null,"Price"]
[null,null,"Haswell"]
[null,null,"Intel® Core™ i7-4790S Processor (8M Cache, up to 4.00 GHz)","Q2'13","4C/8T","5 GT/s DMI","  8 MB",65,"FCLGA","CM8064601561014",3790449,null,297.89473684210526]
[null,null,"Intel® Core™ i7-4770S Processor (8M Cache, up to 3.90 GHz)","Q2'13","4C/8T","5 GT/s DMI","  8 MB",65,"FCLGA","CM8064601465504",3533373,null,297.89473684210526]
[null,null,"Intel® Core™ i7-4770TE Processor (8M Cache, up to 3.30 GHz)","Q2'13","4C/8T","5 GT/s DMI","  8 MB",45,"FCLGA","CM8064601538900",3662158,null,297.89473684210526]
[null,null,"Intel® Core™ i5-4590S Processor (6M Cache, up to 3.70 GHz)","Q2'13","4C/8T","5 GT/s DMI","  6 MB",65,"FCLGA","CM8064601561214",3790454,null,188.42105263157896]
[null,null,"Intel® Core™ i5-4590T Processor (6M Cache, up to 3.00 GHz)","Q2'13","4C/8T","5 GT/s DMI","  6 MB",35,"FCLGA","CM8064601561826",3790455,null,188.42105263157896]
[null,null,"Intel® Core™ i5-4570S Processor (6M Cache, up to 3.60 GHz)","Q2'13","4C/8T","5 GT/s DMI","  6 MB",65,"FCLGA","CM8064601465605",3533365,null,188.42105263157896]
[null,null,"Intel® Core™ i5-4570TE Processor (4M Cache, up to 3.30 GHz)","Q2'13","2C/4T","5 GT/s DMI","  4 MB",35,"FCLGA","CM8064601484301",3724845,null,188.42105263157896]
[null,null,"Intel® Core™ i3-4360 Processor (4M Cache, 3.70 GHz)","Q2'13","2C/4T","5 GT/s DMI","  4 MB",54,"FCLGA","CM8064601482461",3790444,null,135.78947368421052]
[null,null,"Intel® Core™ i3-4350T Processor (4M Cache, 3.10 GHz)","Q2'13","2C/4T","5 GT/s DMI","  4 MB",35,"FCLGA","CM8064601481957",3790458,null,135.78947368421052]
[null,null,"Intel® Core™ i3-4330 Processor (4M Cache, 3.50 GHz)","Q2'13","2C/4T","5 GT/s DMI","  4 MB",54,"FCLGA","CM8064601482423",3633232,null,135.78947368421052]
[null,null,"Intel® Core™ i3-4330TE Processor (4M Cache, 2.40 GHz)","Q2'13","2C/4T","5 GT/s DMI","  4 MB",35,"FCLGA","CM8064601484402",3886934,null,120]
[null,null,"Intel® Pentium® Processor G3420 (3M Cache, 3.20 GHz)","Q2'13","2C/4T","5 GT/s DMI","  3 MB",53,"FCLGA","CM8064601482522",3633235,null,73.684210526315795]
[null,null,"Intel® Pentium® Processor G3320TE (3M Cache, 2.30 GHz)","Q2'13","2C/4T","5 GT/s DMI","  3 MB",35,"FCLGA","CM8064601484501",3886936,null,68.421052631578945]
[null,null,"Intel® Celeron® Processor G1820 (2M Cache, 2.70 GHz)","Q2'13","2C/4T","5 GT/s DMI","  2 MB",53,"FCLGA","CM8064601483405",3744160,null,41.05263157894737]
[null,null,"Intel® Celeron® Processor G1820TE (2M Cache, 2.20 GHz)","Q2'13","2C/4T","5 GT/s DMI","  2 MB",35,"FCLGA","CM8064601618705",3876431,null,41.05263157894737]
[null,null,"Ivy Bridge"]
[null,null,"Intel® Core™ i7-3770 Processor (8M Cache, up to 3.90 GHz)","Q2'12","4C/8T",null,"8MB",95,"FC-LGA12C ","CM8063701211600",3206058,null,289.47368421052636]
[null,null,"Intel® Core™ i5-3550S Processor (6M Cache, up to 3.70 GHz)","Q2'12","4C/4T",null,"6MB",65,"FC-LGA12C ","CM8063701095203",3206064,null,202.10526315789474]
[null,null,"Intel® Core™ i3-3220 Processor (3M Cache, 3.30 GHz)","Q2'12","4C/4T","5 GT/s DMI","6MB",65,"FC-LGA12C ","CM8063701137502",3343238,null,114.73684210526316]
[null,null,"Intel® Pentium® Processor G2120 (3M Cache, 3.10 GHz)","Q2'12","4C/4T","5 GT/s DMI","6MB",null,"FC-LGA12C ","CM8063701095801",3365897,null,73.684210526315795]
[null,null,"Intel® Celeron® Processor G1620 (2M Cache, 2.70 GHz)","Q2'12","4C/4T","5 GT/s DMI","6MB",65,"FC-LGA12C ","CM8063701445001",3444034,null,41.05263157894737]
[null,null,"Sandy Bridge"]
[null,null,"Intel® Core™ i7-2600 Processor (8M Cache, up to 3.80 GHz)","Q1'11","4C","5 GT/s DMI","LGA",95,"LGA","CM8062300834302",2857636,null,289.47368421052636]
[null,null,"Intel® Core™ i5-2400 Processor (6M Cache, up to 3.40 GHz)","Q1'11","4C","5 GT/s DMI","LGA",95,"LGA","CM8062300834106",2857640,null,181.05263157894737]
[null,null,"Intel® Core™ i3-2120 Processor (3M Cache, 3.30 GHz)","Q1'11","2C","5 GT/s DMI","FCLGA",65,"FCLGA","CM8062301044204",2857634,null,114.73684210526316]
[null,null,"Intel® Pentium® Processor G850 (3M Cache, 2.90 GHz)","Q2'11","2C","5 GT/s DMI","FCLGA",65,"FCLGA","CM8062301046204",2960630,null,73.684210526315795]
[null,null,"Intel® Celeron® Processor G540 (2M Cache, 2.50 GHz)","Q3'11","2C","5 GT/s DMI","FCLGA",65,"FCLGA","CM8062301046804",3018389,null,41.05263157894737]
[null,null,"Gladden"]
[null,null,"Intel® Pentium B915 C (2C,1.5GHz , 3MB LLC, 15W)","Q2'12","2C",null,"3 MB L3",15,"FCBGA","AV8062701147401",null,null,135.78947368421052]
[null,null,"Intel® Celeron 725 C (1C, 1.3GHz, 1.5MB LLC, 10W)","Q2'12","1C",null,"1.5  MB L3 ",10,"FCBGA","AV8062701147000",null,null,72.631578947368425]
[null,null,"Clarkdale"]
[null,null,"Intel® Core™ i5-660 Processor (4M Cache, 3.33 GHz)","Q1'10","2C","2.5 GT/s DMI","4 MB SmartCache",73,"FCLGA","CM80616003177AC",null,null,198.94736842105263]
[null,null,"Intel® Core™ i3-540 Processor (4M Cache, 3.06 GHz)","Q1'10","2C","2.5 GT/s DMI","4 MB SmartCache",73,"FCLGA","CM80616003060AE",null,null,112.63157894736842]
[null,null,"Intel® Pentium® Processor G6950 (3M Cache, 2.80 GHz)","Q1'10","2C","2.5 GT/s DMI","3 MB SmartCache",73,"FCLGA","CM80616004593AE",null,null,84.21052631578948]
[null,null,"Intel® Celeron® Processor G1101 (2M Cache, 2.26 GHz)","Q1'10","2C/2T","2.5 GT/s DMI","2 MB SmartCache","73","FC-LGA10","CM80616004596AC",null,null,68.421052631578945]
[null,null,"Lynnfield"]
[null,null,"Intel® Xeon® Processor X3450 (8M Cache, 2.66 GHz)","Q3'09","4C/8T","2.5 GT/s DMI","8 MB SmartCache","95","FC-LGA8","BV80605001911AQ",2521856,null,246.31578947368422]
[null,null,"Intel® Xeon® Processor X3430 (8M Cache, 2.40 GHz)","Q3'09","4C/4T","2.5 GT/s DMI","8 MB SmartCache","95","FC-LGA8","BV80605001914AG",2521858,null,189.47368421052633]
[null,null,"Intel® Core™ i7-860 Processor (8M Cache, 2.80 GHz)","Q3'09","4C/8T","2.5 GT/s DMI","8 MB SmartCache","95","FC-LGA8","BV80605001908AK",null,null,277.89473684210526]
[null,null,"Intel® Core™ i5-750 Processor (8M Cache, 2.66 GHz)","Q3'09","4C/4T","2.5 GT/s DMI","8 MB SmartCache","95","FC-LGA8","BV80605001911AP",null,null,198.94736842105263]
[null,null,"Yorkfield"]
[null,null,"Intel® Core™2 Quad Processor Q9400 (6M Cache, 2.66 GHz, 1333 MHz FSB)","Q3'08","4C/4T","1333 MHz FSB","6 MB L2","95","FC-LGA8","AT80580PJ0676M",null,null,183.15789473684211]
[null,null,"Wolfdale"]
[null,null,"Intel® Core™2 Duo Processor E8400 (6M Cache, 3.00 GHz, 1333 MHz FSB)","Q1'08","2C/2T","1333 MHz FSB","6 MB L2","65","FC-LGA8","AT80570PJ0806M",null,null,150.5263157894737]
[null,null,"Intel® Core™2 Duo Processor E7400 (3M Cache, 2.80 GHz, 1066 MHz FSB)","Q1'08","2C/2T","1066 MHz FSB","3 MB L2","65","FC-LGA8","AT80571PH0723ML",null,null,109.47368421052632]
[null,null,"Intel® Pentium® Processor E6500 (2M Cache, 2.93 GHz, 1066 FSB)","Q1'08","2C/2T","1066 MHz FSB","2 MB L2","65","FC-LGA8","AT80571PH0772ML",null,null,68.421052631578945]
[null,null,"Intel® Pentium® Processor E5300 (2M Cache, 2.60 GHz, 800 MHz FSB)","Q1'08","2C/2T","800 MHz FSB","2 MB L2","65","FC-LGA8","AT80571PG0642ML",null,null,61.05263157894737]
[null,null,"Intel® Celeron® Processor E3400 (1M Cache, 2.60 GHz, 800 MHz FSB)","Q1'08","2C/2T","800 MHz FSB","1 MB SmartCache","65","FC-LGA8","AT80571RG0641ML",null,null,41.05263157894737]
[null,null,"Conroe"]
[null,null,"Intel® Core™2 Duo Processor E6400 (2M Cache, 2.13 GHz, 1066 MHz FSB)","Q3'06","2C/2T","1066 MHz FSB","2 MB L2","65","FC-LGA6","HH80557PH0462M",null,null,126.31578947368422]
[null,null,"Intel® Core™2 Duo Processor E4300 (2M Cache, 1.80 GHz, 800 MHz FSB)","Q3'06","2C/2T","800 MHz FSB","2 MB L2","65","FC-LGA6","HH80557PG0332M",null,null,104.21052631578948]
[null,null,"Intel® Pentium® Processor E2160 (1M Cache, 1.80 GHz, 800 MHz FSB)","Q3'06","2C/2T","800 MHz FSB","1 MB L2","65","FC-LGA6","HH80557PG0331M",null,null,58.947368421052637]
[null,null,"Intel® Celeron® Processor E1500 (512K Cache, 2.20 GHz, 800 MHz FSB)","Q3'06","2C/2T","800 MHz FSB","512 KB L2","65","FC-LGA6","HH80557PG049D",null,null,37.894736842105267]
[null,null,"Intel® Celeron® Processor 440 (512K Cache, 2.00 GHz, 800 MHz FSB)","Q3'06","1C/1T","800 MHz FSB","512 KB L2","35","FC-LGA6","HH80557RG041512",null,null,34.736842105263158]
[null,null,"Cedar Mill"]
[null,null,"Intel® Pentium® 4 Processor 651 supporting HT Technology (2M Cache, 3.40 GHz, 800 MHz FSB)","Q2'06","1C/2T","800 MHz FSB","2 MB L2","86","FC-LGA6","HH80552PG0962M",null,null,80]
[null,null,"Intel® Celeron® D Processor 352 (512K Cache, 3.20 GHz, 533 MHz FSB)","Q2'06","1C/1T","533 MHz FSB","512 KB L2",65,"FC-LGA6","HH80552RE088512",null,null,31.578947368421055]
[]
[null,null,"Mobile CPU"]
[null,null,"Brand Name","Born on","Cores/\nThreads","Bus","Cache","TDP","Package","Product Code","SYNNEX SKU",null,"Price"]
[null,null,"Haswell"]
[null,null,"Intel® Core™ i7-4701EQ Processor (6M Cache, up to 3.40 GHz)","Q2'13","4C/8T","5 GT/s DMI","6MB SmartCache",null,"FCBGA","CL8064701575100",null,null,408.42105263157896]
[null,null,"Intel® Core™ i7-4700EQ Processor (6M Cache, up to 3.40 GHz)","Q2'13","4C/8T","5 GT/s DMI","6MB SmartCache",47,"FCBGA","CL8064701483802",null,null,371.5789473684211]
[null,null,"Intel® Core™ i7-4650U Processor (4M Cache, up to 3.30 GHz)","Q2'13","2C/4T","5 GT/s DMI","4MB SmartCache",15,"FCBGA","CL8064701462800",null,null,418.94736842105266]
[null,null,"Intel® Core™ i5-4422E Processor (3M Cache, up to 2.90 GHz)","Q2'13","2C/4T","5 GT/s DMI","3MB SmartCache",25,"FCBGA","CL8064701588605",null,null,262.10526315789474]
[null,null,"Intel® Core™ i5-4410E Processor (3M Cache, up to 2.90 GHz)","Q2'13","2C/4T","5 GT/s DMI","3MB SmartCache",37,"FCBGA","CL8064701589205",null,null,262.10526315789474]
[null,null,"Intel® Core™ i5-4402E Processor (3M Cache, up to 2.70 GHz)","Q2'13","2C/4T","5 GT/s DMI","3MB SmartCache",25,"FCBGA","CL8064701528501",null,null,262.10526315789474]
[null,null,"Intel® Core™ i5-4400E Processor (3M Cache, up to 3.30 GHz)","Q2'13","2C/4T","5 GT/s DMI","3MB SmartCache",37,"FCBGA","CL8064701483902",null,null,262.10526315789474]
[null,null,"Intel® Core™ i5-4300U Processor (3M Cache, up to 2.90 GHz)","Q2'13","2C/4T","5 GT/s DMI","3MB SmartCache",15,"FCBGA","CL8064701477400",null,null,276.84210526315792]
[null,null,"Intel® Core™ i3-4330TE Processor (4M Cache, 2.40 GHz)","Q2'13","2C/4T","5 GT/s DMI","4MB SmartCache",35,"FCBGA","CM8064601484402",null,null,120]
[null,null,"Intel® Core™ i3-4112E Processor (3M Cache, 1.80 GHz)","Q2'13","2C/4T","5 GT/s DMI","3MB SmartCache",25,"FCBGA","CL8064701588505",null,null,221.05263157894737]
[null,null,"Intel® Core™ i3-4110E Processor (3M Cache, 2.60 GHz)","Q2'13","2C/4T","5 GT/s DMI","3MB SmartCache",37,"FCBGA","CL8064701589005",null,null,221.05263157894737]
[null,null,"Intel® Core™ i3-4102E Processor (3M Cache, 1.60 GHz)","Q2'13","2C/4T","5 GT/s DMI","3MB SmartCache",25,"FCBGA","CL8064701528601",null,null,221.05263157894737]
[null,null,"Intel® Core™ i3-4100E Processor (3M Cache, 2.40 GHz)","Q2'13","2C/4T","5 GT/s DMI","3MB SmartCache",37,"FCBGA","CL8064701484002",null,null,221.05263157894737]
[null,null,"Intel® Core™ i3-4010U Processor (3M Cache, 1.70 GHz)","Q2'13","2C/4T","5 GT/s DMI","3MB SmartCache",15,"FCBGA","CL8064701478202",null,null,276.84210526315792]
[null,null,"Intel® Celeron® Processor 2980U (2M Cache, 1.60 GHz)","Q2'13","2C/4T","5 GT/s DMI","2MB SmartCache",15,"FCBGA","CL8064701479801",null,null,105.26315789473685]
[null,null,"Intel® Celeron® Processor 2002E (2M Cache, 1.50 GHz)","Q2'13","2C/4T","5 GT/s DMI","2MB SmartCache",25,"FCBGA","CL8064701484102",null,null,371.5789473684211]
[null,null,"Intel® Celeron® Processor 2000E (2M Cache, 2.20 GHz)","Q2'13","2C/4T","5 GT/s DMI","2MB SmartCache",37,"FCBGA","CL8064701528700",null,null,441.0526315789474]
[null,null,"Ivy Bridge"]
[null,null,"Intel® Core™ i7-3612QE Processor (6M Cache, 2.1 GHz)","Q2'12","4C/8T","5 GT/s DMI","6MB SmartCache",35,"FC-BGA12F","AV8063801149203",3364255,null,403.15789473684214]
[null,null,"Intel® Core™ i7-3615QE Processor (6M Cache, 2.3 GHz)","Q2'12","4C/8T","5 GT/s DMI","6MB SmartCache",45,"FC-BGA12F","AV8063801117503",null,null,371.5789473684211]
[null,null,"Intel® Core™ i7-3610QE Processor (6M Cache, 2.3 GHz)","Q2'12","4C/8T","5 GT/s DMI","6MB SmartCache",45,"FC-BGA12F","AW8063801118306",3332451,null,371.5789473684211]
[null,null,"Intel® Core™ i7-3555LE Processor (6M Cache, 2.5 GHz)","Q2'12","2C/4T","5 GT/s DMI","4MB SmartCache",25,"FC-BGA12F","AV8063801116903",null,null,340]
[null,null,"Intel® Core™ i7-3517UE Processor (6M Cache, 1.7 GHz)","Q2'12","2C/4T","5 GT/s DMI","4MB SmartCache",17,"FC-BGA12F","AV8063801149402",3325398,null,311.57894736842104]
[null,null,"Intel® Core™ i5-3610ME Processor (4M Cache, 2.7 GHz)","Q2'12","2C/4T","5 GT/s DMI","3MB SmartCache",35,"FC-PGA12F","AW8063801115901",3332450,null,262.10526315789474]
[null,null,"Intel® Core™ i5-3610ME Processor (4M Cache, 2.7 GHz)","Q2'12","2C/4T","5 GT/s DMI","3MB SmartCache",35,"FC-BGA12F","AV8063801116102",3612969,null,262.10526315789474]
[null,null,"Intel® Core™ i3-3120ME Processor (3M Cache, 2.40 GHz) ","Q2'12","2C/4T","5 GT/s DMI","3MB SmartCache",35,"FC-PGA12F","AW8063801117902",3420989,null,221.05263157894737]
[null,null,"Intel® Core™ i3-3120ME Processor (3M Cache, 2.40 GHz) ","Q2'12","2C/4T","5 GT/s DMI","3MB SmartCache",35,"FC-BGA12F","AV8063801117301",3470653,null,221.05263157894737]
[null,null,"Intel® Core™ i3-3217UE Processor (3M Cache, 1.60 GHz)","Q2'12","2C/4T","5 GT/s DMI","3MB SmartCache",17,"FC-BGA12F","AV8063801149502",null,null,246.31578947368422]
[null,null,"Intel® Celeron® Processor 1020E (2M Cache, 2.20 GHz)","Q2'12","2C/1T","5 GT/s DMI","2MB SmartCache",35,"FC-PGA12F","AW8063801117700",3565515,null,84.21052631578948]
[null,null,"Intel® Celeron® Processor 1020E (2M Cache, 2.20 GHz)","Q2'12","2C/1T","5 GT/s DMI","2MB SmartCache",35,"FC-BGA12F","AV8063801276200",null,null,84.21052631578948]
[null,null,"Intel® Celeron® Processor 1047UE (2M Cache, 1.40 GHz)","Q2'12","2C/1T","5 GT/s DMI","2MB SmartCache",17,"FC-BGA12F","AV8063801116300",null,null,131.57894736842107]
[null,null,"Intel® Celeron® Processor 927UE (1M Cache, 1.50 GHz)","Q2'12","1C/1T","5 GT/s DMI","2MB SmartCache",17,"FC-BGA12F","AV8063801129600",null,null,105.26315789473685]
[null,null,"Sandy Bridge"]
[null,null,"Intel® Core™ i7-2715QE Processor (6M Cache, 2.1 GHz)","Q1 '11","4C/8T","5 GT/s DMI","6MB SmartCache",45,"FC-BGA10","AV8062700843908",null,null,371.5789473684211]
[null,null,"Intel® Core™ i7-2710QE Processor (6M Cache, 2.1 GHz)","Q1 '11","4C/8T","5 GT/s DMI","6MB SmartCache",45,"FC-PGA10","FF8062700841002",2971412,null,371.5789473684211]
[null,null,"Intel® Core™ i7-2655LE Processor (4M Cache, 2.2 GHz)","Q1 '11","2C/4T","5 GT/s DMI","4MB SmartCache",25,"FC-BGA10","AV8062700849508",null,null,340]
[null,null,"Intel® Core™ i7-2610UE Processor (4M Cache, 1.5 GHz)","Q1 '11","2C/4T","5 GT/s DMI","4MB SmartCache",17,"FC-BGA10","AV8062700849607",3454547,null,311.57894736842104]
[null,null,"Intel® Core™ i5-2515E Processor (3M Cache, 2.5 GHz)","Q1 '11","2C/4T","5 GT/s DMI","3MB SmartCache",35,"FC-BGA10","AV8062700853208",null,null,262.10526315789474]
[null,null,"Intel® Core™ i5-2510E Processor (3M Cache, 2.5 GHz)","Q1 '11","2C/4T","5 GT/s DMI","3MB SmartCache",35,"FC-PGA10","FF8062700853304",2971411,null,262.10526315789474]
[null,null,"Intel® Core™ i3-2340UE Processor (3M Cache, 1.3 GHz)","Q1 '11","2C/4T","5 GT/s DMI","3MB SmartCache",17,"FC-BGA10","AV8062700849710",null,null,246.31578947368422]
[null,null,"Intel® Core™ i3-2330E Processor (3M Cache, 2.2 GHz)","Q1 '11","2C/4T","5 GT/s DMI","3MB SmartCache",35,"FC-BGA10","FF8062700849000",3181276,null,221.05263157894737]
[null,null,"Intel® Core™ i3-2310E Processor (3M Cache, 2.1 GHz)","Q1 '11","2C/4T","5 GT/s DMI","3MB SmartCache",35,"FC-BGA10","AV8062700849116",3331025,null,221.05263157894737]
[null,null,"Intel® Celeron® Processor B810E (2M Cache, 1.6 GHz)","Q1 '11","2C/2T","5 GT/s DMI","2MB SmartCache",35,"FC-PGA10","AV8062700849802",3488996,null,84.21052631578948]
[null,null,"Intel® Celeron® Processor 847E (2M Cache, 1.1 GHz)","Q1 '11","2C/2T","5 GT/s DMI","2MB SmartCache",17,"FC-BGA10","AV8062700849902",null,null,131.57894736842107]
[null,null,"Intel® Celeron® Processor 827E (1.5M Cache, 1.4 GHz)","Q1 '11","1C/1T","5 GT/s DMI","1.5MB SmartCache",17,"FC-BGA10","AV8062701082300",null,null,105.26315789473685]
[null,null,"Intel® Celeron® Processor B810 (2M Cache, 1.6 GHz)","Q1 '11","2C/2T","5 GT/s DMI","2MB SmartCache",35,"FC-PGA10","FF8062700848800",3054147,null,84.21052631578948]
[null,null,"Intel® Celeron® Processor 807UE (1M Cache, 1.0 GHz)","Q1 '11","1C/1T","5 GT/s DMI","1.5MB SmartCache",10,"FC-BGA10","AV8062701188200",null,null,115.78947368421053]
[null,null,"Arrandale"]
[null,null,"Intel® Core™ i7-660UE Processor (4M Cache, 1.33 GHz)","Q1'10","2C/4T","2.5 GT/s DMI","4 MB SmartCache","18","FC-BGA10","CN80617006204AA",2990249,null,274.73684210526318]
[null,null,"Intel® Core™ i7-620M Processor (4M Cache, 2.66 GHz)","Q1'10","2C/4T","2.5 GT/s DMI","4 MB SmartCache","35","FC-PGA10","CP80617003981AH",2591387,null,313.68421052631578]
[null,null,"Intel® Core™ i5-520M Processor (3M Cache, 2.40 GHz)","Q1'10","2C/4T","2.5 GT/s DMI","3 MB SmartCache","35","FC-PGA10","CP80617004119AE",2591389,null,217.89473684210526]
[null,null,"Intel® Celeron® Processor P4500 (2M Cache, 1.86 GHz)","Q1'10","2C/2T","2.5 GT/s DMI","2 MB SmartCache","35","FC-PGA10","CP80617004803AA",2695598,null,80]
[null,null,"Intel® Celeron® Processor U3405 (2M Cache, 1.07 GHz)","Q1'10","2C/2T","2.5 GT/s DMI","2 MB SmartCache","18","FC-BGA10","CN80617006201AA",null,null,124.21052631578948]
[null,null,"Penryn"]
[null,null,"Intel® Core™2 Duo Processor T9400 (6M Cache, 2.53 GHz, 1066 MHz FSB)","Q3'08","2C/2T","1066 MHz FSB","6 MB L2","35","FC-PGA8","AW80576GH0616M",2524375,null,298.94736842105266]
[null,null,"Intel® Core™2 Duo Processor T9400 (6M Cache, 2.53 GHz, 1066 MHz FSB)","Q3'08","2C/2T","1066 MHz FSB","6 MB L2","35","FC-BGA8","AV80576GH0616M",null,null,276.84210526315792]
[null,null,"Intel® Core™2 Duo Processor P8400 (3M Cache, 2.26 GHz, 1066 MHz FSB)","Q3'08","2C/2T","1066 MHz FSB","3 MB L2","25","FC-BGA8","AV80577SH0513M",null,null,202.10526315789474]
[null,null,"Intel® Core™2 Duo Processor P8400 (3M Cache, 2.26 GHz, 1066 MHz FSB)","Q3'08","2C/2T","1066 MHz FSB","3 MB L2","25","FC-PGA8","AW80577SH0513M",2679032,null,200]
[null,null,"Intel® Core™2 Duo Processor SL9400 (6M Cache, 1.86 GHz, 1066 MHz FSB)","Q3'08","2C/2T","1066 MHz FSB","6 MB L2","17","FC-BGA8","AV80576LH0366M",2487508,null,274.73684210526318]
[null,null,"Intel® Core™2 Duo processor SP9300 (6M Cache, 2.26 GHz, 1066 MHz FSB)","Q3'08","2C/2T","1066 MHz FSB","6 MB L2","25","FC-BGA8","AV80576SH0516M",2593951,null,274.73684210526318]
[null,null,"Intel® Core™2 Duo processor SL9380 (6M Cache, 1.80 GHz, 800 MHz FSB)","Q3'08","2C/2T","800 MHz FSB","6 MB L2","17","FC-BGA8","AV80576LG0336M",null,null,274.73684210526318]
[null,null,"Intel® Core™2 Duo Processor SU9300 (3M Cache, 1.20 GHz, 800 MHz FSB)","Q3'08","2C/2T","800 MHz FSB","3 MB L2","10","FC-BGA8","AV80577UG0093M",null,null,258.94736842105266]
[null,null,"Intel® Celeron® Processor T3100 (1M Cache, 1.90 GHz, 800 MHz FSB)","Q3'08","2C/2T","800 MHz FSB","1 MB L2","35","FC-PGA8","AW80577GG0371ML",2692604,null,73.684210526315795]
[null,null,"Intel® Celeron® Processor T3100 (1M Cache, 1.90 GHz, 800 MHz FSB)","Q3'08","2C/2T","800 MHz FSB","1 MB L2","35","FC-BGA8","AV80577NG0371M",null,null,73.684210526315795]
[null,null,"Intel® Celeron® M Processor ULV 722 (1M Cache, 1.20 GHz, 800 MHz FSB)","Q3'08","1C/1T","800 MHz FSB","1 MB L2","5.5","FC-BGA8","AV80585VG0091MP",null,null,157.89473684210526]
[null,null,"Intel® Celeron® M Processor ULV 723 (1M Cache, 1.20 GHz, 800 MHz FSB)","Q3'08","1C/1T","800 MHz FSB","1 MB L2","10","FC-BGA8","AV80585VG0091M",3293004,null,98.94736842105263]
[null,null,"Merom"]
[null,null,"Intel® Core™2 Duo Processor T7500 (4M Cache, 2.20 GHz, 800 MHz FSB)","Q3'06","2C/2T","800 MHz FSB","4 MB L2","35","FC-BGA6","LE80537GG0494M",2553265,null,213.68421052631581]
[null,null,"Intel® Core™2 Duo Processor T7500 (4M Cache, 2.20 GHz, 800 MHz FSB)","Q3'06","2C/2T","800 MHz FSB","4 MB L2","35","FC-PGA6","LF80537GG0494M",1991890,null,223.15789473684211]
[null,null,"Intel® Core™2 Duo Processor T7400 (4M Cache, 2.16 GHz, 667 MHz FSB)","Q3'06","2C/2T","667 MHz FSB","4 MB L2","34","FC-PGA6","LF80537GF0484M",1192143,null,221.05263157894737]
[null,null,"Intel® Core™2 Duo Processor T7400 (4M Cache, 2.16 GHz, 667 MHz FSB)","Q3'06","2C/2T","667 MHz FSB","4 MB L2","34","FC-BGA6","LE80537GF0484M",2199528,null,209.47368421052633]
[null,null,"Intel® Core™2 Duo Processor L7500 (4M Cache, 1.60 GHz, 800 MHz FSB)","Q3'06","2C/2T","800 MHz FSB","4 MB L2","17","FC-BGA6","LE80537LG0254M",2077975,null,256.84210526315792]
[null,null,"Intel® Core™2 Duo Processor L7400 (4M Cache, 1.50 GHz, 667 MHz FSB)","Q3'06","2C/2T","667 MHz FSB","4 MB L2","17","FC-BGA6","LE80537LF0214M",1909779,null,249.47368421052633]
[null,null,"Intel® Core™2 Duo Processor U7500 (2M Cache, 1.06 GHz, 533 MHz FSB) Socket M","Q3'06","2C/2T","533 MHz FSB","2 MB L2","10","FC-BGA6","LE80537UE0042M",2662266,null,242.10526315789474]
[null,null,"Intel® Core™2 Duo Processor U7500 (2M Cache, 1.06 GHz, 533 MHz FSB) Socket P","Q3'06","2C/2T","533 MHz FSB","2 MB L2","10","FC-BGA6","LE80537UE0042ML",null,null,244.21052631578948]
[null,null,"Intel® Celeron® Processor 575 (1M Cache, 2.00 GHz, 667 MHz FSB)","Q3'06","1C/1T","667 MHz FSB","1 MB L2","31","FC-PGA6","LF80537NF0411M",2434751,null,74.736842105263165]
[null,null,"Intel® Celeron® Processor ULV 573 (512K Cache, 1.00 GHz, 533 MHz FSB)","Q3'06","1C/1T","533 MHz FSB","512 KB L2","10","FC-BGA6","LE80537VE001512",null,null,82.10526315789474]
[null,null,"Intel® Celeron® Processor 550 (1M Cache, 2.00 GHz, 533 MHz FSB)","Q3'06","1C/1T","533 MHz FSB","1 MB L2","31","FC-PGA6","LF80537NE0411M",2060945,null,64.21052631578948]
[null,null,"Intel® Celeron® Processor 550 (1M Cache, 2.00 GHz, 533 MHz FSB)","Q3'06","1C/1T","533 MHz FSB","1 MB L2","31","FC-BGA6","LE80537NE0411M",2740678,null,64.21052631578948]
[null,null,"Intel® Celeron® M Processor 530 (1M Cache, 1.73 GHz, 533 MHz FSB) Socket M","Q3'06","1C/1T","533 MHz FSB","1 MB L2","30","FC-PGA6","LF80537NE0301M",2725136,null,57.894736842105267]
[null,null,"Intel® Celeron® M Processor 530 (1M Cache, 1.73 GHz, 533 MHz FSB) Socket M","Q3'06","1C/1T","533 MHz FSB","1 MB L2","30","FC-BGA6","LE80537NE0301M",null,null,53.684210526315795]
[null,null,"Yonah2"]
[null,null,"Intel® Core™ Duo Processor T2500 (2M Cache, 2.00 GHz, 667 MHz FSB)","Q1'06","2C/2T","667 MHz FSB","2 MB L2","31","FC-PGA6","LF80539GF0412M",1106928,null,237.89473684210526]
[null,null,"Intel® Core™ Duo Processor T2500 (2M Cache, 2.00 GHz, 667 MHz FSB)","Q1'06","2C/2T","667 MHz FSB","2 MB L2","31","FC-BGA6X","LE80539GF0412M",2912821,null,237.89473684210526]
[null,null,"Intel® Core™ Duo Processor U2500 (2M Cache, 1.20 GHz, 533 MHz FSB)","Q1'06","2C/2T","533 MHz FSB","2 MB L2","9","FC-BGA6X","LE80539UE0092M",null,null,268.42105263157896]
[null,null,"Intel® Core™ Duo Processor L2400 (2M Cache, 1.66 GHz, 667 MHz FSB)","Q1'06","2C/2T","667 MHz FSB","2 MB L2","15","FC-BGA6X","LE80539LF0282M",1156240,null,263.15789473684214]
[null,null,"Yonah1"]
[null,null,"Intel® Celeron® M Processor ULV 423 (1M Cache, 1.06 GHz, 533 MHz FSB)","Q1'06","1C/1T","533 MHz FSB","1 MB L2","5.5","FC-BGA6","LE80538VE0041M",null,null,83.15789473684211]
[null,null,"Intel® Celeron® M Processor 440 (1M Cache, 1.86 GHz, 533 MHz FSB)","Q1'06","1C/1T","533 MHz FSB","1 MB L2","27","FC-PGA6","LF80538NE0361ME",1729827,null,63.15789473684211]
[null,null,"Intel® Celeron® M Processor 440 (1M Cache, 1.86 GHz, 533 MHz FSB)","Q1'06","1C/1T","533 MHz FSB","1 MB L2","27","FC-BGA6","LE80538NE0361ME",null,null,63.15789473684211]
[null,null,"Intel® Pentium® M Processor 760 (2M Cache, 2.00A GHz, 533 MHz FSB)","Q2'12","1C/1T","533 MHz FSB","2 MB L2","27","FC-PGA4","RH80536GE0412M",413956,null,197.89473684210526]
[null,null,"Intel® Pentium® M Processor 760 (2M Cache, 2.00A GHz, 533 MHz FSB)","Q2'12","1C/1T","533 MHz FSB","2 MB L2","27","FC-BGA4B","LE80536GE0412M",null,null,197.89473684210526]
[null,null,"Intel® Pentium® M Processor 745 (2M Cache, 1.80 GHz, 400 MHz FSB)","Q2'12","1C/1T","400 MHz FSB","2 MB L2","21","FC-PGA4","RH80536GC0332M",1669891,null,178.94736842105263]
[null,null,"Intel® Pentium® M Processor 745 (2M Cache, 1.80 GHz, 400 MHz FSB)","Q2'12","1C/1T","400 MHz FSB","2 MB L2","21","FC-BGA4B","LE80536GC0332M",3408330,null,178.94736842105263]
[null,null,"Intel® Pentium® M Processor LV 738 (2M Cache, 1.40 GHz, 400 MHz FSB)","Q2'12","1C/1T","400 MHz FSB","2 MB L2","10","FC-BGA4BX","LE80536LC0172M",null,null,214.73684210526318]
[null,null,"Intel® Celeron® M Processor ULV 373 (512K Cache, 1.00 GHz, 400 MHz FSB)","Q2'12","1C/1T","400 MHz FSB","512 KB L2","5.5","FC-BGA4BX","LE80536VC001512",null,null,72.631578947368425]
[null,null,"Intel® Celeron® M Processor 370 (1M Cache, 1.50 GHz, 400 MHz FSB)","Q2'12","1C/1T","400 MHz FSB","1 MB L2","21","FC-PGA4","RH80536NC0211M",413963,null,68.421052631578945]
[null,null,"Intel® Celeron® M Processor 370 (1M Cache, 1.50 GHz, 400 MHz FSB)","Q2'12","1C/1T","400 MHz FSB","1 MB L2","21","FC-BGA4B","LE80536NC0211M",414013,null,68.421052631578945]

{"sheet":"Server Boards & Chassis","index":4,"n_rows":130,"n_cols":31,"rows_kept":130,"cut":false,"hidden":false,"merged":[[11,7,11,15],[11,16,11,17],[11,18,11,24],[84,6,84,28],[85,6,85,28],[72,6,72,28],[73,6,73,28],[79,6,79,28],[80,6,80,28],[81,6,81,28],[82,6,82,28],[83,6,83,28],[74,6,74,28],[75,6,75,28],[76,6,76,28],[77,6,77,28],[78,6,78,28],[67,6,67,28],[68,6,68,28],[69,6,69,28],[70,6,70,28],[71,6,71,28],[66,6,66,28],[61,6,61,28],[62,6,62,28],[63,6,63,28],[64,6,64,28],[65,6,65,28],[87,1,87,2],[11,1,11,2],[59,1,59,2],[119,5,119,25],[127,5,127,25],[120,5,120,25],[115,5,115,25],[116,5,116,25],[117,5,117,25],[118,5,118,25],[94,5,94,25],[95,5,95,25],[96,5,96,25],[114,5,114,25],[103,5,103,25],[104,5,104,25],[128,5,128,25],[129,5,129,25],[121,5,121,25],[122,5,122,25],[123,5,123,25],[124,5,124,25],[125,5,125,25],[126,5,126,25],[110,5,110,25],[113,5,113,25],[97,5,97,25],[98,5,98,25],[99,5,99,25],[100,5,100,25],[101,5,101,25],[102,5,102,25],[111,5,111,25],[112,5,112,25],[105,5,105,25],[106,5,106,25],[107,5,107,25],[108,5,108,25],[109,5,109,25],[88,5,88,25],[90,5,90,25],[91,5,91,25],[92,5,92,25],[93,5,93,25],[89,5,89,25]]}
[]
[]
[]
[]
[]
[]
[]
[]
[]
[]
[]
[null,"Intel Server Boards",null,null,null,null,null,"Processor",null,null,null,null,null,null,null,null,"Memory",null,"Expansion Slots"]
[null,"Intel Part #\n","Synnex SKU\n",null,"Price\n","Intel Code Name\n","Packaging\n","Xeon E5-24xx","Xeon E5-26xx","Xeon E5-46xx","Xeon 56xx","Xeon 55xx","Xeon 34xx","Xeon E3-12xx V1 & V2","Xeon E3-12xx v3","Sockets","Mem DIMMs (MAX)","Mem Type","PCI-E x 16","PCI-E x 8","PCI-E x4","PCI-E x1","PCI-X 133","PCI-X 100","PCI","Gfx","SATA","SAS","RAID","GbE ports","Form Factor"]
[null,"DBS1200V3RPS",3620849,null,168.42105263157896,"Rainbow Pass","Disti Box",null,null,null,null,null,null,null,"X"]
[null,"BBS1200V3RPS",null,null,163.15789473684211,"Rainbow Pass","Bulk Pack",null,null,null,null,null,null,null,"X"]
[null,"DBS1200V3RPO",null,null,221.05263157894737,"Rainbow Pass","Disti Box",null,null,null,null,null,null,null,"X"]
[null,"BBS1200V3RPO",null,null,215.78947368421055,"Rainbow Pass","Bulk Pack",null,null,null,null,null,null,null,"X"]
[null,"DBS1200V3RPM",null,null,231.57894736842107,"Rainbow Pass","Disti Box",null,null,null,null,null,null,null,"X"]
[null,"BBS1200V3RPM",null,null,226.31578947368422,"Rainbow Pass","Bulk Pack",null,null,null,null,null,null,null,"X"]
[null,"DBS1200V3RPL",3606510,null,210.5263157894737,"Rainbow Pass","Disti Box",null,null,null,null,null,null,null,"X"]
[null,"BBS1200V3RPL",3606521,null,205.26315789473685,"Rainbow Pass","Bulk Pack",null,null,null,null,null,null,null,"X"]
[null,"BB5520URR",2675353,null,446.31578947368422,"Urbanna","Bulk Pack",null,null,null,"X","X",null,null,null,2,"12 (96)","DDR3",1,3,null,null,"-","-",null,"Y",6,"-","0,1,10","2x","Rack"]
[null,"S4600LT2",3226935,null,1047.3684210526317,"Lizard Head Pass","Retail Box",null,null,"X",null,null,null,null,null,4,"48 (1500)","DDR3/DDR3L",6,"-","-","-","-","-","-","Y",10,"-","-","2x 10 Gbe","Rack"]
[null,"S4600LH2",3226934,null,942.1052631578948,"Lizard Head Pass","Retail Box",null,null,"X",null,null,null,null,null,4,"48 (1500)","DDR3/DDR3L",6,"-","-","-","-","-","-","Y",10,"-","-","2x","Rack"]
[null,"BBS1600JP2",3480608,null,336.84210526315792,"Jackson Pass","Bulk Pack",null,"X",null,null,null,null,null,null,1,"8 (256)","DDR3/DDR3L",2,"-","-","-","-","-","-","Y",10,"-",null,"2X","Half-Width"]
[null,"BBS1600JP4",3434843,null,378.94736842105266,"Jackson Pass","Bulk Pack",null,"X",null,null,null,null,null,null,1,"8 (256)","DDR3/DDR3L",2,"-","-","-","-","-","-","Y",10,"-","-","2X","Half-Width"]
[null,"BBS2600CP2J",3166314,null,447.36842105263162,"Canoe Pass","Bulk Pack",null,"X",null,null,null,null,null,null,2,"16 (512)","DDR3/DDR3L",1,5,"-","-","-","-",null,"Y",6,"-","-","2x","Pedestal"]
[null,"BBS2600CP2",3166313,null,457.89473684210526,"Canoe Pass","Bulk Pack",null,"X",null,null,null,null,null,null,2,"16 (512)","DDR3/DDR3L",1,5,"-","-","-","-",null,"Y",6,"-","-","2x","Pedestal"]
[null,"DBS2600CP2",3166318,null,463.15789473684214,"Canoe Pass","Disti Box",null,"X",null,null,null,null,null,null,2,"16 (512)","DDR3/DDR3L",1,5,"-","-","-","-",null,"Y",6,"-","-","2x","Pedestal"]
[null,"BBS2600CP4",3166315,null,500,"Canoe Pass","Bulk Pack",null,"X",null,null,null,null,null,null,2,"16 (512)","DDR3/DDR3L",1,5,"-","-","-","-",null,"Y",6,"-","-","4x","Pedestal"]
[null,"BBS2600CO4",3166311,null,547.36842105263156,"Copper Pass","Bulk Pack",null,"X",null,null,null,null,null,null,2,"16 (512)","DDR3/DDR3L",4,1,1,"-","-","-",null,"Y",10,"-","-","4x","Pedestal"]
[null,"BBS2600COE",3166312,null,521.0526315789474,"Copper Pass","Bulk Pack",null,"X",null,null,null,null,null,null,2,"16 (512)","DDR3/DDR3L",4,1,1,"-","-","-",null,"Y",10,"-","-","4x","Pedestal"]
[null,"DBS2600COE",3166316,null,526.31578947368428,"Copper Pass","Retail Box",null,"X",null,null,null,null,null,null,2,"16 (512)","DDR3/DDR3L",4,1,1,"-","-","-",null,"Y",10,"-","-","4x","Pedestal"]
[null,"BBS2600JF",3023286,null,500,"Jefferson Pass","Bulk Pack",null,"X",null,null,null,null,null,null,2,"8 (256)","DDR3/DDR3L",3,"-","-","-","-","-",null,"Y",6,"-","-","2x","Half-Width"]
[null,"BBS2600JFQ",3023287,null,473.68421052631584,"Jefferson Pass","Bulk Pack",null,"X",null,null,null,null,null,null,2,"8 (256)","DDR3/DDR3L",3,"-","-","-","-","-",null,"Y",6,"-","-","2x","Half-Width"]
[null,"BBS2600JFF",3175951,null,1026.3157894736842,"Jefferson Pass","Bulk Pack",null,"X",null,null,null,null,null,null,2,"8 (256)","DDR3/DDR3L",3,"-","-","-","-","-",null,"Y",6,"-","-","2x","Half-Width"]
[null,"BBS2600WP",3397083,null,605.26315789473688,"Washington Pass","Bulk Pack",null,"X",null,null,null,null,null,null,2,"16 (512)","DDR3/DDR3L",4,1,"-","-","-","-",null,"Y",6,"-","-","2x","Half-Width"]
[null,"BBS2600WPQ",null,null,921.0526315789474,"Washington Pass","Bulk Pack",null,"X",null,null,null,null,null,null,2,"16 (512)","DDR3/DDR3L",4,1,"-","-","-","-",null,"Y",6,"-","-","2x","Half-Width"]
[null,"S2600IP4",3166383,null,578.94736842105272,"Iron Pass","Retail Box",null,"X",null,null,null,null,null,null,2,"16 (512)","DDR3/DDR3L",1,6,1,"-","-","-",null,"Y",10,"-","-","4x","Rack/Pedestal"]
[null,"W2600CR2",3166384,null,605.26315789473688,"Crown Pass","Retail Box",null,"X",null,null,null,null,null,null,2,"16 (512)","DDR3/DDR3L",1,6,1,"-","-","-",null,"Y",10,"-","-","2x","-"]
[null,"S2600GZ4",3166382,null,647.36842105263156,"Grizzly Pass","Retail Box",null,"X",null,null,null,null,null,null,2,"24 (768)","DDR3/DDR3L",6,"-","-",2,"-","-",null,"Y",10,"-","-","4x","-"]
[null,"S2600GL4",3166381,null,615.78947368421052,"Grizzly Pass","Retail Box",null,"X",null,null,null,null,null,null,2,"16 (512)","DDR3/DDR3L",6,"-","-",2,"-","-",null,"Y",10,"-","-","4x","-"]
[null,"DBS1400FP2",3226920,null,284.21052631578948,"Freemont Pass","Disti Box","X",null,null,null,null,null,null,null,1,"6 (96)","DDR3/DDR3L",1,1,1,1,"-","-",null,"Y",6,"-","-","2x","-"]
[null,"DBS1400FP4",3226922,null,326.31578947368422,"Freemont Pass","Disti Box","X",null,null,null,null,null,null,null,1,"6 (96)","DDR3/DDR3L",1,1,1,1,"-","-",null,"Y",6,"-","-","4x","-"]
[null,"DBS1400SP2",3226923,null,300,"Salmon Pass","Disti Box","X",null,null,null,null,null,null,null,1,"6 (96)","DDR3/DDR3L","-",1,"-","-","-","-",null,"Y",2,"-","-","2x","-"]
[null,"DBS1400SP4",3226924,null,342.10526315789474,"Salmon Pass","Disti Box","X",null,null,null,null,null,null,null,1,"6 (96)","DDR3/DDR3L","-",1,"-","-","-","-",null,"Y",2,"-","-","4x","-"]
[null,"S2400BB4",3226925,null,494.73684210526318,"Black  Bear  Pass","Retail Box","X",null,null,null,null,null,null,null,2,"12 (384)","DDR3/DDR3L",2,6,"-","-","-","-",null,"Y",4,"-","-","4x","-"]
[null,"DBS2400EP2",3234347,null,363.15789473684214,"Eagle  Pass","Disti Box","X",null,null,null,null,null,null,null,2,"8 (128)","DDR3/DDR3L",1,"-","-","-","-","-",null,"Y",2,"-","-","2x","-"]
[null,"DBS2400EP4",3226926,null,405.26315789473688,"Eagle  Pass","Disti Box","X",null,null,null,null,null,null,null,2,"8 (128)","DDR3/DDR3L",1,"-","-","-","-","-",null,"Y",2,"-","-","4x","-"]
[null,"BBS2400SC2",3226933,null,331.57894736842104,"Swiftcurrent Pass","Bulk Pack","X",null,null,null,null,null,null,null,2,"8 (128)","DDR3/DDR3L",1,1,2,"-","-","-",null,"Y",6,"-","-","2x","-"]
[null,"DBS2400SC2",3226932,null,336.84210526315792,"Swiftcurrent Pass","Disti Box","X",null,null,null,null,null,null,null,2,"8 (128)","DDR3/DDR3L",1,1,2,"-","-","-",null,"Y",6,"-","-","2x","-"]
[null,"BBS2400LP",3340960,null,394.73684210526318,"Lincoln Pass","Bulk Pack","X",null,null,null,null,null,null,null,2,"12 (384)","DDR3/DDR3L",1,1,"-","-","-","-",null,"Y",5,"-","-","2x","-"]
[null,"S1200BTLR",3226864,null,205.26315789473685,"Beartooth Pass","Retail Box",null,null,null,null,null,null,"X",null,1,4,"DDR3",1,3,"-","-","-","-",null,null,6,null,"0,1,5,10","2x","Rack/Pedestal"]
[null,"BBS1200BTLR",3226866,null,194.73684210526318,"Beartooth Pass","Bulk Pack",null,null,null,null,null,null,"X",null,1,4,"DDR3",1,3,"-","-","-","-",null,null,6,null,"0,1,5,10","2X","Rack/Pedestal"]
[null,"S1200BTLRM",null,null,205.26315789473685,"Beartooth Pass","Retail Box",null,null,null,null,null,null,"X",null,null,4,"DDR3",1,3,"-",null,"-","-",null,null,6,null,"0,1,5,10","2X","Rack/Pedestal"]
[null,"S1200BTSR",3226861,null,163.15789473684211,"Beartooth Pass","Retail Box",null,null,null,null,null,null,"X",null,1,4,"DDR3",1,2,"-","-","-","-",null,null,6,null,"0,1,5,10","2x","Rack/Pedestal"]
[null,"BBS1200BTSR",3226863,null,152.63157894736844,"Beartooth Pass","Bulk Pack",null,null,null,null,null,null,"X",null,1,4,"DDR3",1,2,"-","-","-","-",null,null,6,null,"0,1,5,10","2X","Rack/Pedestal"]
[]
[]
[null,"Intel Server Chassis"]
[null,"Intel Part #","Synnex SKU",null,"Price","Intel Code Name"]
[null,"P4304XXSHDR",3166358,null,510.5263157894737,"Union Peak S"]
[null,"P4304XXSHDN",3166357,null,405.26315789473688,"Union Peak S"]
[null,"P4304XXSFDR",3166355,null,431.5789473684211,"Union Peak S"]
[null,"P4304XXSFDN",3166354,null,326.31578947368422,"Union Peak S"]
[null,"P4304XXMHEN",3166353,null,373.68421052631578,"Union Peak M","4x 3.5\" Hot-Swap Drive Carriers, 550W Fixed Power Supply (Silver Efficiency), 2x 120mm fixed fans\nNote: This chassis is compatible with multiple server board skus. As such the specific airduct for that server board needs to be ordered seperately."]
[null,"P4208XXMHGC",3226867,null,721.0526315789474,"Union Peak M","8x 2.5\" Hot-Swap Drive Carriers, 2x 750W Common Redundant Power Supply (Platinum Efficiency), 5x 80mm hot-swap fans\nNote: This chassis is compatible with multiple server board skus. As such the specific airduct for that server board needs to be ordered seperately."]
[null,"P4216XXMHGR",3166350,null,826.31578947368428,"Union Peak M","16x 2.5\" Hot-Swap Drive Carriers, 2x 750W Common Redundant Power Supply (Platinum Efficiency), 2x 120mm fixed fans\nNote: This chassis is compatible with multiple server board skus. As such the specific airduct for that server board needs to be ordered seperately."]
[null,"P4208XXMHGR",3226868,null,721.0526315789474,"Union Peak M","8x 2.5\" Hot-Swap Drive Carriers, 2x 750W Common Redundant Power Supply (Platinum Efficiency), 2x 120mm fixed fans\nNote: This chassis is compatible with multiple server board skus. As such the specific airduct for that server board needs to be ordered seperately."]
[null,"P4208XXMHDR",3226869,null,615.78947368421052,"Union Peak M","8 x 2.5\" Hot Swap Drive Carriers, , 460W Redundant Power Supplies (Gold Efficiency), 2x 120mm fixed fans\nNote: This chassis is compatible with multiple server board skus. As such the specific airduct for that server board needs to be ordered seperately."]
[null,"P4208XXMHEN",3226870,null,447.36842105263162,"Union Peak M","8 x 2.5\" Hot Swap Drive Carriers, 550W Fixed non-redundant Power Supply (Silver Efficiency), 2x 120mm fixed fans\nNote: This chassis is compatible with multiple server board skus. As such the specific airduct for that server board needs to be ordered seperately"]
[null,"P4216XXMHJC",3226871,null,973.68421052631584,"Union Peak M","16 x 2.5\" Hot-Swap Drive Carriers, 2x 1200W Common Redundant Power Supply (Platinum Efficiency), 5x 80mm hot-swap fans\nNote: This chassis is compatible with multiple server board skus. As such the specific airduct for that server board needs to be ordered seperately."]
[null,"P4216XXMHGC",3166349,null,826.31578947368428,"Union Peak M","16 x 2.5\" Hot-Swap Drive Carriers, 2x 750W Common Redundant Power Supply (Platinum Efficiency), 5x 80mm hot-swap fans\nNote: This chassis is compatible with multiple server board skus. As such the specific airduct for that server board needs to be ordered seperately"]
[null,"P4216XXMHEN",3166348,null,552.63157894736844,"Union Peak M","16 x 2.5\" Hot Swap Drive Carriers, 550W Fixed non-redundant Power Supply (Silver Efficiency), 2x 120mm fixed fans\nNote: This chassis is compatible with multiple server board skus. As such the specific airduct for that server board needs to be ordered seperately."]
[null,"P4308XXMHEN",3226872,null,415.78947368421052,"Union Peak M","8x 3.5\" Hot-Swap Drive Carriers, 550W Fixed Power Supply (Silver Efficiency), 2x 120mm fixed fans\nNote: This chassis is compatible with multiple server board skus. As such the specific airduct for that server board needs to be ordered seperately."]
[null,"P4308XXMFEN",3226873,null,331.57894736842104,"Union Peak M","8x 3.5\" Fixed Drive Carriers, 550W Fixed Power Supply (Silver Efficiency), 2x 120mm fixed fans\nNote: This chassis is compatible with multiple server board skus. As such the specific airduct for that server board needs to be ordered seperately."]
[null,"P4308XXMHGR",3166367,null,652.63157894736844,"Union Peak M","8x 3.5\" Hot-Swap Drive Carriers, 2x 750W Common Redundant Power Supply (Platinum Efficiency), 2x 120mm fixed fans\nNote: This chassis is compatible with multiple server board skus. As such the specific airduct for that server board needs to be ordered seperately."]
[null,"P4308XXMHGN",3166366,null,547.36842105263156,"Union Peak M","8x 3.5\" Hot-Swap Drive Carriers, 1x 750W Common Redundant Power Supply (Platinum Efficiency), 2x 120mm fixed fans\nNote: This chassis is compatible with multiple server board skus. As such the specific airduct for that server board needs to be ordered seperately."]
[null,"P4308XXMFGR",3166363,null,568.42105263157896,"Union Peak M","8x 3.5\" Fixed Drive Carriers, 2x 750W Common Redundant Power Supply (Platinum Efficiency), 2x 120mm fixed fans\nNote: This chassis is compatible with multiple server board skus. As such the specific airduct for that server board needs to be ordered seperately."]
[null,"P4308XXMFGN",3166362,null,463.15789473684214,"Union Peak M","8x 3.5\" Fixed Drive Carriers, 750W Redundant-capable Power Supply (Platinum Efficiency), 2x 120mm fixed fans\nNote: This chassis is compatible with multiple server board skus. As such the specific airduct for that server board needs to be ordered seperately."]
[null,"P4308XXMHDR",3166365,null,584.21052631578948,"Union Peak M","8x 3.5\" Hot-Swap Drive Carriers, 2x 460W Common Redundant Power Supply (Platinum Efficiency), 2x 120mm fixed fans\nNote: This chassis is compatible with multiple server board skus. As such the specific airduct for that server board needs to be ordered seperately."]
[null,"P4308XXMHDN",3166364,null,478.94736842105266,"Union Peak M","8x 3.5\" Hot-Swap Drive Carriers, 1x 460W Common Redundant Power Supply (Platinum Efficiency), 2x 120mm fixed fans\nNote: This chassis is compatible with multiple server board skus. As such the specific airduct for that server board needs to be ordered seperately."]
[null,"P4308XXMFDR",3166361,null,500,"Union Peak M","8x 3.5\" Fixed Drive Carriers, 2x 460W Common Redundant Power Supply (Platinum Efficiency), 2x 120mm fixed fans\nNote: This chassis is compatible with multiple server board skus. As such the specific airduct for that server board needs to be ordered seperately."]
[null,"P4308XXMFDN",3166360,null,394.73684210526318,"Union Peak M","8x 3.5\" Fixed Drive Carriers, 1x 460W Common Redundant Power Supply (Platinum Efficiency), 2x 120mm fixed fans\nNote: This chassis is compatible with multiple server board skus. As such the specific airduct for that server board needs to be ordered seperately."]
[null,"P4308XXMHJC",3226874,null,836.84210526315792,"Union Peak M","8 x 3.5\" Hot-Swap Drive Carriers, 2x 1200W Common Redundant Power Supply (Platinum Efficiency), 5x 80mm hot-swap fans\nNote: This chassis is compatible with multiple server board skus. As such the specific airduct for that server board needs to be ordered seperately."]
[null,"P4308XXMHGC",3197717,null,689.47368421052636,"Union Peak M","8x 3.5\" Hot-Swap Drive Carriers, 2x 750W Common Redundant Power Supply (Platinum Efficiency), 5x 80mm hot-swap fans\nNote: This chassis is compatible with multiple server board skus. As such the specific airduct for that server board needs to be ordered seperately"]
[]
[null,"Server Chassis Accessories"]
[null,"Intel Part #","Synnex SKU",null,"Price","Description"]
[null,"AS2600COIOS",3226875,null,4.2105263157894735,"I/O shield spare for Intel® Server Board S2600CO"]
[null,"FCOUPMAD",3166325,null,31.578947368421055,"Accessory Air duct and unique cable kit for Intel® Server Board S2600CO to be used Intel® Server Chassis P4000M."]
[null,"AUPM1394CBL",null,null,31.578947368421055,"1394 Cable and mounting kit (unique for Intel® S2600CO Server Board)."]
[null,"AXXELVRAIL",3179860,null,42.10526315789474,"Value Rail for for 438mm wide Intel 2U/4U Rack Chassis and System families (H2000, R2000LH/R2000LT Swan Peak 2U, P4000M/P4000L/P4000L-WS)"]
[null,"AXX3U5UPRAIL",3166309,null,84.21052631578948,"Advanced rail kit for P4000M/P4000L/P4000L-WS Server Chassis used when converting Pedestal chassis to 4U rack chassis, and full extension rails are needed."]
[null,"AXX3U5UCMA",3166308,null,31.578947368421055,"Rack Cable Management AXX3U5UCMA (For Use with Advanced Rail Kit AXX3U5UPRAIL for Intel® Server Chassis P4000M/P4000L/P4000L-WS Family)"]
[null,"FFPANEL",2944090,null,10.526315789473685,"Spare Front Panel board for R1XXX, R2XXX, P4XXX chassis and systems."]
[null,"FXXFPANEL",null,null,10.526315789473685,"Front Panel board spare for P4000, R1000, R2000 server chassis."]
[null,"FUPBEZELFIX",2944077,null,26.315789473684212,"Bezel spare for P4000 server chassis with fixed drives (no door)"]
[null,"FUPBEZELHSD",2944094,null,26.315789473684212,"Bezel spare for P4000 server chassis with Hot Swap HDDs (w/door for HS bays) (fits P4304, P4308, P4208, and P4216 with HS drive bays installed)"]
[null,"AUPBEZEL4UF",3166305,null,73.684210526315795,"Rack bezel kit for converting Intel® Server Chassis P4000 Family pedestal server chassis to rack chassis"]
[null,"AUPBEZEL4UD",3166304,null,36.842105263157897,"Rack bezel accessory-Security door for Intel® Server Chassis P4000 in rack configuration. Only includes security door"]
[null,"FUPMMSK",3166337,null,52.631578947368425,"Chassis Maintenance kit  (Mechanical Spares Kit) for Intel® Server Chassis P4000M"]
[null,"FUPMESK",3166336,null,100,"Chassis Electrical Maintenance Kit for UPM (Electric Spares Kit) for Intel® Server Chassis P4000M"]
[null,"FPWRCABLENA",1147081,null,3.1578947368421053,"North America Power Cable"]
[null,"AUPMGPUBR",3179861,null,31.578947368421055,"Bracket and card guide for securing full length GPU cards to fan bulkhead, for use in P4000M chassis family"]
[null,"AUPSRCBTP",3179883,null,47.368421052631582,"The production Intel® heat sink sets (2 included), SRC-B tower passive, 98mmx100mm, required for production Intel® server boards S2600CP, S2600CO4/S2600COE and S2600IP to be used in production Intel® 4U pedestal server chassis with up to 135W CPU installed."]
[null,"AUPSRCBTA",3166385,null,73.684210526315795,"The production Intel® heat sink sets (2 included), SRC-B tower active, 98mmx100mm, required for production Intel® S2600CR workstation board to be used in production Intel® 4U workstation chassis P4000L-WS series, or Intel® Server Board 2600COE to be used in production Intel® 4U pedestal chassis P4000M with 150W CPU installed."]
[null,"FUPMLHSFAN",null,null,47.368421052631582,"80mm system fan kit for P4000M/P4000L server chassis includes fan, fan holder, for use in redundant cooling configuration"]
[null,"FUPNHFANCPU",3166339,null,42.10526315789474,"Fixed Fan Spare Kit for CPU area for P4000M, or CPU area for P4000L-WS"]
[null,"FUPMNHFANPCI",3166338,null,42.10526315789474,"Fixed Fan spare kit for P4000M for PCI area fan, or P4000L-WS for PCI area fan."]
[null,"FUP550SNRPS",3166329,null,173.68421052631581,"550W Non-Redundant Power Supply FUP550SNRPS, 80Plus Silver-Efficiency for P4000 Chassis Family"]
[null,"FXX460GCRPS",3166344,null,163.15789473684211,"460W Cold Redundant Power Supply spare 80Plus Gold efficiency for P4000, R1000, and R2000 server chassis."]
[null,"FXX750PCRPS",3176473,null,205.26315789473685,"750W Cold Redundant Power Supply spare 80Plus Platinum efficiency for P4000, R1000, and R2000 server chassis."]
[null,"FUPNRPSADP",2944095,null,26.315789473684212,"P4000 Non-Redundant Power Supply adaptor kit"]
[null,"FUPCRPSCAGE",3166334,null,42.10526315789474,"Common Pedestal CRPS PSU cage assembly (cage, adaptor bracket, screws, supporting bulkhead, 1x blank filler)."]
[null,"FUPPDBLC",3166341,null,110.52631578947368,"Power Distribution Board Spare (Low Current) for P4000 server chassis. Recommend to use with FXX460GCRPS or FXX750PCRPS power supplies."]
[null,"FUPPDBHC",3166340,null,115.78947368421053,"Power Distribution Board Spare (High Current) for P4000 server chassis. Recommend to use with FXX750PCRPS, FXX1200PCRPS or FXX1600PCRPS power supplies."]
[null,"FXX1200PCRPS",3166342,null,305.26315789473688,"1200W Cold Redundant Power Supply spare 80Plus Platinum efficiency for P4000, and R2000 server chassis."]
[null,"FUP4X35HSDK",null,null,105.26315789473685,"4x3.5\" Hot Swap Drive Kit for P4000 server chassis."]
[null,"FUP8X35HSDK",3166333,null,184.21052631578948,"8x3.5\" Hot Swap Drive Cage Kit for P4000 server chassis."]
[null,"FUP8X25HSDKS",3166331,null,194.73684210526318,"8x2.5 Hot Swap Drive Cage Kit for P4000 server chassis."]
[null,"FXX35HSADPB",3174236,null,5.2631578947368425,"3.5” HDD Hot Swap Drive Carrier spares for either R1300, R2300, or P4300 chassis families."]
[null,"FXX25HSCAR",3176593,null,52.631578947368425,"2.5” HDD Hot Swap Drive Carrier spares for either R1200, R2200, or P4200 chassis families."]
[null,"FUP4X35HSBP",null,null,32.631578947368425,"Spare 4x3.5\" Hot Swap Backplane for use with P4304 server chassis"]
[null,"FUP4X35NHDK",3179881,null,5.2631578947368425,"Fixed Drive Carrier spare for P4300 server chassis (compatible with 2.5” HDDs/SSDs)"]
[null,"FUP8X35HSBP",3166332,null,136.84210526315789,"Hot Swap Back Plane spare for 8x3.5\" Drive Cage Kit FUP8X35HSDK for use with P4000 server chassis."]
[null,"FXX8X25HSBP",3179867,null,131.57894736842107,"Spare 8x2.5\" Hot Swap Backplane for use with R2200, and P4200 Chassis families."]
[null,"FXX8X25DPBP",null,null,"","Spare 8x2.5\" Dual Port Hot Swap Backplane for use with R2200, and P4200 Chassis families"]
[null,"A4ULCP",null,null,63.15789473684211,"LCP Module (local control panel)Enables system to display critical errors from SEL for instant diagnostic. Also allows custom message for branding."]
[null,null,null,null,""]

{"sheet":"Barebone SKUs & Accessories","index":5,"n_rows":1934,"n_cols":11,"rows_kept":1934,"cut":false,"hidden":false,"merged":[[254,1,267,1],[254,2,267,2],[254,3,267,3],[254,4,267,4],[254,5,267,5],[254,6,267,6],[316,6,322,6],[298,1,298,4],[268,1,268,4],[312,1,312,4],[316,4,322,4],[316,3,322,3],[316,2,322,2],[316,1,322,1],[316,5,322,5],[226,1,239,1],[226,2,239,2],[226,3,239,3],[226,4,239,4],[226,5,239,5],[226,6,239,6],[240,1,253,1],[240,2,253,2],[240,3,253,3],[240,4,253,4],[240,5,253,5],[240,6,253,6],[198,1,211,1],[198,2,211,2],[198,3,211,3],[198,4,211,4],[198,5,211,5],[198,6,211,6],[212,1,225,1],[212,2,225,2],[212,3,225,3],[212,4,225,4],[212,5,225,5],[212,6,225,6],[170,1,183,1],[170,2,183,2],[170,3,183,3],[170,4,183,4],[170,5,183,5],[170,6,183,6],[184,1,197,1],[184,2,197,2],[184,3,197,3],[184,4,197,4],[184,5,197,5],[184,6,197,6],[142,1,155,1],[142,2,155,2],[142,3,155,3],[142,4,155,4],[142,5,155,5],[142,6,155,6],[156,1,169,1],[156,2,169,2],[156,3,169,3],[156,4,169,4],[156,5,169,5],[156,6,169,6],[128,3,141,3],[128,4,141,4],[128,5,141,5],[128,6,141,6],[114,1,127,1],[114,2,127,2],[114,3,127,3],[114,4,127,4],[114,5,127,5],[114,6,127,6],[12,2,12,6],[13,2,13,6],[14,2,14,6],[15,2,15,6],[16,2,16,6],[17,2,17,6],[18,2,18,6],[60,4,70,4],[60,3,70,3],[60,2,70,2],[60,5,70,5],[60,6,70,6],[52,2,52,6],[48,2,48,6],[49,2,49,6],[44,2,44,6],[45,2,45,6],[41,2,41,6],[21,2,21,6],[22,2,22,6],[23,2,23,6],[24,2,24,6],[25,2,25,6],[26,2,26,6],[1867,4,1878,4],[1867,1,1878,1],[1867,2,1878,2],[1867,3,1878,3],[1867,5,1878,5],[1867,6,1878,6],[1879,1,1885,1],[1879,2,1885,2],[1879,3,1885,3],[1879,4,1885,4],[1879,5,1885,5],[1879,6,1885,6],[1852,1,1858,1],[1852,2,1858,2],[1852,3,1858,3],[1852,4,1858,4],[1852,5,1858,5],[1852,6,1858,6],[1859,1,1866,1],[1859,2,1866,2],[1859,3,1866,3],[1859,4,1866,4],[1859,5,1866,5],[1859,6,1866,6],[1838,1,1844,1],[1838,2,1844,2],[1838,3,1844,3],[1838,4,1844,4],[1838,5,1844,5],[1838,6,1844,6],[1845,1,1851,1],[1845,2,1851,2],[1845,3,1851,3],[1845,4,1851,4],[1845,5,1851,5],[1845,6,1851,6],[1769,1,1775,1],[1769,2,1775,2],[1769,3,1775,3],[1769,4,1775,4],[1769,5,1775,5],[1769,6,1775,6],[1776,1,1782,1],[1776,2,1782,2],[1776,3,1782,3],[1776,4,1782,4],[1776,5,1782,5],[1776,6,1782,6],[1755,1,1761,1],[1755,2,1761,2],[1755,3,1761,3],[1755,4,1761,4],[1755,5,1761,5],[1755,6,1761,6],[1762,1,1768,1],[1762,2,1768,2],[1762,3,1768,3],[1762,4,1768,4],[1762,5,1768,5],[1762,6,1768,6],[1741,1,1747,1],[1741,2,1747,2],[1741,3,1747,3],[1741,4,1747,4],[1741,5,1747,5],[1741,6,1747,6],[1748,1,1754,1],[1748,2,1754,2],[1748,3,1754,3],[1748,4,1754,4],[1748,5,1754,5],[1748,6,1754,6],[1668,1,1674,1],[1668,2,1674,2],[1668,3,1674,3],[1668,4,1674,4],[1668,5,1674,5],[1668,6,1674,6],[1654,1,1660,1],[1654,2,1660,2],[1654,3,1660,3],[1654,4,1660,4],[1654,5,1660,5],[1654,6,1660,6],[1661,1,1667,1],[1661,2,1667,2],[1661,3,1667,3],[1661,4,1667,4],[1661,5,1667,5],[1661,6,1667,6],[1561,1,1567,1],[1561,2,1567,2],[1561,3,1567,3],[1561,4,1567,4],[1561,5,1567,5],[1561,6,1567,6],[1568,1,1574,1],[1568,2,1574,2],[1568,3,1574,3],[1568,4,1574,4],[1568,5,1574,5],[1568,6,1574,6],[1547,1,1553,1],[1547,2,1553,2],[1547,3,1553,3],[1547,4,1553,4],[1547,5,1553,5],[1547,6,1553,6],[1554,1,1560,1],[1554,2,1560,2],[1554,3,1560,3],[1554,4,1560,4],[1554,5,1560,5],[1554,6,1560,6],[1474,1,1480,1],[1474,2,1480,2],[1474,3,1480,3],[1474,4,1480,4],[1474,5,1480,5],[1474,6,1480,6],[1378,1,1384,1],[1378,2,1384,2],[1378,3,1384,3],[1378,4,1384,4],[1378,5,1384,5],[1378,6,1384,6],[1364,1,1370,1],[1364,2,1370,2],[1364,3,1370,3],[1364,4,1370,4],[1364,5,1370,5],[1364,6,1370,6],[1371,1,1377,1],[1371,2,1377,2],[1371,3,1377,3],[1371,4,1377,4],[1371,5,1377,5],[1371,6,1377,6],[1350,1,1356,1],[1350,2,1356,2],[1350,3,1356,3],[1350,4,1356,4],[1350,5,1356,5],[1350,6,1356,6],[1357,1,1363,1],[1357,2,1363,2],[1357,3,1363,3],[1357,4,1363,4],[1357,5,1363,5],[1357,6,1363,6],[1336,1,1342,1],[1336,2,1342,2],[1336,3,1342,3],[1336,4,1342,4],[1336,5,1342,5],[1336,6,1342,6],[1343,1,1349,1],[1343,2,1349,2],[1343,3,1349,3],[1343,4,1349,4],[1343,5,1349,5],[1343,6,1349,6],[1270,1,1276,1],[1270,2,1276,2],[1270,3,1276,3],[1270,4,1276,4],[1270,5,1276,5],[1270,6,1276,6],[1320,4,1329,4],[1320,3,1329,3],[1320,2,1329,2],[1320,1,1329,1],[1320,5,1329,5],[1320,6,1329,6],[1202,1,1209,1],[1202,2,1209,2],[1202,3,1209,3],[1202,4,1209,4],[1202,5,1209,5],[1202,6,1209,6],[1263,1,1269,1],[1263,2,1269,2],[1263,3,1269,3],[1263,4,1269,4],[1263,5,1269,5],[1263,6,1269,6],[1186,1,1193,1],[1186,2,1193,2],[1186,3,1193,3],[1186,4,1193,4],[1186,5,1193,5],[1186,6,1193,6],[1194,1,1201,1],[1194,2,1201,2],[1194,3,1201,3],[1194,4,1201,4],[1194,5,1201,5],[1194,6,1201,6],[1171,4,1177,4],[1171,3,1177,3],[1171,2,1177,2],[1171,1,1177,1],[1171,5,1177,5],[1171,6,1177,6],[1178,1,1185,1],[1178,2,1185,2],[1178,3,1185,3],[1178,4,1185,4],[1178,5,1185,5],[1178,6,1185,6],[859,1,865,1],[859,2,865,2],[859,3,865,3],[859,4,865,4],[859,5,865,5],[859,6,865,6],[801,4,804,4],[801,1,804,1],[801,2,804,2],[801,3,804,3],[801,5,804,5],[801,6,804,6],[852,1,858,1],[852,2,858,2],[852,3,858,3],[852,4,858,4],[852,5,858,5],[852,6,858,6],[793,4,796,4],[793,1,796,1],[793,2,796,2],[793,3,796,3],[793,5,796,5],[793,6,796,6],[797,4,800,4],[797,1,800,1],[797,2,800,2],[797,3,800,3],[797,5,800,5],[797,6,800,6],[779,4,785,4],[779,1,785,1],[779,2,785,2],[779,3,785,3],[779,5,785,5],[779,6,785,6],[786,4,792,4],[786,1,792,1],[786,2,792,2],[786,3,792,3],[786,5,792,5],[786,6,792,6],[27,2,27,6],[38,2,38,6],[30,2,30,6],[31,2,31,6],[34,2,34,6],[39,2,39,6],[40,2,40,6],[35,2,35,6],[376,4,396,4],[376,3,396,3],[376,5,396,5],[376,2,396,2],[72,4,85,4],[72,5,85,5],[72,6,85,6],[72,3,85,3],[72,2,85,2],[355,1,355,4],[369,1,369,4],[376,1,396,1],[376,6,396,6],[72,1,85,1],[60,1,70,1],[86,1,99,1],[53,2,53,6],[431,5,449,5],[431,6,449,6],[450,4,464,4],[450,3,464,3],[431,4,449,4],[431,3,449,3],[431,2,449,2],[450,2,464,2],[86,2,99,2],[86,3,99,3],[86,4,99,4],[86,5,99,5],[86,6,99,6],[332,1,332,4],[337,1,337,4],[100,1,113,1],[100,2,113,2],[100,3,113,3],[100,4,113,4],[100,5,113,5],[100,6,113,6],[128,1,141,1],[128,2,141,2],[431,1,449,1],[397,2,413,2],[397,1,413,1],[397,5,413,5],[397,6,413,6],[414,4,430,4],[414,3,430,3],[414,1,430,1],[414,2,430,2],[414,5,430,5],[414,6,430,6],[397,4,413,4],[397,3,413,3],[450,1,464,1],[450,5,464,5],[450,6,464,6],[465,4,484,4],[465,3,484,3],[465,2,484,2],[465,1,484,1],[465,5,484,5],[465,6,484,6],[485,1,504,1],[485,5,504,5],[485,6,504,6],[505,4,522,4],[505,3,522,3],[505,2,522,2],[505,1,522,1],[505,5,522,5],[505,6,522,6],[485,4,504,4],[485,3,504,3],[485,2,504,2],[545,1,568,1],[569,2,588,2],[569,1,588,1],[523,2,544,2],[523,1,544,1],[523,5,544,5],[523,6,544,6],[523,4,544,4],[523,3,544,3],[545,5,568,5],[545,6,568,6],[569,4,588,4],[569,3,588,3],[569,5,588,5],[569,6,588,6],[545,4,568,4],[545,3,568,3],[545,2,568,2],[589,1,604,1],[589,5,604,5],[589,6,604,6],[605,4,629,4],[605,3,629,3],[605,2,629,2],[605,1,629,1],[605,5,629,5],[605,6,629,6],[589,4,604,4],[589,3,604,3],[589,2,604,2],[630,1,646,1],[630,5,646,5],[630,6,646,6],[647,4,664,4],[647,3,664,3],[647,2,664,2],[647,1,664,1],[647,5,664,5],[647,6,664,6],[630,4,646,4],[630,3,646,3],[630,2,646,2],[688,3,698,3],[688,2,698,2],[688,1,698,1],[688,5,698,5],[688,6,698,6],[665,5,687,5],[665,6,687,6],[688,4,698,4],[665,4,687,4],[665,3,687,3],[665,2,687,2],[665,1,687,1],[911,1,917,1],[911,2,917,2],[911,3,917,3],[911,4,917,4],[911,5,917,5],[911,6,917,6],[918,1,924,1],[918,2,924,2],[918,3,924,3],[918,4,924,4],[918,5,924,5],[918,6,924,6],[1084,1,1090,1],[1084,2,1090,2],[1084,3,1090,3],[1084,4,1090,4],[1084,5,1090,5],[1084,6,1090,6],[925,1,931,1],[925,2,931,2],[925,3,931,3],[925,4,931,4],[925,5,931,5],[925,6,931,6],[1020,1,1026,1],[1020,2,1026,2],[1020,3,1026,3],[1020,4,1026,4],[1020,5,1026,5],[1020,6,1026,6],[1164,1,1170,1],[1164,2,1170,2],[1164,3,1170,3],[1164,4,1170,4],[1164,5,1170,5],[1164,6,1170,6],[1091,1,1097,1],[1091,2,1097,2],[1091,3,1097,3],[1091,4,1097,4],[1091,5,1097,5],[1091,6,1097,6]]}
[]
[]
[]
[]
[]
[]
[]
[]
[]
[]
[]
[null,"Intel E5-26xx V3 processor-based Servers - Dual Socket"]
[null,"Code Name","General Description",null,null,null,null,"Product Brief","Config Guide","TPS 1","TPS 2"]
[null,"Wildcat Pass","Maximum memory 1U and 2U systems with up to 24 2.5-inch or 12 3.5-inch HDDs supporting up to 24 DIMMs and six PCIe* Gen 3 x8 adapters for I/O flexibility",null,null,null,null,"Link","Link","1U Link","2U Link"]
[]
[]
[]
[]
[]
[null,"■■■■■■■■■■■■■■■■■■■■■■■■■■■■■■■■■■■■■■■■■■■■■■■■■■■■■■■■■■■■■■■■■■■■■■■■■■■■■■■■■■■■■■■■"]
[null,"Intel E5-26xx V1 and V2 processor-based Servers - Dual Socket"]
[null,"Code Name","General Description",null,null,null,null,"Product Brief","Config Guide","TPS 1","TPS 2"]
[null,"Grizzly Pass","Maximum memory 1U and 2U systems with up to 24 2.5-inch or 12 3.5-inch HDDs supporting up to 24 DIMMs and six PCIe* Gen 3 x8 adapters for I/O flexibility",null,null,null,null,"Link","Link","1U Link","2U Link"]
[null,"Jefferson Pass","2U High density half-width server systems with 12 3.5” hot-swap hard drives, optimized for HPC application performance delivering maximum memory bandwidth and I/O flexibility. 4 dual-socket nodes per system",null,null,null,null,"Link","Link","System Link","Chassis Link"]
[null,"Washington Pass","2U High density half-width server systems with 12 3.5” hot-swap hard drives, optimized for HPC application performance delivering maximum memory bandwidth and I/O flexibility with Maximum memory capabilty (64 DIMMS per node). 4 dual-socket nodes per system",null,null,null,null,"Link","Link","System Link","Chassis Link"]
[null,"Iron Pass","Intel® Server Board S2600IP–based systems (R2000 & P4000): 2U rack and 4U pedestal systems with up to 24 2.5-inch or 8 3.5-inch hot-swap HDDs with unsurpassed I/O capacity for true enterprise class performance and expandability",null,null,null,null,"Link",null,"2U Link","4U Link"]
[null,"Crown Pass","These Workstation systems balance the need for computational power with I/O capacity and flexibility to deliver amazing application performance"]
[null,"Canoe Pass","4U mainstream server system with eight 2.5 or 3.5-inch hot-swap HDDs deliver performance and flexibility",null,null,null,null,null,"Link","Link"]
[null,"■■■■■■■■■■■■■■■■■■■■■■■■■■■■■■■■■■■■■■■■■■■■■■■■■■■■■■■■■■■■■■■■■■■■■■■■■■■■■■■■■■■■■■■■"]
[null,"Intel E5-26xx V1 and V2, Intel E5-16xx V1 and V2 processor-based Servers - Single Socket"]
[null,"Code Name","General Description",null,null,null,null,"Product Brief","Config Guide","TPS 1","TPS 2"]
[null,"Jackson Pass","A performance single-socket system featuring a half-width board, rich in I/O (40 Gen3 lanes) for a streamlined 1U rack mount server presentation. Designed for cost-effective execution, the Intel® Server Board S1600JP features support for one Intel® Xeon® processor E5-2600 or E5-1600 product family, 8 DIMMs, and front I/O support for convenient 1U rack deployment. Models available with optional support for Intel® Xeon Phi™ coprocessor.",null,null,null,null,"Link","Link","Link"]
[null,"■■■■■■■■■■■■■■■■■■■■■■■■■■■■■■■■■■■■■■■■■■■■■■■■■■■■■■■■■■■■■■■■■■■■■■■■■■■■■■■■■■■■■■■■"]
[null,"Intel E5-46xx V1 and V2 processor-based Servers - 4-socket"]
[null,"Code Name","General Description",null,null,null,null,"Product Brief","Config Guide","TPS 1","TPS 2"]
[null,"Lizard Head Pass","Delivering two times the floating point (FLOPS) performance of similarly configured two-socket systems, the Intel® Server Board S4600LH2 and S4600LT2 family are ideal for demanding HPC applications requiring maximum performance density. The massive 1.5 TB memory capacity and four-socket CPU performance mean the S4600LH2 and S4600LT2 family also make an ideal solution for intensive enterprise-class database applications or highly virtualized environments.",null,null,null,null,"Link","Link","Link"]
[null,"■■■■■■■■■■■■■■■■■■■■■■■■■■■■■■■■■■■■■■■■■■■■■■■■■■■■■■■■■■■■■■■■■■■■■■■■■■■■■■■■■■■■■■■■"]
[null,"Intel E5-24xx V1 and V2 Processor-based Servers - Dual Socket"]
[null,"Code Name","General Description",null,null,null,null,"Product Brief","Config Guide","TPS 1","TPS 2"]
[null,"Black Bear Pass","Based on the Intel® Xeon® E5-2400 processor, the Intel® Server Board S2400BB features an energy efficient spread core design, 12V power input and high efficiency VR components. Designed for rack-optimization, the S2400BB Server Board is available in 1U or 2U server systems, which includes optimized fan speed control, ACPI S3 sleep state and 80Plus* Platinum certified power supplies.",null,null,null,null,"Link","Link","1U Link","2U Link"]
[null,"Eagle Pass","The Intel® Server Board S2400EP family is designed for high-density, rack-optimized deployments, either in value data centers or in embedded applications",null,null,null,null,null,"Link","Link"]
[null,"Swiftcurrent Pass","The Intel® Server Board S2400SC2 is the high return on investment (ROI) choice for embedded, storage, and small business applications requiring mainstream performance without compromising on storage flexibility or I/O expansion options. It is also ideal as an affordable server building block for small businesses seeking real dual-socket server performance.",null,null,null,null,"Link","Link","Link","Link"]
[null,"■■■■■■■■■■■■■■■■■■■■■■■■■■■■■■■■■■■■■■■■■■■■■■■■■■■■■■■■■■■■■■■■■■■■■■■■■■■■■■■■■■■■■■■■"]
[null,"Intel E5-24xx V1 and V2 Processor-based Servers - Single Socket"]
[null,"Code Name","General Description",null,null,null,null,"Product Brief","Config Guide","TPS 1","TPS 2"]
[null,"Salmon Pass","Flexible, entry one-socket, 1U rack-optimized system with four 3.5-inch fixed or hot-swap HDDs for embedded environments",null,null,null,null,null,"Link","Link"]
[null,"■■■■■■■■■■■■■■■■■■■■■■■■■■■■■■■■■■■■■■■■■■■■■■■■■■■■■■■■■■■■■■■■■■■■■■■■■■■■■■■■■■■■■■■■"]
[null,"Intel E3-12xx V1 and V2 Processor-based servers - Single Socket"]
[null,"Code Name","General Description",null,null,null,null,"Product Brief","Config Guide","TPS 1","TPS 2"]
[null,"Beartooth Pass","An entry-level family of general-purpose server products designed for small to medium sized business applications, including 1U rack systems supporting advanced management features and rich I/O",null,null,null,null,"Link","Link","Link"]
[null,"■■■■■■■■■■■■■■■■■■■■■■■■■■■■■■■■■■■■■■■■■■■■■■■■■■■■■■■■■■■■■■■■■■■■■■■■■■■■■■■■■■■■■■■■"]
[null,"Intel E3-12xx V3 Processor-based Servers - Single Socket"]
[null,"Code Name","General Description",null,null,null,null,"Product Brief","Config Guide","TPS 1","TPS 2"]
[null,"Rainbow Pass","Cost-effective, 1U rack-optimized and 4U pedestal systems with 2.5-in. or 3.5-in. fixed or hot-swap HDDs for small and medium business (SMB)",null,null,null,null,"Link","Link","Link"]
[null,"■■■■■■■■■■■■■■■■■■■■■■■■■■■■■■■■■■■■■■■■■■■■■■■■■■■■■■■■■■■■■■■■■■■■■■■■■■■■■■■■■■■■■■■■"]
[]
[]
[null,null,null,null,null,null,null,"Product Brief","Config Guide","TPS 1","TPS 2"]
[null,"Wildcat Pass",null,null,null,null,null,"Link","Link","1U Link","2U Link"]
[null,"Code Name","Part #","SKU #","Description",null,"Price"]
[null,"Wildcat Pass","S2600WT2",3953486,"Intel®Server Board S2600WT2\n■ Supports dual Intel Xeon E5-2600V3 processors\n■ Maximum supported TDP for board 145W (not available in all chassis)\n■ Intel C-610 chipset\n■ 24 DDR4 DIMM Slots\n■ 8 SCU ports through 2 SFF-8643 connectors\n■ 2 SATA 6G ports for ODD, DOM, SSD through 2 7-pin SATA connectors\n■ 2 Integrated 1 Gb ports (Intel Ethernet controller I350)\n■ Integrated Baseboard Management controller with IPMI 2.0 support\n■ Optional advanced management features activated by AXXRMM4LITE key\n■ Dedicated 1 Gb management port onboard\n■ Support for Intel IO expansion module option\n■ Support for Intel SAS module option",null,442.10526315789474]
[]
[]
[]
[]
[]
[]
[]
[]
[]
[]
[null,"Wildcat Pass","S2600WTT",3953485,"Same as above but with 10 GbE onboard",null,568.42105263157896]
[null,"Wildcat Pass","R1304WTXXX",3953481,"Intel®Server Chassis R1304XXXX\n\nIntel® Server Chassis R1304WTXXX designed specifically forIntel® Server Board S2600WTx family\nincludes:\n■ Airduct\n■ Standard control panel (board FXXFPANEL)\n■ Front 1xVGA and 2xUSB in dedicated tray\n■ ODD bay for CD/DVD drive support\n■ 4x 3.5” Hotswap drive support (includes backplane FR1304S3HSBP and 4 carriers FXX35HSCAR)\n■ Power cable to backplane\n■ Two CPU heatsinks\n■ Two Riser metal brackets.\n■ One PSU filler\nNote: Max CPU TDP supported – 145W with configuration limitations, please reference Technical Product Specification\n\nRequired Options – Sold Separately:\n■ Intel® Server Board S2600WT (with 1G or 10G LOM)\n■ Power supply (validated 750W, supports up to 2) FXX750PCRPS or AXX750DCCRPS\n\nOptional Accessories (included in similar Integrated Systems)\n■ Riser F1UL16RISER2 – Can support up to 2\n■ SAS cables (depending on usage model, reference enclosure management cabling guide) \n■ AXXCBL800HRHD cable from AXXCBL1UHRHD kit – onboard SATA ports\n■ AXXCBL875HDHD – SAS module or riser 1\n■ AXXCBL950HDHD - SAS HBA in riser2\n\nNote: each cable kit has 2 cables.\n\nChassis dimensions 17.25\" wide x 28\" long x 1.72\" high",null,378.94736842105266]
[]
[]
[]
[]
[]
[]
[]
[]
[]
[]
[]
[]
[]
[null,"Wildcat Pass","R1208WTXXX",3953482,"Intel®Server Chassis R1208XXXX\n\nIntel® Server Chassis R1304WTXXX designed specifically forIntel® Server Board S2600WTx family\nincludes:\n■ Airduct\n■ Standard control panel (board FXXFPANEL)\n■ Front 1xVGA and 2xUSB in dedicated tray\n■ ODD bay for CD/DVD drive support\n■ 4x 3.5” 8x 2.5” Hot - swap drive support (includes backplane F1U8X25S3HSBP and 8 carriers FXX25HSCAR2)\n■ Power cable to backplane\n■ Two CPU heatsinks\n■ Two Riser metal brackets.\n■ One PSU filler\nNote: Max CPU TDP supported – 145W with configuration limitations, please reference Technical Product Specification\n\nRequired Options – Sold Separately:\n■ Intel® Server Board S2600WT (with 1G or 10G LOM)\n■ Power supply (validated 750W, supports up to 2) FXX750PCRPS or AXX750DCCRPS\n\nOptional Accessories (included in similar Integrated Systems)\n■ Riser F1UL16RISER2 – Can support up to 2\n■ SAS cables (depending on usage model, reference enclosure management cabling guide) \n■ AXXCBL800HRHD cable from AXXCBL1UHRHD kit – onboard SATA ports\n■ AXXCBL875HDHD – SAS module or riser 1\n■ AXXCBL950HDHD - SAS HBA in riser2\n\nNote: each cable kit has 2 cables.\n\nChassis dimensions 17.25\" wide x 28long x 1.72 - inch high",null,442.10526315789474]
[]
[]
[]
[]
[]
[]
[]
[]
[]
[]
[]
[]
[]
[null,"Wildcat Pass","R2312WTXXX",3953483,"Intel®Server Chassis R2312WTXXX\n\nIntel® Server Chassis R2312WTXXX designed specifically for Intel® Server Board  s2600WT family \nincludes:\n■ Airduct\n■ Standard control panel (board FXXFPANEL)\n■ Front 1xVGA and 2xUSB in dedicated tray\n■ 12x 3.5” Hot - swap drive support (includes backplane F2U12X35S3HSBP and 12 carriers  FXX35HSCAR)\n■ I2C cable for backplane\n■ Power cable to backplane\n■ ODD/Fixed SSDs power cable\n■ Two CPU heatsinks \n■ Three Riser metal brackets\n\nNote:Max CPU TDP supported – 145W with configuration limitations, please reference Technical Product Specification\n\nRequired Options – Sold Separately: \n■ Intel® Server Board S2600WT(with 1G or 10G LOM)\n■ Power supply (750WAC or DC, 1100W supports up to 2) FXX750PCRPS, AXX750DCCRPS or AXX1100PCRPS\n\nOptional Accessories (included in similar Integrated Systems)\n■ Risers position 1&2 (up to two, 3 options) A2UL8RISER2, A2UL16RISER2, A2ULPCIXRISER\n■ Riser position 3 (1 option) A2UX8X4RISER\n■ Rear drives accessory A2UREARHSDK\n■ SAS/SATA cables (depending on usage model, reference enclosure management cabling guide) \n■ For 12G SAS HBA connectivity, one of each from following kits required to reach riser1 location \n■ AXXCBL800HDHD + AXXCBL875HDHD + AXXCBL950HDHD\n\nChassis dimensions 17.25” wide x 28” long x 3.44” high\n",null,526.31578947368428]
[]
[]
[]
[]
[]
[]
[]
[]
[]
[]
[]
[]
[]
[null,"Wildcat Pass","R2000WTXXX",3953484,"Intel® Server Chassis R2000XXXX\n\nIntel® Server Chassis R2000WTXXX designed\nspecifically for Intel® Server Board S2600WT family \nincludes:\n• Airduct\n•   Standard control panel (board FXXFPANEL)\n•   Front 1xVGA and 2xUSB in dedicated tray\n•   ODD bay for CD/DVD drive support Power cable\n•   I2C cable for backplane (backplane sold separately)\n•   ODD/Fixed SSDs power cableTwo CPU heatsinks\n•   Three Riser metal brackets \n•  One PSU filler\n\nNote: Max CPU TDP supported – 145W with configuration limitations, please reference Technical Product Specification\n\nRequired Options:\n• Intel® Server Board S2600WT (with 1G or 10G LOM)\nDrive option (unless used without drives)\n• A2U8X25S3HSDK (one/two) for 8/16 single port 2.5”drives\n• A2U8X25S3HSDK (three) + Storage rack handle A2UHANDLKIT for 24 single port 2.5” drives\n• A2U8X25S3DPDK – similar but dual port drive cage kit with added support of dual port SAS drives. (8/16/24 drives supported)\n• A2U8X35S3HSDK – for 8x3.5” drives support. Replaced ODD bay included with chassis. Reuses front panel and IO tray included with chassis. INCLUDES SAS/SATA cables.\n• A2U44X25NVMEDK – for 2.5” NVMe drives support. Supoprts mix of SAS/SATA and NVMe drives with maximum of 8, up to 4 NVMe drives. \nPower supplies (validated 750W AC, DC, 1100W AC, one or two) FXX750PCRPS ,AXX750DCCRPS, AXX1100PCRPS\n\nOptional Accessories ( included in similar Integrated Systems)\n• Risers position 1&2 (up to two, 3 options) A2UL8RISER2, A2UL16RISER2, A2ULPCIXRISER \n• Riser position 3 (1 option) A2UX8X4RISER\n•  SAS/SATA cables (depending on usage model, reference enclosure management cabling guide)\n■ AXXCBL730HDHD – for 8x2.5” drives in left bay.\n■ AXXCBL875HDHD – for 8x2.5” drives in center and right bay\n",null,315.78947368421052]
[]
[]
[]
[]
[]
[]
[]
[]
[]
[]
[]
[]
[]
[null,"Wildcat Pass","R1304WTTGS",null,"Intel® Server System R1304WTTGS\n\nIntegrated server system with 4 Hot Swap SATA HDD\nsupport (SAS opt), 24 DIMM slots, two 10G LAN ports\nIncludes:\n•   1U chassis with an Intel® Server Board S2600WTT\n•   Standard control panel (board FXXFPANEL)\n•   Front 1xVGA and 2xUSB in dedicated tray\n•   ODD bay for CD/DVD drive support\n•   4x 3.5” Hot-swap drive support (includes backplane FR1304S3HSBP and 4 carriers FXX35HSCAR)\n•   One AXXCBL800HRHD cable installed. (spare included in AXXCBL1UHRHD) \nNote: (AXXCBL875HDHDstraight cable required if HBA in riser 1 or SAS I/O module installed,\nAXXCBL950HDHD for HBA in riser 2 slot, for 6G\nmodules/HBAs with SFF8088 connectors –\nAXXCBL875HDMS or AXXCBL950HDMS cables\nrequired)\n•   Two CPU heat sinks FXXCA84X106HS\n•   Two risers: 1x16 PCIe FHHL slot on each (F1UL16RISER)\n•   One 750W AC PSU (FXX750PCRPS)\n\nThere are no required PCSD components to make this\nsystem functional.\n\nNote: Max CPU TDP supported – 145W with configuration limitations, please reference Technical Product Specification\n\nIf buying the board and chassis separately these are\nthe components need for this configuration:\n- Intel® Server Chassis R1304WTXXX\n- Intel® Server Board S2600WTT\n- FXX750PCRPS Power supply\n- Two F1UL16RISER2 risers\n- AXXCBL800HRHD cable from kit AXXCBL800HRHD\n\n",null,"Not Available"]
[]
[]
[]
[]
[]
[]
[]
[]
[]
[]
[]
[]
[]
[null,"Wildcat Pass","R1304WT2GS",null,"Intel® Server System R1304WTTGS\nIntegrated server system with 4 Hot Swap SATA HDD\nsupport (SAS opt), 24 DIMM slots, two 1G LAN ports\n1U chassis with an Intel® Server Board S2600WT2\n•   Standard control panel (board FXXFPANEL)\n•   Front 1xVGA and 2xUSB in dedicated tray\n•   ODD bay for CD/DVD drive support\n•   4x 3.5” Hot-swap drive support (includes backplane FR1304S3HSBP and 4 carriers FXX35HSCAR)\n•   One AXXCBL800HRHD cable installed. (spare included in AXXCBL1UHRHD) AXXCBL875HDHD straight cable required if HBA in riser1 or SAS I/O module installed, AXXCBL950HDHD for HBA in riser2, for 6G modules/HBAs with SFF8088 connectors –\nAXXCBL875HDMS or AXXCBL950HDMS cables required)\n•   Two CPU heat sinks FXXCA84X106HS\n•   Two risers: 1x16 PCIe FHHL slot on each\n(F1UL16RISER)\n•   One 750W AC PSU (FXX750PCRPS)\n\nThere are no required PCSD components to make this\nsystem functional.\n\nNote: Max CPU TDP supported – 145W with configuration limitations, please reference Technical Product Specification\n\nIf buying the board and chassis separately these are\nthe components need for this configuration::\n- Intel® Server Chassis R1304WTXXX\n- Intel® Server Board S2600WT2\n- FXX750PCRPS Power supply\n- Two of F1UL16RISER2 risers\n- AXXCBL800HRHD cable from kit AXXCBL800HRHD\n\n",null,"Not Available"]
[]
[]
[]
[]
[]
[]
[]
[]
[]
[]
[]
[]
[]
[null,"Wildcat Pass","R1208WTTGS",null," Intel® Server System R1208WTTGS \nIntegrated Server System with 8 Hot Swap SATA HDD \nsupport (SAS opt), 24 DIMM slots, and two 10G LAN \nports \n•   1U chassis with an Intel® Server Board S2600WTT \n•   Standard control panel (board FXXFPANEL) \n•   ODD bay for CD/DVD drive support \n•   Front 1xVGA and 2xUSB in ODD bay \n•   8x 2.5” Hot-swap drive support (includes backplane F1U8X25S3HSBP and 8 carriers  FXX25HSCAR2) \n• 2 Cables: One AXXCBL730HRHD and one  AXXCBL800HRHD installed (spare included in  AXXCBL1UHRHD) \n Note: (AXXCBL875HDHD+ AXXCBL730HDHD straight cable required if 12G HBA or 12G SAS I/O module installed. For 6G modules/HBAs with SFF8088 connectors – AXXCBL875HDMS or \n AXXCBL730HDMS cables required) \n•   Two CPU heat sinks FXXCA84X106HS \n•   Two risers: 1x16 PCIe FHHL slot on each  (F1UL16RISER) \n• One 750W AC PSU (FXX750PCRPS) \nMax CPU TDP supported – 145W with configuration \nlimitations, please reference Technical Product \nSpecification \n   \nThere are no additional required PCSD components to \nmake this system functional. \n\nIf buying the board and chassis separately these are the components need for this configuration::\n- Intel® Server Chassis R1208WTXXX \n- Intel® Server Board S2600WTT\n- FXX750PCRPS Power supply \n- Two of F1UL16RISER2 risers \n- Cable kit: AXXCBL1UHRHD ",null,"Not Available"]
[]
[]
[]
[]
[]
[]
[]
[]
[]
[]
[]
[]
[]
[null,"Wildcat Pass","R1208WT2GS",null," Intel® Server System R1208WT2GS \nIntegrated Server System with 8 Hot Swap SATA HDD \nsupport (SAS opt), 24 DIMMs, Two 1G LAN ports \n•   1U chassis with an Intel® Server Board S2600WT2 \n•   Standard control panel (board FXXFPANEL) \n•   ODD bay for CD/DVD drive support \n•   Front 1xVGA and 2xUSB in ODD bay \n•   8x 2.5” Hot-swap drive support (includes backplane F1U8X25S3HSBP and 8 carriers FXX25HSCAR2) \n• Two cables: One AXXCBL730HRHD and one \n AXXCBL800HRHD. (spare included in AXXCBL1UHRHD) \n Note: (AXXCBL875HDHD+ AXXCBL730HDHD straight cable required if 12G HBA or 12G SAS I/O module installed. For 6G modules/HBAs with SFF8088 connectors – AXXCBL875HDMS or \n AXXCBL730HDMS cables required) \n•   Two CPU heat sinks FXXCA84X106HS \n•   Two risers: 1x16 PCIe FHHL slot on each (F1UL16RISER) \n• One 750W AC PSU (FXX750PCRPS) \n  \nMax CPU TDP supported – 145W with configuration limitations, please reference Technical Product Specification \n\nThere are no required PCSD components to make this \nsystem functional. \n\n If buying the board and chassis separately these are the components need for this configuration:\n- Intel® Server Chassis R1208WTXXX \n- Intel® Server Board S2600WT2\n- FXX750PCRPS Power supply \n- Two of F1UL16RISER2 risers \n- Cable kit: AXXCBL1UHRHD\n",null,1278.9473684210527]
[]
[]
[]
[]
[]
[]
[]
[]
[]
[]
[]
[]
[]
[null,"Wildcat Pass","R2208WTTYS",null," Intel® Server System R2208WTTYS\nIntegrated Intel® Server System 8 Hot Swap SATA HDD\nsupport (SAS opt), 24DIMMs, Two 10G LAN ports\n•   2U chassis with an Intel® Server Board S2600WTT\n•   Airduct\n•   Standard control panel (board FXXFPANEL)\n•   ODD bay for CD/DVD drive support\n•   Front 1xVGA and 2xUSB on dedicated tray\n•   8x 2.5” Hot-swap drive support (includes backplane\n FXX8X25S3HSBP and 8 carriers FXX25HSCAR2)\n•   Two AXXCBL730HDHD SAS cables (1 kit)\n•   Two CPU heatsinks FXXCA84X106HS\n•   Redundant and hotswap cooling fans\n•   Two risers with 3 x8 slots (2xFHFL+1xFHHL)  (A2UL8RISER2)\n•   One riser - PCIe3 x8 + PCIe2 x4 expansion slots  (A2UX8X4RISER)\n•   3xBBU holder over air duct\n•   One 1100W AC PSU (AXX1100PCRPS)\nMax CPU TDP supported – 145W with configuration limitations, please reference Technical Product Specification\n\nThere are no required PCSD components to make this\nsystem functional.\n \nIf buying the board and chassis separately these are the\ncomponents need for this configuration:\n- Intel® Server Chassis R2000WTXXX\n- Intel® Server Board S2600WTT\n- A2U8X25S3HSDK drive cage\n- AXX1100PCRPS Power supply\n- Two of A2UL8RISER2 risers\n- A2UX8X4RISER riser\n- Two cables (one kit) AXXCBL730HDHD\n",null,"Not Available"]
[]
[]
[]
[]
[]
[]
[]
[]
[]
[]
[]
[]
[]
[null,"Wildcat Pass","R2208WTTYC1",null,"Intel® Server System R2208WTTYC1\nIntegrated Intel® Server System optimized for Intel Xeon\nPHY support, 8 Hot Swap SATA HDD support (SAS opt),\n24DIMMs, Two 10G LAN ports\n•   2U chassis with an Intel® Server Board S2600WTT\n•   Airduct built to support passively cooled Xeon PHi cards (AWTCOPRODUCT)\n•   Standard control panel (board FXXFPANEL)\n•   ODD bay for CD/DVD drive support\n•   Front 1xVGA and 2xUSB on dedicated tray\n•   8x 2.5” Hot-swap drive support (includes backplane\nFXX8X25S3HSBP and 8 carriers FXX25HSCAR2)\n•   Two AXXCBL730HDHD SAS cables (1 kit)\n•   Two CPU heatsinks FXXCA84X106HS\n•   Redundant and hotswap cooling fans\n•   Two risers with X16 + x8 slots, support for Intel Xeon\nPHI, power cables included (A2UL16RISER2)\n•   Intel Xeon PHi mounting/shipping bracket\n•   One riser - PCIe3 x8 + PCIe2 x4 expansion slots\n(A2UX8X4RISER)\n•   3xBBU holder over air duct\n•   Two 1100W AC PSU (AXX1100PCRPS)\nMax CPU TDP supported – 145W with configuration limitations, please reference Technical Product Specification\n\nThere are no required PCSD components to make this\nsystem functional.\n\nIf buying the board and chassis separately these are the\ncomponents need for this configuration:\n- Intel® Server Chassis R2000WTXXX\n- Intel® Server Board S2600WTT\n- AWTCOPRODUCT – duct and bracket to support 2\npassive Xeon Phi cards.\n- A2U8X25S3HSDK drive cage\n- Two AXX1100PCRPS Power supplies\n- Two of A2UL16RISER2risers\n- A2UX8X4RISER riser\n- Two cables (one kit) AXXCBL730HDHD\n",null,"Not Available"]
[]
[]
[]
[]
[]
[]
[]
[]
[]
[]
[]
[]
[]
[null,"Wildcat Pass","R2208WT2YS",null,"Intel® Server System R2208WT2YS\nIntegrated Intel® Server System 8 Hot Swap SATA HDD\nsupport (SAS opt), 24DIMMs, Two 1G LAN ports\n•   2U chassis with an Intel® Server Board S2600WT2 Airduct\n•   Standard control panel (board FXXFPANEL)\n•   ODD bay for CD/DVD drive support\n•   Front 1xVGA and 2xUSB on dedicated tray\n•   8x 2.5” Hot-swap drive support (includes backplane\nFXX8X25S3HSBP and 8 carriers FXX25HSCAR2)\nTwo AXXCBL730HDHD SAS cables (1 kit)\n•   Two CPU heatsinks FXXCA84X106HS\n•   Redundant and hotswap cooling fans\n•   Two risers with 3 x8 slots (2xFHFL+1xFHHL) (A2UL8RISER2)\n•   One riser - PCIe3 x8 + PCIe2 x4 expansion slots (A2UX8X4RISER)\n•   3xBBU holder over air duct\n•   One 1100W AC PSU (AXX1100PCRPS)\nMax CPU TDP supported – 145W with configuration limitations, please reference Technical Product Specification\n\nThere are no required PCSD components to make this\nsystem functional.\n\nIf buying the board and chassis separately these are the\ncomponents need for this configuration:\n- Intel® Server Chassis R2000WTXXX chassis\n- Intel® Server Board S2600WT2\n- A2U8X25S3HSDK drive cage\n- AXX1100PCRPS Power supply\n- Two of A2UL8RISER2 risers\n- A2UX8X4RISER riser\n- Two cables (one kit) AXXCBL730HDHD\n\n",null,"Not Available"]
[]
[]
[]
[]
[]
[]
[]
[]
[]
[]
[]
[]
[]
[null,"Wildcat Pass","R2308WTTYS",null," Intel® Server System R2308WTTYS\nIntegrated Server System 2U, 10G LAN, 24 DIMM, Two 10G LAN ports, 8x3.5 Hot Swap SATA HDD support (SAS opt) \n•   2U chassis with an Intel® Server Board S2600WT \n•   Airduct\n•   Standard control panel (board FXXFPANEL)\n•   ODD bay for CD/DVD drive support\n•   Front 1xVGA and 2xUSB in dedicated tray\n•   8x 3.5” Hot-swap drive support (includes backplane\n F2U8X35S3HSBP and 8 carriers FXX35HSCAR)\n•   Two cables: One from each of kits AXXCBL800HDHD\n & AXXCBL950HDHD\n•   Two CPU heatsinks FXXCA84X106HS\n•   Redundant and hotswap cooling fans\n•   Two risers with 3 x8 slots (2xFHFL+1xFHHL)  (A2UL8RISER2)\n•   One riser - PCIe3 x8 + PCIe2 x4 expansion slots\n (A2UX8X4RISER) \n•   3xBBU holder over air duct\n•   One 1100W AC PSU second unit must be added for\n redundancy (AXX1100PCRPS)\nMax CPU TDP supported – 145W with configuration limitations, please reference Technical Product Specification\n  \nThere are no required PCSD components to make this\nsystem functional.\n\n \nIf buying the board and chassis separately these are the\ncomponents need for this configuration:\n- Intel® Server Chassis R2000WTXXX\n- Intel® Server Board S2600WTT\n- A2U8X35S3HSDK drive cage\n- One cable from each of kits AXXCBL800HDHD &\nAXXCBL950HDHD\n- AXX1100PCRPS Power supply\n- Two of A2UL8RISER2 risers\n- A2UX8X4RISER riser\n",null,"Not Available"]
[]
[]
[]
[]
[]
[]
[]
[]
[]
[]
[]
[]
[]
[null,"Wildcat Pass","R2312WTTYS",null," Intel® Server System R2312WTTYS\nIntegrated Intel® Server System optimized for storage\nsolutions, Two 10G LAN ports, 12x3.5” Hot Swap SATA\nHDD support (only 8 SATA ports on board available,\nrequires additional controller for 12 ports, SAS-ready)\n•   2U chassis with an Intel® Server Board S2600WTT\n•   Air duct\n•   Control panel on rack handle (A2UHANDLKIT)\n•   No ODD support.\n•   12x 3.5” Hot-swap drive support (includes backplane\n F2U12X35S3HSBP and 8 carriers FXX35HSCAR)\n•   Three cables: One from each kit AXXCBL800HDHD,\n AXXCBL875HDHD & AXXCBL950HDHD\n•   Two CPU heatsinks FXXCA84X106HS\n•   Redundant and hotswap cooling fans\n•   Two risers with 3 x8 slots (2xFHFL+ 1xFHHL) (A2UL8RISER)\n•   Rear-accessible 2x2.5\" hot swap drive cage\n (A2UREARHSDK)\n•   Power cable to support rear and internal 2.5” drives.\n•   3xBBU holder over air duct\n•   One 1100W AC PSU (AXX1100PCRPS)\nMax CPU TDP supported – 145W with configuration limitations, please reference Technical Product Specification\n \nThere are no required PCSD components to make this\nsystem functional.\n \nIf buying the board and chassis separately these are the\ncomponents need for this configuration:\n- Intel® Server Chassis R2312WTXXX\n- Intel® Server Board S2600WTT\n- AXX1100PCRPS Power supply\n- Two of A2UL8RISER2 risers\n- Rear-accessible 2x2.5\" hot swap drive cage (A2UREARHSDK)\n- A2UHANDLKIT storage control panel rack handle kit\n",null,"Not Available"]
[]
[]
[]
[]
[]
[]
[]
[]
[]
[]
[]
[]
[]
[null,"Wildcat Pass","R2224WTTYS",null,"Intel® Server System R2224WTTYS\nIntegrated Server System optimized for storage solutions,\n24 Dimm slots, Two 10G LAN ports, 24x3.5” Hot Swap\nSATA HDD support SAS-ready (only 8 SATA ports\navailable on board in standard configuration.\n•   2U chassis with an Intel® Server Board S2600WTT\n•   Airduct\n•   Control panel on rack handle (A2UHANDLKIT) , No\nODD support\n•   24x 2.5” Hot-swap drive support (includes Three\nbackplanes FXX8X25S3HSBP and 24 carriers\nFXX25HSCAR2)\n•   Six cables: Four AXXCBL875HDHD (2 kits) and Two\nAXXCBL730HDHD (one kit)\n•   Redundant and hotswap cooling fans\n•   Two risers with 3 x8 slots (2xFHFL + 1xFHHL) (A2UL8RISER)\n•   Rear-accessible 2x2.5\" hot swap drive cage\n•   Power cable to support rear and internal 2.5” drives.\n•   3xBBU holder over air duct\n•   One 1100W AC PSU (AXX1100PCRPS)\nMax CPU TDP supported – 145W with configuration limitations, please reference Technical Product Specification\n\nNeed additional expander/controller to connect all 24\ndrives.\n\nIf buying the board and chassis separately these are the\ncomponents need for this configuration:\n- Intel® Server Chassis R2000WTXXX\n- Intel® Server Board S2600WTT\n- AXX1100PCRPS Power supply\n- Two of A2UL8RISER2 risers\n- Rear-accessible 2x2.5\" hot swap drive cage\n(A2UREARHSDK)\n- A2UHANDLKIT storage control panel rack handle kit\n",null,"Not Available"]
[]
[]
[]
[]
[]
[]
[]
[]
[]
[]
[]
[]
[]
[null,"Spares and Accessories"]
[null,"Wildcat Pass","A2UREARHSDK",null,"Rear 2 drive cage accessory for R2000WT systems\n \nIncludes: backplane with cage, 2 trays, 5 screws, 2 SATA cables, power cable, I2C cable, SGPIO cable.",null,147.36842105263159]
[null,"Wildcat Pass","A2UCBLSSD",null," Kit of two cables to enable fixed SSD and rear drive simultaneously. \n Includes: Power cable to provide power to rear HDDs and fixed SSDs on airdduct simultanoiusly, No ODD power support. (1) fan out data cable MiniSASHD to four 7-pin.",null,"Not Available"]
[null,"Wildcat Pass","A2UX8X4RISER",null,"2U PCIe x8+ PCIe x4 (3rd) riser for R2000WT systems - Includes mounting screws",null,57.894736842105267]
[null,"Wildcat Pass","A2UHANDLKIT",null,"Kit of 3 different rack handles, including:\n(1) Set of storage rack handles with control panel and USB.\nIncludes cable and adapter board, screws, can be used for\nupgrade. \n(1) Set of 1U rack handles spare kit\n(1) 2U non –storage, rack handles spare kit\nCompatible with R2000 family.",null,105.26315789473685]
[null,"Wildcat Pass","AWTCOPRODUCT",null,"2U Accessory airduct – enables support of 2 dual wide passive cooled PCI cards (such as Xeon PHI or certain GPU) in 2U system. Directs air to enable sufficient cooling of up to 300W per card. \nIncludes: Airduct, metal support brackets required for shipping with Xeon Phi and some GPUs with matching mount points.",null,47.368421052631582]
[null,"Wildcat Pass","AXX750DCCRPS",3960814,"750W -48v DC (Direct current) CRPS 80+ Gold efficiency power\nsupply spare/accessory. \nIncludes 1 power supply and 1 O-ring terminal adapter. Does not include cable.",null,315.78947368421052]
[null,"Wildcat Pass","AXXDCCRPSCBL",null,"Spare 8 foot DC power cable. Connects directly to power supply instead of O-ring terminals adapter",null,63.15789473684211]
[null,"Wildcat Pass","AXX1100PCRPS",3936540,"1100W AC CRPS 80+ Platinum efficiency power supply spare/accessory.",null,221.05263157894737]
[null,"Wildcat Pass","FXX750PCRPS",3176473,"750W AC CRPS 80+ Platinum efficiency power supply spare/accessory.",null,205.26315789473685]
[null,"Wildcat Pass","A1U2ULCP",3163498,"LCP Module (local control panel).\n\nEnables system to display critical errors from SEL for instant\ndiagnostic. Also allows custom message for branding. When\ninstalled – replaces ODD on 1208 family, and replaces IO\nports tray on 1304,2208,2216,2308 families. Not\ncompatible with 2224 and 2312 families.\nModule has 2 USB ports. No front video connector.",null,52.631578947368425]
[null,"Wildcat Pass","FXXFPANEL2",null,"Front Panel board spare for use on 1U/2U rack systems (R1000, R2000 except R2224 and R2312) Rack chassis and P4000 Pedestal Chassis. Different from FXXFPANEL by 0.6mm offset of reset and power buttons.",null,"Not Available"]
[null,"Wildcat Pass","FXXCA84X106HS",3179862," 1U Heat Sink FXXCA84X106HS (Cu/Al 84mmx106mm)",null,52.631578947368425]
[null,"Wildcat Pass","F1UL16RISER2",3958470,"Spare 1U riser for WTT/WT2 boards.  PCIe x16 FHHL.\n Includes 2 mounting screws.",null,68.421052631578945]
[null,"Wildcat Pass","A2UL8RISER2",null,"Spare 2U 3 slot riser for WTT/WT2 boards: Three PCIe x8 Gen3\nports electrical. Top two connectors are x16 mechanical. Lower connector is x8 mechanical. Includes 1 mounting screw.",null,68.421052631578945]
[null,"Wildcat Pass","A2UL16RISER2",null,"Accessory 2U 2 slot riser for WTT/WT2 boards:\nTop connector: PCIe x16 electrical with x16. mechanical.\nBottom connector: one PCIe x8 electrical with x8 mechanical\nconnector. Middle location is empty. Includes 1 mounting screw and power cable for graphic cards.",null,73.684210526315795]
[null,"Wildcat Pass","A2ULPCIXRISER",3166301,"Accessory 2U PCI-X riser for GZ/GL/BB/WT boards:\nTop two PCI-X 133 MHZ connectors (separate buses) in upper two locations. Bottom connector: PCIe x8 electrical/mechanical. Not compatible with SAS 12G module when installed in slot1 riser. Includes 1 mounting screw.",null,94.736842105263165]
[null,"Wildcat Pass","FR1UFAN10PW",null,"Three spare fans for 1U R1000WT system. 40x56mm dual rotor\nwith 10p connector. \nIncludes 3 fans in the bracket, with grommets preinstalled.",null,"Not Available"]
[null,"Wildcat Pass","FR2UFAN60HSW",null,"Two spare fans for 2U R2000WT system. 60x38mm, with hot swap connector.\nIncludes 2 fans with finger guards and housing.",null,63.15789473684211]
[null,"Wildcat Pass","A1UBEZEL",3163496,"1U locking bezel with two branding clip-on inserts for logo, and one snap-on swoosh.",null,36.842105263157897]
[null,"Wildcat Pass","A2UBEZEL",3163497,"2U locking bezel with two branding clip-on inserts for logo, and one snap-on swoosh.",null,42.10526315789474]
[null,"Wildcat Pass","AXXELVRAIL",3179860,"Enhanced Value Rail Kit.\nWorks for all 438mm wide Intel® Rack Chassis 1U, 2U, 4U. Rail\nallows adjustment within 609.6mm~765mm to fit difference depth rack. Maximum extension when installed (travel distance) 424.2mm. No CMA support. \nImproved robustness over AXXVRAIL, same mechanical spec.",null,42.10526315789474]
[null,"Wildcat Pass","AXXPRAIL",3163494,"1U/2U Premium Rail Kit.\nFull extension and toolless rail kit. Supports cable management arm. Rail allows adjustment within 609.6mm~762mm to fit difference depth rack. Maximum extension when installed (travel distance) 800 mm.\n Only this rail supports CMA.",null,89.473684210526315]
[null,"Wildcat Pass","AXX1U2UCMA",3163495,"Cable management arm for Premium 1U/2U rail kit\n(works only with AXXPRAIL)",null,26.315789473684212]
[null,"Wildcat Pass","AXX2POSTBRCKT",3343094,"Fixed mount bracket kit for 2-post racks",null,52.631578947368425]
[null,"Wildcat Pass","AXXSATADVDROM",2085919,"Slimline SATA DVDROM Device\nIncludes 880mm SATA cable",null,52.631578947368425]
[null,"Wildcat Pass","AXXSATADVDRWROM",1975837,"Slim SATA DVD+/-RW ROM Accessory\nIncludes 880mm SATA cable",null,73.684210526315795]
[null,"Wildcat Pass","AXXSSDODDKIT",null,"Mechanical and electrical kit to install single 2.5” SSD into 1U chassis ODD bay. Includes tray, SSD and tray screws, power cable and SATA cable. Note: Max thickness of 7mm SSD is supported.",null,31.578947368421055]
[null,"Wildcat Pass","FPWRCABLENA",1147081,"North American Power Cord Spare",null,3.1578947368421053]
[null,"Wildcat Pass","AXXRJ45DB93",3478929,"Kit of the following cables:\n1040mm Serial 10pin header to DB9 Cable\n520mm Serial 10pin header to DB9 Cable\n100mm DCD RJ45 to DB9 Cable\n100mm DSR RJ45 to DB9 Cable",null,31.578947368421055]
[null,"Drive/Storage Subsystem Spares and Accessories"]
[null,"Wildcat Pass","FR1304S3HSBP",3958468,"Hot swap backplane board spare for 1U 4x3.5” chassis\n(R1304 family).",null,210.5263157894737]
[null,"Wildcat Pass","F1U8X25S3HSBP",3958467,"Hot swap backplane board spare for 1U 8x2.5\" chassis\n(R1208 family).",null,136.84210526315789]
[null,"Wildcat Pass","A1U44X25NVMEDK",3958466,"NVMe enabled hot swap backplane board upgrade kit for\n1U 8x2.5\" chassis (R1208 family). First four drive positions\nare fitted with SFF8639 connector, each cabled to x4PCIe\ngen3 lanes from adapter card.\n\nIncludes x16 adapter board , 2 PCIe cables, 4 blue-button\ndrive carriers. (no SAS or I2C cables), screws.\n",null,347.36842105263162]
[null,"Wildcat Pass","FXX8X25S3HSBP",null,"Single port hot swap backplane board spare for 2U 8x2.5\"\ncage (R2200 and P4000 families).\nIncludes one backplane board.",null,142.10526315789474]
[null,"Wildcat Pass","F2U8X35S3HSBP",null,"Hot swap backplane board spare for 2U 8x3.5\" chassis\n(R2308 family).\nIncludes one backplane board. ",null,147.36842105263159]
[null,"Wildcat Pass","F2U12X35S3HSBP",null,"Hot swap backplane board spare for 2U 12x3.5\" chassis\n(R2312 family).\nIncludes one backplane board.",null,157.89473684210526]
[null,"Wildcat Pass","A2U44X25NVMEDK",null,"NVMe enabled hot swap drive cage kit for 2U systems.\nUp to 4x PCIe SSDs (NVMe) drives supported out of 8.\nall 8 slots support SAS/SATA drives. First four drive\npositions are fitted with SFF8639 connector, each cabled to\nx4PCIe gen3 lanes from adapter card.\n\nIncludes cage, backplane board, one x16 riser card, one\nx16 PCIe adapter card, 1 quad-port PCIe cable, 8 HS drive\ncarriers (4 with blue and 4 with green handles), I2C jumper\ncable, screws.",null,421.0526315789474]
[null,"Wildcat Pass","FXX25HSCAR2",null,"Spare 2.5” HDD hot swap carriers.",null,""]
[null,"Wildcat Pass","FXX35HSCAR",3958469,"Spare 3.5” hot swap drive carriers.\nIncludes mounting screws for mounting 2.5” SSDs.",null,10.526315789473685]
[null,"Wildcat Pass","RKSATA8R5",3163510,"Raid activation key.\nActivates RSTe SW RAID 0/1/10/5 and LSI SW RAID\n0/1/10/5 (enables LSI SWR5), White.",null,78.94736842105263]
[null,"Wildcat Pass","A2U8X35S3HSDK",null,"Upgrade drive cage kit.\nCan be used to convert R2200 family systems or \nR2000WTXXX chassis to support 8x3.5” drives.\n\nIncludes HSBP installed in Drive bay, 8 carriers, I2C Cable,\nHS Bay Clip, mounting screws.",null,184.21052631578948]
[null,"Wildcat Pass","A2U8X25S3HSDK",null,"Spare/accessory 8x2.5” HDD drive kit for 2Usystem. (R2200\nsystems family or R2000 chassis).\nR2208 can take 1 additional bay with no other upgrades.\nFor upgrading up to 24 drives (R2208 +2 bays, or R2216 +\n1 bay) – standard control panel and ODD bay has to be\nreplaced with storage panel (A2UHANDLKIT).\n\nIncludes cage, backplane board, 8 drive carriers, I2C\njumper cable, mounting screws",null,147.36842105263159]
[null,"Wildcat Pass","A2U8X25S3DPDK",null,"Spare/accessory Dual Ported 8x2.5” HDD drive upgrade kit\nfor 2Usystem. (R2200 systems family or R2000 chassis).\n\nR2208 can take 1 additional bay with no other upgrades.\n\nFor upgrading up to 24 drives (R2208 +2 bays, or R2216 +\n1 bay) – standard control panel and ODD bay has to be replaced with rack ear panel (A2UHANDLKIT).\nIncludes cage, backplane board, 8 drive carriers, I2C\njumper cable, mounting screws",null,157.89473684210526]
[null,"Expansion modules: IO module, SAS module, RMM4, TPM"]
[null,"Wildcat Pass","AXXRMM4LITE",2944100,"Activation key for advanced management features",null,36.842105263157897]
[null,"Wildcat Pass","AXXTPME5",3163503,"TPM Module for server systems supporting S2600 and S2400\nboard families.",null,57.894736842105267]
[null,"Wildcat Pass","AXX1P40FRTIOM",null,"Intel® Single-Port 40G QSFP Ethernet I/O Module\nAXX1P40FRTIOM, based on XL710-AM2 10 Gigabit\nEthernet Controller \n\nIncludes IO module with EMI shield and mounting screws",null,588.42105263157896]
[null,"Wildcat Pass","AXX2P40FRTIOM",null,"Intel® Dual-Port 40G QSFP Ethernet I/O Module\nAXX2P40FRTIOM, based on XL710-AM2 10 Gigabit\nEthernet Controller\n4x10GbE break out cable available (not included)– supported on Port0 only.\n\nOptics accessory available (not included):\nIntel® Ethernet QSFP+ SR4 Optics, E40GQSFPSR\nIntel® Ethernet 40G DCO Optics, E40GDCOQSFP\nConnector and calbes (not included):\n40GBASE-CR4, QSFP+ Direct Attached Copper Cable\nIntel® Ethernet QSFP+ SR4 Optics also supported\nIntel® Ethernet 40G DCO Optics, E40GDCOQSFP\nCabling type (not included):\n10GBASE-CR4: Copper Direct Attach passive cable (1–7m);\n10GBASE-SR4: MMF (OM3) up to 100m\nIntel® Ethernet 40G DCO Optics up to 50m\n\nIncludes IO module with EMI shield and mounting screws\n",null,756.84210526315792]
[]
[]
[]
[]
[]
[]
[null,"Wildcat Pass","AXX10GBNIAIOM",3163506,"Dual SFP+ port 10GbE IO module based on Intel® 82599ES 10\nGigabit Ethernet Controller",null,515.78947368421052]
[null,"Wildcat Pass","AXX10GBTWLIOM",3163505,"Dual RJ-45 port 10GBASE-T IO module, based on Intel® Ethernet\nController X540",null,431.5789473684211]
[null,"Wildcat Pass","AXX1FDRIBIOM",3166306,"Single port, FDR 56GT/S speed Intel® I/O Expansion Infiniband*\nmodule",null,526.31578947368428]
[null,"Wildcat Pass","AXX2FDRIBIOM",3179864,"Dual port, FDR 56GT/S (per port capable) speed Infiniband*\nmodule",null,736.84210526315792]
[null,"Wildcat Pass","AXX4P1GBPWLIOM",3163507," Quad port 1GbE IO Module based on Intel® Ethernet Controller\n I350",null,294.73684210526318]
[null,"Wildcat Pass","RES2CV360",3163500,"Integrated 36 port 6G SAS expander, compatible with R2200,\nP4000M/L families of chassis (2U/4U 2.5” chassis). Based on LSI*\nLSISAS2x36 chip. \nIncludes 3 screws and bumpers, power cable, 6 Mini-SAS cables\n(3x165mm, 2x185mm, 1x245mm).",null,321.0526315789474]
[null,"Wildcat Pass","RES2SV240",2771642,"24 Port SAS 6Gb expander card with ports configurable for input\nor output. Retail SKU includes cables. Straight 8087, 4x650mm\nand 2x180mm. Requires empty PCIe slot. Compatible with every system, including R2312 family.",null,242.10526315789474]
[null,"Wildcat Pass","RES3FV288",null,"Low Profile MD2 Form Factor RAID Expander Card\n28 internal ports and 8 external ports \nSAS 3.0 (12G) compliant including 6Gbps device bandwidth\naggregation for 12Gbps data transfer\nRedundant dual-port capable for HA and high performance\nsystems\nPower from PCIe x1 or 4-pin connector\nHD Mini-SAS Connectors",null,321.0526315789474]
[null,"Wildcat Pass","RES3TV360",null,"“Midplane” Form Factor RAID Expander Board\n36 internal ports\nSAS 3.0 (12G) compliant including 6Gbps device bandwidth\naggregation for 12Gbps data transfer\nPower from 4-pin connector\nHD Mini-SAS Connectors\n\nIncludes SFF8643 cables with 4 x 170mm, 1x220mm, 1x300mm\nleads, power cable, bumpers and screws\n\nExpander is compatible ONLY with R2208, R2216 and R2224\nbased systems.",null,321.0526315789474]
[null,"12G SAS modules"]
[null,"Wildcat Pass","RMS3CC080",3945389,"Mezzanine Form Factor HW RAID Module\n8 internal ports\nLSI3108 ROC with 1GB DDR3\nRAID Levels 0,1,10,5,50,6,60\nHD Mini-SAS Connectors\nSupports Maintenance Free Backup Unit AXXRMFBU5\nUses Storage IO Connector (SIOC) allowing for an extra PCIe slot",null,521.0526315789474]
[null,"Wildcat Pass","RMS3CC040",3945390,"Mezzanine Form Factor HW RAID Module\n4 internal ports\nLSI3108 ROC with 1GB DDR3\nRAID Levels 0,1,10,5,50,6,60\nHD Mini-SAS Connector\nSupports Maintenance Free Backup Unit AXXRMFBU5\nUses Storage IO Connector (SIOC) allowing for an extra PCIe slot",null,415.78947368421052]
[null,"Wildcat Pass","RMS3HC080",3945391,"Mezzanine Form Factor Entry-RAID Module\n8 internal ports\nLSI3008 IOC with Advanced Management\nEntry HW RAID levels 0,1,10 & Hybrid 5,50\nJBOD Mode\nHD Mini-SAS Connectors\nUses Storage IO Connector (SIOC) allowing for an extra PCIe slot",null,268.42105263157896]
[null,"Wildcat Pass","RMS3JC080",3945392,"Mezzanine Form Factor Entry-RAID Module\n8 internal ports\nLSI3008 IOC with Basic Firmware\nEntry HW RAID levels 0,1,1E/10\nJBOD Mode\nHD Mini-SAS Connectors\nUses Storage IO Connector (SIOC) allowing for an extra PCIe slot",null,205.26315789473685]
[null,"6G SAS modules"]
[null,"Wildcat Pass","RMS25CB080",3163508,"HW RAID SAS Module: 8 port internal SAS-2.1 version, Full HW\nRAID, LSI MegaRAID-based Firmware, 1GB DDR3, R0,1,10,5,50,6,60\nSupports Battery Backup Unit. Based on LSI2208.\nMezzanine card form factor - does not occupy PCIe slot, only compatible systems enabled with SAS module connector\nNote – 6G module need hybrid cable : mini sas to HD",null,436.84210526315792]
[null,"Wildcat Pass","RMS25CB040",3166373,"HW RAID SAS Module: 4 port internal SAS-2.1 version, Full HW\nRAID, LSI MegaRAID-based Firmware, 1GB DDR3, R0,1,10,5,50,6,60\nSupports Battery Backup Unit. Based on LSI2208.\nMezzanine card form factor - does not occupy PCIe slot, only compatible systems enabled with SAS module connector\nNote – 6G module need hybrid cable : mini sas to HD",null,326.31578947368422]
[null,"Wildcat Pass","RMS25PB080",3166379,"HW RAID SAS Module: 8 port internal SAS-2.1 version, Full HW\nRAID, LSI MegaRAID-based Firmware, 1GB DDR3, R0,1,10,5,50,6,60\nSupports Battery Backup Unit. Based on LSI2208.\nPCIe card form factor – compatible with all PCSD boards, requires\nPCIe x8 slot.\nNote – 6G module need hybrid cable : mini sas to HD",null,478.94736842105266]
[null,"Wildcat Pass","RMS25PB040",3166378,"HW RAID SAS Module: 4 port internal SAS-2.1 version, Full HW\nRAID, LSI MegaRAID-based Firmware, 1GB DDR3, R0,1,10,5,50,6,60\nSupports Battery Backup Unit. Based on LSI2208.\nPCIe card form factor – compatible with all PCSD boards, requires\nPCIe x8 slot.\nNote – 6G module need hybrid cable : mini sas to HD",null,368.42105263157896]
[null,"Wildcat Pass","RMS25JB080",3166375,"Entry-raid SAS Module: 8 port internal SAS-2.1 version, Entry-level LSI IR-based RAID 0,1,1E/straight SAS\nBased on LSI2308.\nMezzanine card form factor - does not occupy PCIe slot, only compatible systems enabled with SAS module connector\nNote – 6G module need hybrid cable : mini sas to HD",null,147.36842105263159]
[null,"Wildcat Pass","RMS25JB040",3166374,"Entry-raid SAS Module: 4 port internal SAS-2.1 version, Entry-level LSI IR-based RAID 0,1,1E/straight SAS\nBased on LSI2308.\nMezzanine card form factor - does not occupy PCIe slot, only compatible systems enabled with SAS module connector\nNote – 6G module need hybrid cable : mini sas to HD",null,110.52631578947368]
[null,"Wildcat Pass","RMS25KB080",3166377,"Entry-raid SAS Module: 8 port internal SAS-2.1 version, Entry-level LSI IR-based RAID 0,1,1E/straight SAS\nBased on LSI2308.\nPCIe card form factor – compatible with all PCSD boards, requires\nPCIe x8 slot.\nNote – 6G module need hybrid cable : mini sas to HD",null,163.15789473684211]
[null,"Wildcat Pass","RMS25KB040",3166376,"Entry-raid SAS Module: 4 port internal SAS-2.1 version, Entry-level LSI IR-based RAID 0,1,1E/straight SAS\nBased on LSI2308.\nPCIe card form factor – compatible with all PCSD boards, requires\nPCIe x8 slot.\nNote – 6G module need hybrid cable : mini sas to HD",null,126.31578947368422]
[null,"Wildcat Pass","RMT3CB080",3163509,"HW RAID SATA Module: 8 Port internal SATA-3 version, Full HW\nRAID, LSI MegaRAID-based Firmware, 512MB DDR3,\nR0,1,10,5,50,6,60\nSupports Battery Backup. Based on LSI2208.\nMezzanine card form factor - does not occupy PCIe slot, only compatible systems enabled with SAS module connector\nNote – 6G module need hybrid cable : mini sas to HD",null,378.94736842105266]
[null,"Wildcat Pass","RMT3PB080",3166380,"HW RAID SATA Module: 8 Port internal SATA-3 version, Full HW\nRAID, LSI MegaRAID-based Firmware, 512MB DDR3,\nR0,1,10,5,50,6,60\nSupports Battery Backup. Based on LSI2208.\nPCIe card form factor – compatible with all PCSD boards, requires\nPCIe x8 slot.\nNote – 6G module need hybrid cable : mini sas to HD",null,410.5263157894737]
[null,"Wildcat Pass","AXXRSBBU9",3176599,"Intel® RAID Smart Battery AXXRSBBU9 provides optional battery backup for mainstream RS25, RMS25, RT3 and RMT3 family RAID products.",null,147.36842105263159]
[null,"Wildcat Pass","AXXRMFBU2",3163504,"Intel® RAID Maintenance Free Backup Unit provides optional battery backup for mainstream RMS25, and RMT3 family RAID products.",null,194.73684210526318]
[null,"Wildcat Pass","AXXRMFBU5",3945395,"Intel® RAID Maintenance Free Backup Unit AXXRFMBU5 is a\nsuper-capacitor module and flash memory card designed to help\nprotect data in dynamic memory during a power failure or system\ncrash event.",null,194.73684210526318]
[null,"Wildcat Pass","AWTAUXBBUBKT",3958471,"Additional Battery Backup Unit bracket kit: brackets (one for 1U\nand one for 2U):\nFor 1U system: Dual Height bracket that supports two\nAXXRMFBU5 packs (without original cage). AXXRMFBU5 have to\nbe purchased separately.\n\nFor 2U system: Optional bracket to hold two RMFBU or AXXRSBBU9 modules. Mounts on airduct. Can not be installed with full-size PCIe cards.",null,21.05263157894737]
[null,"Wildcat Pass","AXXRPFKSSD2",3229255,"Upgrade Key to enable SSD Cache with Fastpath I/O for Intel®’s\nRAID RS25 and RS3 (based on LSI 3108) families of ROC products. ",null,194.73684210526318]
[null,"Wildcat Pass","AXXRPFKDE2",3323818,"Upgrade Key to enable Drive Encryption Management for Intel®’s\nRAID RS25 and RS3 (based on LSI 3108) families of ROC products.",null,63.15789473684211]
[null,"Wildcat Pass","AXXRPFKSNSH2",null,"Upgrade Key to enable Rapid Recovery Snapshot for Intel®’s RAID\nRS25 and RS3 (based on LSI 3108) families of ROC products.",null,126.31578947368422]
[null,"SAS cable kits (for upgrade to SAS modules, HBA cards and spares)"]
[null,"Wildcat Pass","AXXCBL950HDHD",3958458," 950mm long, cable kit (2 cables included) straight SFF8643 to\n straight SFF8643  \n Used in multiple systems as spare and/or accessory (1304, 2308,\n2312) ",null,26.315789473684212]
[null,"Wildcat Pass","AXXCBL875HDHD",3958457," 875 mm long, cable kit (2 cables included) straight SFF8643 to\n straight SFF8643\n \n Used in multiple systems as spare and/or accessory (1304, 1208\n 2208, 2312) ",null,26.315789473684212]
[null,"Wildcat Pass","AXXCBL800HDHD",3958456,"800 mm long, cable kit (2 cables included) straight SFF8643 to\nstraight SFF8643\n \nUsed in multiple systems as spare and/or accessory (1203, 1208,\n2308, 2312) ",null,26.315789473684212]
[null,"Wildcat Pass","AXXCBL730HDHD",3958455,"730 mm long, cable kit (2 cables included) straight SFF8643 to\nstraight SFF8643\nUsed in multiple systems as spare and/or accessory (1208, 2208)",null,26.315789473684212]
[null,"Wildcat Pass","AXXCBL650HDHD",3958454,"650 mm long, cable kit (2 cables included) straight SFF8643 to\nstraight SFF8643 \nUsed as accessory when installing 12G ROC module in 1208 for\noptimal cabling. (longer cable may be used)",null,26.315789473684212]
[null,"Wildcat Pass","AXXCBL1UHRHD",3958452,"Combo cable kit, contains 2 cables. One of each of the following:\n730mm (AXXCBL800HRHD),800mm right angle SFF8643 to\nstraight SFF8643, Spare cables used in 1U WT systems to\nconnect to onboard SATA ports.",null,26.315789473684212]
[null,"Wildcat Pass","AXXCBL950HDMS",3958461,"950mm long, cable kit (2 cables included) straight SFF8643to\nstraight SFF8087. Required in WT 2U systems with 6G SAS ROC module or 6G SAS RAID cards. (1304 with HBA, 2308 and 2312 HBA/module)",null,26.315789473684212]
[null,"Wildcat Pass","AXXCBL875HDMS",3958460,"875mm long, cable kit (2 cables included) straight SFF8643 to\nstraight SFF8087. Required in WT 2U systems with 6G SAS ROC module or 6G SAS RAID cards. (1304 and 1208 with HBA, 2216,2224,2312 with HBA/module)",null,26.315789473684212]
[null,"Wildcat Pass","AXXCBL800HDMS",3958459,"800mm long, cable kit (2 cables included) straight SFF8643 to\nstraight SFF8087 Required in WT 2U systems with 6G SAS ROC module or 6G SAS RAID cards. (1304 and 1208 with module, 2308 and 2312 HBA/module)",null,26.315789473684212]
[null,"Wildcat Pass","AXXCBL730HDMS",3872626,"730mm long, cable kit (2 cables included) straight SFF8643 to\nstraight SFF8087. Required in WT 2U systems with 6G SAS ROC module or 6G SAS HBA cards. (1208 with HBA, 2208 with HBA/module) ",null,26.315789473684212]
[null,"Wildcat Pass","AXXCBL650HDMS",3872618,"650mm long, cable kit (2 cables included) straight SFF8643 to\nstraight SFF8087. Used as accessory when installing 6G ROC module in 1208 for optimal cabling. (longer cable may be used)",null,26.315789473684212]
[null,"Wildcat Pass","AXXCBLEXPHDMS",3958453,"Expander cable kit, used for 12G Expander in Rx000GZ/GL\nsystems, 6 cables. (3) 165mm, (1) 185mm, (1) 245mm, (1) 300mm straight SFF8643 to straight SFF8087",null,26.315789473684212]
[null,"Wildcat Pass","AXXCBL880SATA",3345094,"Spare SATA ODD cable for rack chassis family – 880mm long\nIncluded with ODD accessories",null,2.6315789473684212]
[null,"Extended Warranty"]
[null,"Wildcat Pass","SVCEWDPSY",2952538,"Two year extended warranty for Intel® Server Systems or Intel®\nServer Knock Down Kits + Intel® Server Boards that support two\nprocessors. Intel® RAID controller extended warranty is purchased separately.",null,324.21052631578948]
[null,"Wildcat Pass","SVCEWDPBD",2952537,"Two year extended warranty for Intel® Server Boards that support\ntwo processors.",null,125.26315789473685]
[]
[null,null,null,null,null,null,null,"Product Brief","Config Guide","TPS 1","TPS 2"]
[null,"Grizzly Pass",null,null,null,null,null,"Link","Link","1U Link","2U Link"]
[null,"Code Name","Part #","SKU #","Description",null,"Price"]
[null,"Grizzly Pass","R1304GZ4GC",3163512,"Intel® Server System R1304GZ4GC\nIntegrated server system with 4 SATA ports standard, 24 DIMMs\n• S2600GZ4 board in 1U chassis (S2600GZ4)\n• Max CPU TDP supported – 135W with configuration limitations, please reference Technical Product Specification\n• Standard control panel (board FXXFPANEL)\n• Front 1xVGA and 2xUSB in dedicated tray\n• ODD bay for CD/DVD drive support\n• 4x3.5” (and 2.5”) HS HDD support (4 carriers FXX35HSADPB included, backplane FR1304HSBP)\n• One AXXCBL1030MR7R cable installed.\n(AXXCBL850MS7R straight cable required if HBA or SAS I/O module installed)\n• Two CPU heatsinks\n• Two risers: 1x16 PCIe FHHL slot on each (F1UL16RISER)\n• Two 750W AC PSU (FXX750PCRPS)\n• Full RMM4 (key and NIC) preinstalled (AXXRMM4R)\n• Value rail kit (AXXVRAIL)\n• One ODD power cable\nThere are no required EPSD components to make this system functional.",null,1421.0526315789475]
[]
[]
[]
[]
[]
[]
[]
[]
[]
[]
[]
[]
[]
[]
[]
[]
[]
[]
[]
[]
[null,"Grizzly Pass","R1304GZ4GS9",3462667,"Intel® Server System R1304GZ4GS9\nIntegrated Server System with basic configuration, 24 DIMMs\n• S2600GZ4 board in 1U chassis (S2600GZ4)\n• Max CPU TDP supported – 135W with configuration limitations, please reference Technical Product Specification\n• Standard control panel (board FXXFPANEL)\n• Front 1xVGA and 2xUSB in dedicated tray\n• ODD bay for CD/DVD drive support\n• 4x3.5” (and 2.5”) HS HDD support (4 carriers FXX35HSADPB included, backplane FR1304HSBP)\n• One AXXCBL1030MR7R cable installed.\n(AXXCBL850MS7R straight cable required if HBA or SAS I/O module installed)\n• Two CPU heatsinks\n• Two risers: 1x16 PCIe FHHL slot on each (F1UL16RISER)\n• One 750W AC PSU second unit must be added for redundancy (FXX750PCRPS)\n• One ODD power cable\nThere are no required EPSD components to make this system functional.",null,1221.0526315789475]
[]
[]
[]
[]
[]
[]
[]
[]
[]
[]
[]
[]
[]
[]
[]
[]
[null,"Grizzly Pass","R1304GL4DS9",3414178,"Intel® Server System R1304GL4DS9\nIntegrated server system with 4 SATA ports standard, 16 DIMMs\n• S2600GL4 board in 1U chassis (S2600GL4)\n• Max CPU TDP supported – 135W with configuration limitations, please reference Technical Product Specification\n• Standard control panel (board FXXFPANEL)\n• Front 1xVGA and 2xUSB in dedicated tray\n• ODD bay for CD/DVD drive support\n• 4x3.5” (and 2.5”) HS HDD support (4 carriers FXX35HSADPB included, backplane FR1304HSBP)\n• One AXXCBL1030MR7R cable installed.\n(AXXCBL850MS7R straight cable required if HBA or SAS I/O module installed)\n• Two CPU heatsinks\n• Two risers: 1x16 PCIe FHHL slot on each (F1UL16RISER)\n• One 460W AC PSU second unit must be added for redundancy (FXX460GCRPS)\n• One ODD power cable\nThere are no required EPSD components to make this system functional.",null,1105.2631578947369]
[]
[]
[]
[]
[]
[]
[]
[]
[]
[]
[]
[]
[]
[]
[]
[]
[null,"Grizzly Pass","R1208GZ4GC",3163513,"Intel® Server System R1208GZ4GC\nIntegrated Server System with 8 SATA ports standard, 24 DIMMs\n• S2600GZ4 board (S2600GZ4) in 1U chassis\n• Max CPU TDP supported – 135W with configuration limitations, please reference Technical Product Specification\n• Standard control panel (board FXXFPANEL)\n• ODD bay for CD/DVD drive support\n• Front 1xVGA and 2xUSB in ODD bay\n• 8x2.5” HS HDD support (8 carriers FXX25HSCAR included, F1U8X25HSBP backplane )\n• Two cables: AXXCBL730MRMR and AXXCBL550MRMR included. (8 ports)\n• Two CPU heatsinks\n• Two risers: 1x16 PCIe FHHL slot on each (F1UL16RISER)\n• RKSATA8 storage activation key installed – to enable 8 ports SATA\n• Two 750W AC PSU (FXX750PCRPS)\n• Full RMM4 (key and NIC) preinstalled (AXXRMM4R)\n• Value rail kit (AXXVRAIL)\n• One ODD power cable\nThere are no required EPSD components to make this system functional.",null,1526.3157894736844]
[]
[]
[]
[]
[]
[]
[]
[]
[]
[]
[]
[]
[]
[]
[]
[]
[]
[]
[null,"Grizzly Pass","R1208GZ4GS9",3670218,"Intel® Server System R1208GZ4GS9\nIntegrated Server System with basic configuration, 24 DIMMs\n• S2600GZ4 board (S2600GZ4) in 1U chassis\n• Max CPU TDP supported – 135W with configuration limitations, please reference Technical Product Specification\n• Standard control panel (board FXXFPANEL)\n• ODD bay for CD/DVD drive support\n• Front 1xVGA and 2xUSB in ODD bay\n• 8x2.5” HS HDD support (8 carriers FXX25HSCAR included, F1U8X25HSBP backplane )\n• Two cables: AXXCBL770MSMR and AXXCBL585MSMR.\n• Two CPU heatsinks\n• Two risers: 1x16 PCIe FHHL slot on each (F1UL16RISER)\n• One 750W AC PSU second unit must be added for redundancy (FXX750PCRPS)\n• One ODD power cable\nThere are no required EPSD components to make this system functional.",null,1310.5263157894738]
[]
[]
[]
[]
[]
[]
[]
[]
[]
[]
[]
[]
[]
[]
[null,"Grizzly Pass","R1208GL4DS",3166391,"Intel® Server System R1208GL4DS\nIntegrated Server System with 16 DIMM board and 8 SATA ports, 16 DIMMs\n• S2600GL4 board (S2600GL4) in 1U chassis (16 DIMM)\n• Max CPU TDP supported – 135W with configuration limitations, please reference Technical Product Specification\n• Standard control panel (board FXXFPANEL)\n• ODD bay for CD/DVD drive support\n• Front 1xVGA and 2xUSB in ODD bay\n• 8x2.5” HS HDD support (8 carriers FXX25HSCAR included, backplane F1U8X25HSBP)\n• Two cables: AXXCBL730MRMR and AXXCBL550MRMR included. (8 ports)\n• Two CPU heatsinks\n• Two risers: 1x16 PCIe FHHL slot on each (F1UL16RISER)\n• RKSATA8 storage activation key installed – to enable 8 ports SATA\n• One 460W AC PSU second unit must be added for redundancy (FXX460GCRPS)\n• Full RMM4 (key and NIC) preinstalled (AXXRMM4R)\n• Value rail kit (AXXVRAIL)\n• One ODD power cable\nThere are no required EPSD components to make this system functional.",null,1294.7368421052631]
[]
[]
[]
[]
[]
[]
[]
[]
[]
[]
[]
[]
[]
[]
[]
[]
[]
[]
[]
[null,"Grizzly Pass","R2208GZ4GC",3161744,"Intel® Server System R2208GZ4GC\nIntegrated Intel® Server System 8SATA ports, 24DIMMs\n• S2600GZ4 board (S2600GZ4) in 2U chassis\n• Max CPU TDP supported – 135W with configuration limitations, please reference Technical Product Specification\n• Air duct\n• Standard control panel (board FXXFPANEL)\n• ODD bay for CD/DVD drive support\n• Front 1xVGA and 2xUSB on dedicated tray\n• Provision for 2 SSD mount on air duct\n• 8x2.5” HS HDD support (8 0carriers FXX25HSCAR included, backplane FXX8X25HSBP)\n• Two AXXCBL730MSMS SAS cables (8 ports)\n• Two CPU heatsinks\n• Redundant and hot swap cooling fans\n• Two risers with 3 x8 slots (2xFHFL+1xFHHL) (A2UL8RISER)\n• RKSATA8 storage activation key installed – to enable 8 ports SATA\n• Two 750W AC PSU (FXX750PCRPS)\n• Full RMM4 (key and NIC) preinstalled (AXXRMM4R)\n• Value rails (AXXVRAIL)\n• One ODD/SSD power cable\nThere are no required EPSD components to make this system functional.",null,1631.578947368421]
[]
[]
[]
[]
[]
[]
[]
[]
[]
[]
[]
[]
[]
[]
[]
[]
[]
[]
[]
[null,"Grizzly Pass","R2208GZ4GS9",3456136,"Intel® Server System R2208GZ4GS9\nIntegrated Server System with basic configuration, 24 DIMMs\n• S2600GZ4 board (S2600GZ4) in 2U chassis\n• Max CPU TDP supported – 135W with configuration limitations, please reference Technical Product Specification\n• Air duct\n• Standard control panel (board FXXFPANEL)\n• ODD bay for CD/DVD drive support\n• Front 1xVGA and 2xUSB on dedicated tray\n• Provision for 2 SSD mount on air duct\n• 8x2.5” HS HDD support (8 carriers FXX25HSCAR included, backplane FXX8X25HSBP)\n• Two AXXCBL730MSMS SAS cables(8 ports)\n• Two CPU heatsinks\n• Redundant and hot swap cooling fans\n• Two risers with 3 x8 slots (2xFHFL+1xFHHL) (A2UL8RISER)\n• One 750W AC PSU second unit must be added for redundancy (FXX750PCRPS)\n• One ODD/SSD power cable\nThere are no required EPSD components to make this system functional.",null,1415.7894736842106]
[]
[]
[]
[]
[]
[]
[]
[]
[]
[]
[]
[]
[]
[]
[]
[]
[]
[null,"Grizzly Pass","R2208GL4GS",3166393,"Intel® Server System R2208GL4GS\nIntegrated Server System with 8 SATA 2.5” drives and 16DIMM motherboard\n• S2600GL4 board (S2600GL4) in 2U chassis\n• Max CPU TDP supported – 135W with configuration limitations, please reference Technical Product Specification\n• Air duct\n• Standard control panel (board FXXFPANEL)\n• ODD bay for CD/DVD drive support\n• Front 1xVGA and 2xUSB on dedicated tray\n• Provision for 2 SSD mount on air duct\n• 8x2.5” HS HDD support (8 carriers FXX25HSCAR, backplane FXX8X25HSBP)\n• 2 SFF8087 to SFF8087 cables (8 ports)\n• Two CPU heatsinks\n• Redundant and hot swap cooling fans\n• Two risers with 3 x8 slots (2xFHFL+1xFHHL) (A2UL8RISER)\n• RKSATA8 storage activation key installed – to enable 8 ports SATA\n• One 750W AC PSU, second unit must be added for redundancy (FXX750PCRPS)\n• Full RMM4 (key and NIC) preinstalled (AXXRMM4R)\n• Value rails (AXXVRAIL)\n• One ODD/SSD power cable\nThere are no required EPSD components to make this system functional.",null,1415.7894736842106]
[]
[]
[]
[]
[]
[]
[]
[]
[]
[]
[]
[]
[]
[]
[]
[]
[]
[]
[]
[]
[]
[null,"Grizzly Pass","R2216GZ4GC",3166395,"Intel® Server System R2216GZ4GC\nIntegrated Intel® Server System 16SAS ports, 24DIMMs\n• S2600GZ4 board (S2600GZ4) in 2U chassis\n• Max CPU TDP supported – 135W with configuration limitations, please reference Technical Product Specification\n• Air duct\n• Standard control panel (board FXXFPANEL)\n• ODD bay for CD/DVD drive support\n• Front 1xVGA and 2xUSB on dedicated tray\n• Provision for 2x2.5” SSD mount on air duct\n• 16x2.5” HS HDD support (16 carriers FXX25HSCAR included, 2x backplane FXX8X25HSBP)\n• One AXXCBL600MSMS, One AXXCBL730MSMS, Two AXXCBL185MSMS and Two AXXCBL165MSMS SAS cables (16 ports)\n• Two CPU heatsinks\n• Redundant and hot swap cooling fans\n• Two 2U riser with 3 x8 slots (2xFHFL + 1xFHHL) (A2UL8RISER)\n• RES2CV240 Integrated 24 port expander\n• RKSAS8 storage activation key installed – to enable 8 ports SAS\n• Two 750W AC PSU (FXX750PCRPS)\n• Full RMM4 (key and NIC) preinstalled (AXXRMM4R)\n• Value rails (AXXVRAIL)\n• One ODD/SSD power cable\nThere are no required EPSD components to make this system functional.",null,1842.1052631578948]
[]
[]
[]
[]
[]
[]
[]
[]
[]
[]
[]
[]
[]
[]
[]
[]
[]
[]
[]
[]
[]
[]
[]
[null,"Grizzly Pass","R2308GZ4GC",3163514,"Intel® Server System R2308GZ4GC\nIntegrated Server System 8 SATA ports, 24 DIMMs\n• S2600GZ4 board (S2600GZ4) in 2U chassis\n• Max CPU TDP supported – 135W with configuration limitations, please reference Technical Product Specification\n• Air duct\n• Standard control panel (board FXXFPANEL)\n• ODD bay for CD/DVD drive support\n• Front 1xVGA and 2xUSB in dedicated tray\n• Provision for 2 SSD mount on air duct\n• 8x3.5” (and 2.5”) HS HDD support (8 carriers FXX35HSADPB, backplane F2U8X35HSBP)\n• Two AXXCBL730MSMS SAS cables (8 ports)\n• Two CPU heatsinks\n• Redundant and hot swap cooling fans\n• Two risers: 3x8 PCIe slots on each\n• (2xFHFL+1xFHHL) (A2UL8RISER)\n• RKSATA8 storage activation key installed – to enable 8 ports SATA\n• Two 750W AC PSU (FXX750PCRPS)\n• Full RMM4 (key and NIC) preinstalled (AXXRMM4R)\n• Value Rails (AXXVRAIL)\n• One ODD/SSD power cable\nThere are no required EPSD components to make this system functional.",null,1647.3684210526317]
[]
[]
[]
[]
[]
[]
[]
[]
[]
[]
[]
[]
[]
[]
[]
[]
[]
[]
[]
[null,"Grizzly Pass","R2308GZ4GS9",3747452,"Intel® Server System R2308GZ4GS9\nIntegrated Server System with basic configuration, 24 DIMMs\n• S2600GZ4 board (S2600GZ4) in 2U chassis\n• Max CPU TDP supported – 135W with configuration limitations, please refer the Technical Product Specification\n• Air duct\n• Standard control panel (board FXXFPANEL)\n• ODD bay for CD/DVD drive support\n• Front 1xVGA and 2xUSB in dedicated tray\n• Provision for 2 SSD mount on air duct\n• 8x3.5” (and 2.5”) HS HDD support (8 carriers FXX35HSADPB, backplane F2U8X35HSBP)\n• Two AXXCBL730MSMS SAS cables (8 ports)\n• Two CPU heatsinks\n• Redundant and hot swap cooling fans\n• Two risers: 3x8 PCIe slots on each (2xFHFL+1xFHHL) (A2UL8RISER)\n• One 750W AC PSU second unit must be added for redundancy (FXX750PCRPS)\n• One ODD/SSD power cable\nThere are no required EPSD components to make this system functional.",null,1431.578947368421]
[]
[]
[]
[]
[]
[]
[]
[]
[]
[]
[]
[]
[]
[]
[]
[null,"Grizzly Pass","R2308GL4GS",3193251,"Intel® Server System R2308GL4GS\nIntegrated Server System, 8 SATA ports, 16 DIMMs\n• S2600GL4 board (S2600GL4) in 2U chassis\n• Max CPU TDP supported – 135W with configuration limitations, please reference Technical Product Specification\n• Air duct\n• Standard control panel (board FXXFPANEL)\n• ODD bay for CD/DVD drive support\n• Front 1xVGA and 2xUSB in dedicated tray\n• Provision for 2 SSD mount on air duct\n• 8x3.5” (and 2.5”) HS HDD support (8 carriers FXX35HSADPB, backplane F2U8X35HSBP)\n• Two AXXCBL730MSMS SAS cables (8 ports)\n• Two CPU heatsinks\n• Redundant and hot swap cooling fans\n• Two risers: 3x8 PCIe slots on each\n• (2xFHFL+1xFHHL) (A2UL8RISER)\n• RKSATA8 storage activation key installed – to enable 8 ports SATA\n• One 750W AC PSU second unit must be added for redundancy (FXX750PCRPS)\n• Full RMM4 (key and NIC) preinstalled (AXXRMM4R)\n• Value Rails (AXXVRAIL)\n• One ODD/SSD power cable\nThere are no required EPSD components to make this system functional.",null,1473.6842105263158]
[]
[]
[]
[]
[]
[]
[]
[]
[]
[]
[]
[]
[]
[]
[]
[]
[]
[]
[]
[]
[]
[]
[]
[]
[null,"Grizzly Pass","R2312GZ4GC4",3298151,"Intel® Server System R2312GZ4GC4\nIntegrated Intel® Server System with no extras\n• S2600GZ4 board (S2600GZ4) in 2U chassis\n• Max CPU TDP supported – 135W with configuration limitations, please reference Technical Product Specification\n• Air duct\n• Control panel on rack handle (A2USTOPANEL)\n• No ODD support. Provision for 2 SSD mount on air duct\n• 12x3.5” (and 2.5”) HS HDD support (12 carriers FXX35HSADPB included, backplane F2U12X35HSBP)\n• 3 AXXCBL730MSMS data cables (12 ports)\n• Two CPU heatsinks\n• Redundant and hot swap cooling fans\n• Two risers with 3 x8 slots (2xFHFL+ 1xFHHL) (A2UL8RISER)\n• Full RMM4 (key and NIC) preinstalled (AXXRMM4R)\n• Two 750W AC PSU (FXX750PCRPS)\n• Value rails (AXXVRAIL)\n• One ODD/SSD power cable\nThere are no required EPSD components to make this system functional.",null,1884.2105263157896]
[]
[]
[]
[]
[]
[]
[]
[]
[]
[]
[]
[]
[]
[]
[]
[]
[null,"Grizzly Pass","R2312GZ4GS9",3554163,"Intel® Server System R2312GZ4GS9\nIntegrated Server System with basic configuration, 24 DIMMs\n• S2600GZ4 board (S2600GZ4) in 2U chassis\n• Max CPU TDP supported – 135W with configuration limitations, please reference Technical Product Specification\n• Air duct\n• Control panel on rack handle (A2USTOPANEL)\n• No ODD support. Provision for 2 SSD mount on air duct\n• 12x3.5” (and 2.5”) HS HDD support (12 carriers FXX35HSADPB included, backplane F2U12X35HSBP)\n• 3 AXXCBL730MSMS data cables (12 ports)\n• Two CPU heatsinks\n• Redundant and hot swap cooling fans\n• Two risers with 3 x8 slots (2xFHFL+ 1xFHHL) (A2UL8RISER)\n• One 750W AC PSU second unit must be added for redundancy (FXX750PCRPS)\n• One ODD/SSD power cable\nThere are no required EPSD components to make this system functional.",null,1473.6842105263158]
[]
[]
[]
[]
[]
[]
[]
[]
[]
[]
[]
[]
[]
[]
[]
[]
[]
[null,"Grizzly Pass","R2312GL4GS",3166398,"Intel® Server System R2312GL4GS\nIntegrated Server System with 16 DIMM board and open storage configuration, 16 DIMMs\n• S2600GL4 board (S2600GL4) in 2U chassis\n• Max CPU TDP supported – 135W with configuration limitations, please reference Technical Product Specification\n• Air duct\n• Control panel on rack handle (A2USTOPANEL)\n• No ODD support.\n• Provision for 2 SSD mount on air duct\n• 12x3.5” (and 2.5”) HS HDD support (12 carriers FXX35HSADPB, backplane F2U12X35HSBP)\n• 3 SFF8087 to SFF8087 cables (12 ports)\n• Two CPU heatsinks\n• Redundant and hot swap cooling fans\n• Two risers with 3 x8 slots (2xFHFL+ 1xFHHL) (A2UL8RISER)\n• One 750W AC PSU second unit must be added for redundancy (FXX750PCRPS)\n• Full RMM4 (key and NIC) preinstalled (AXXRMM4R)\n• Value rails (AXXVRAIL)\n• One ODD/SSD power cable\nNote: No activation keys or expander – only 4 SATA ports supported standard.\nThere are no required EPSD components to make this system functional.",null,1578.9473684210527]
[]
[]
[]
[]
[]
[]
[]
[]
[]
[]
[]
[]
[]
[]
[]
[]
[]
[]
[]
[]
[]
[]
[null,"Grizzly Pass","R2224GZ4GC4",3337060,"Intel® Server System R2224GZ4GC4\nIntegrated Server System with no extras\n• S2600GZ4 board (S2600GZ4) in 2U chassis\n• Max CPU TDP supported – 135W with configuration limitations, please reference Technical Product Specification\n• Air duct\n• Control panel on rack handle (A2USTOPANEL) No ODD support Provision for 2x2.5” SSD mount on air duct 24x2.5” HS HDD support (24 carriers FXX25HSCAR included, 3x backplane FXX8X25HSBP)\n• Six SFF8087 to SFF8087 cables AXXCBL730MRMR\n• Two risers with 3 x8 slots (2xFHFL + 1xFHHL) (A2UL8RISER)\n• 5 Redundant and hot swap cooling fans\n• Two 750W AC PSU (FXX750PCRPS)\n• Full RMM4 (key and NIC) preinstalled (AXXRMM4R)\n• Value rails (AXXVRAIL)\n• One ODD/SSD power cable\nNeed additional expander/controller to connect all 24 drives.",null,1805.2631578947369]
[]
[]
[]
[]
[]
[]
[]
[]
[]
[]
[null,"Grizzly Pass","A2USTOPANEL",3163499,"Storage control panel kit. Includes cable and adapter board, screws, second matching (empty) rack handle, can be used for upgrade. Compatible with R2000 family.",null,63.15789473684211]
[null,"Grizzly Pass","AGZCOPRODUCT",3464400,"Accessory airduct – enables support of 2 dual wide PCI cards (such as Xeon PHI or GPU). Directs air to enable sufficient cooling of up to 300W per card.\nIncludes: Airduct and two A2UL16RISER (2 aux power cables, 2 risers with PCIe x16)\nOnly supported with 24 DIMMs and validated with 8 HDD systems: R2x08GZ family.",null,142.10526315789474]
[null,"Grizzly Pass","A2UBKTMFBUSSD",3341586,"Auxiliary bracket to be mounted over power supply area of R2000GZ/GL/BB families. Can support 3 MFBU (Maintenance-free battery backup) units.\nTwo2 2.5” SSDs can also be mounted, but not thermally validated.\nWhen installed – sysem no longer supportes serial cable DB9 connector in the back of chassis.\n(SSD and BBU shown not included)",null,31.578947368421055]
[null,"Grizzly Pass","FXX750PCRPS",3176473,"750W AC CRPS 80+ Platinum efficiency power supply spare/accessory",null,205.26315789473685]
[null,"Grizzly Pass","FXX460GCRPS",3166344,"460W CRPS 80+ Gold efficiency power supply spare/accessory.",null,163.15789473684211]
[null,"Grizzly Pass","A1U2ULCP",3163498,"LCP Module (local control panel).\nEnables system to display critical errors from SEL for instant diagnostic. Also allows custom message for branding. When installed – replaces ODD on 1208 family, and replaces IO ports tray on 1304,2208,2216,2308 families. Not compatible with 2224 and 2312 families.\nModule has 2 USB ports. No front video connector.",null,52.631578947368425]
[null,"Grizzly Pass","FXXFPANEL",3179874,"Front Panel board spare for use on 1U/2U rack systems (R1000, R2000 except R2224 and R2312) Rack chassis and P4300 Pedestal Chassis.",null,10.526315789473685]
[null,"Grizzly Pass","FXXEA91X91HS",3176582,"Spare standard 91.5x91.5 Heatsink Extruded Aluminum for S2600GL (16 DIMM) board.",null,21.05263157894737]
[null,"Grizzly Pass","BXSTS200PNRW",3179865,"Spare narrow copper heatsink, for S2600GZ (24-DIMM) board.",null,24.210526315789476]
[null,"Grizzly Pass","F1UL16RISER",3166322,"Spare 1U riser for R1000GZ/GL family. PCIe x16 FHHL.\nIncludes 2 mounting screws.",null,47.368421052631582]
[null,"Grizzly Pass","A2UL8RISER",3166300,"Spare 2U 3 slot riser for GZ/GL/BB boards: Three PCIe x8 Gen3 ports electrical. Top two connectors are x16 mechanical. Lower connector is x8 mechanical.\nIncludes 1 mounting screw.",null,47.368421052631582]
[null,"Grizzly Pass","A2UL16RISER",3161745,"Accessory 2U 2 slot riser for GZ/GL/BB boards: \nTop connector: PCIe x16 electrical with x16 mechanical.\nBottom connector: one PCIe x8 electrical with x8 mechanical connector.\nMiddle location is empty. \nIncludes 1 mounting screw and power cable for graphic cards.",null,47.368421052631582]
[null,"Grizzly Pass","A2ULPCIXRISER",3166301,"Accessory 2U PCI-X riser for GZ/GL/BB boards:\nTop two PCI-X 133 MHZ connectors (separate buses) in upper two locations.\nBottom connector: PCIe x8 electrical/mechanical.\nIncludes 1 mounting screw.",null,94.736842105263165]
[null,"Grizzly Pass","FR1000FAN10P",3179866,"One spare fan for 1U R1000GZ/GL/BB system. 40x56mm dual rotor with 10p connector.",null,36.842105263157897]
[null,"Grizzly Pass","FR2000FAN60HS",3335407,"One spare fan for 2U R2000GZ/GL/BB system. 60x38mm, with hot swap connector.\nIncludes 1 fan and two cables.",null,47.368421052631582]
[null,"Grizzly Pass","A1UBEZEL",3163496,"1U locking bezel with two branding clip-on inserts for logo, and one snap-on swoosh.",null,36.842105263157897]
[null,"Grizzly Pass","A2UBEZEL",3163497,"2U locking bezel with two branding clip-on inserts for logo, and one snap-on swoosh.",null,42.10526315789474]
[null,"Grizzly Pass","AXXVRAIL",2944099,"Value Rail Kit.\nWorks for all 438mm wide Intel® Rack Chassis 1U, 2U, 4U. Rail allows adjustment within 609.6mm~765mm to fit difference depth rack. Maximum extension when installed (travel distance) 424.2mm.\nNote: It will only support specific rack type with 3/8” square and 7.1mm round holes.",null,36.842105263157897]
[null,"Grizzly Pass","AXXELVRAIL",3179860,"Enhanced Value Rail Kit.\nWorks for all 438mm wide Intel® Rack Chassis 1U, 2U, 4U. Rail allows adjustment within 609.6mm~765mm to fit difference depth rack. Maximum extension when installed (travel distance) 424.2mm.\nImproved robustness over AXXVRAIL, same mechanical spec.\nNote: It will only support specific rack type with 3/8” square and 7.1mm round holes",null,42.10526315789474]
[null,"Grizzly Pass","AXXPRAIL",3163494,"1U/2U Premium Rail Kit.\nFull extension and toolless rail kit. Supports cable management arm. Rail allows adjustment within 609.6mm~762mm to fit difference depth rack. Maximum extension when installed (travel distance) 800 mm.\nNote: It will only support specific rack type with 3/8” square and 7.1mm round holes",null,89.473684210526315]
[null,"Grizzly Pass","AXXPRAIL755",3323819,"Short 1U/2U Premium Rail Kit, no CMA support.\nFull extension and toolless rail kit.\nRail allows adjustment within 609.6mm~762mm to fit difference depth rack. Maximum extension when installed (travel distance) 755 mm.\nNote: It will only support specific rack type with 3/8” square and 7.1mm round holes",null,89.473684210526315]
[null,"Grizzly Pass","AXX1U2UCMA",3163495,"Cable management arm for Premium 1U/2U rail kit\n(works only with AXXPRAIL)",null,26.315789473684212]
[null,"Grizzly Pass","AXX2POSTBRCKT",3343094,"Fixed mount bracket kit for 2-post racks\nNote: It will only support specific rack type with 3/8” square and 7.1mm round holes\nNot compatible with 2U 24 x 2.5” HDD or 2U 12 x 3.5” HDD systems",null,52.631578947368425]
[null,"Grizzly Pass","AXXSATADVDROM",2085919,"Slimline SATA DVDROM Device",null,52.631578947368425]
[null,"Grizzly Pass","AXXSATADVDRWROM",1975837,"Slim SATA DVD+/-RW ROM Accessory",null,73.684210526315795]
[null,"Grizzly Pass","FPWRCABLENA",1147081,"North American Power Cord Spare",null,3.1578947368421053]
[null,"Grizzly Pass","AXXRJ45DB93",3478929,"Kit of the following cables:\n1040mm Serial 10pin header to DB9 Cable\n520mm Serial 10pin header to DB9 Cable\n100mm DCD RJ45 to DB9 Cable\n100mm DSR RJ45 to DB9 Cable",null,31.578947368421055]
[null,"Grizzly Pass","FR1304HSBP",2944091,"Hot swap backplane board spare for 1U 4x3.5” chassis\n(R1304 family).",null,105.26315789473685]
[null,"Grizzly Pass","FXX8X25HSBP",3179867,"Single port hot swap backplane board spare for 2U 8x2.5\" cage (R2200 and P4000 families).",null,131.57894736842107]
[null,"Grizzly Pass","FXX8X25DPBP",3565599,"Dual Port hot swap backplane board spare for 2U 8x2.5\" cage (R2200 and P4000 families).",null,142.10526315789474]
[null,"Grizzly Pass","F2U8X35HSBP",3166324,"Hot swap backplane board spare for 2U 8x3.5\" chassis (R2308 family).",null,142.10526315789474]
[null,"Grizzly Pass","F1U8X25HSBP",3176592,"Hot swap backplane board spare for 1U 8x2.5\" chassis (R1208 family).",null,126.31578947368422]
[null,"Grizzly Pass","F2U12X35HSBP",3166323,"Hot swap backplane board spare for 2U 12x3.5\" chassis (R2312 family).",null,189.47368421052633]
[null,"Grizzly Pass","RS25DB080",3060863,"6G SAS RAID Controller with 8 internal ports. PCIe Gen 3 capable, and dual core ROC.\nNo cables included.",null,594.73684210526324]
[null,"Grizzly Pass","RS25GB008",3060867,"6G SAS HBA Controller (no raid) with 8 external ports. LSI2308 IO Controller. No cables included.",null,326.31578947368422]
[null,"Grizzly Pass","RS2SG244",2771643,"Scalable Performance 6G SAS/SATA RAID controller with 24 internal and 4 external ports.\nRetail SKU includes cables.",null,1047.3684210526317]
[null,"Grizzly Pass","RS2WC080",2654882,"Entry-level 6G SAS RAID controller with 8 internal ports for SAS/SATA drives.\nRetail SKU includes cables.",null,274.73684210526318]
[null,"Grizzly Pass","RS2WC040",2654883,"Entry-level 6G SAS RAID controller with 4 internal ports for SAS/SATA drives.\nRetail SKU includes cable.",null,222.10526315789474]
[null,"Grizzly Pass","RS2WG160",2771644,"Scalable Performance 6G SAS RAID controller with 16 internal SAS/SATA ports.\nRetail SKU includes cables.",null,736.84210526315792]
[null,"Grizzly Pass","RCS25ZB040",3552349,"6G SAS RAID with 256GB of onboard Flash, dual-core ROC & 4 internal ports.\nNo cables included.",null,1368.421052631579]
[null,"Grizzly Pass","RCS25ZB040LX",3552350,"6G SAS RAID with 1TB of onboard Flash, dual-core ROC & 4 internal ports.\nNo cables included.",null,4000]
[null,"Grizzly Pass","RS25AB080",3226879,"6G 8 Internal Port SAS RAID controller with dual core ROC, PCIe Gen 3 capable, and includes Maintenance Free Backup Unit.\nNo cables included.",null,815.78947368421052]
[null,"Grizzly Pass","RS25NB008",3060866,"6G SAS RAID Controller with 8 external ports and dual core ROC. No cables included. Optional Battery Backup Unit AXXRSBBU9.",null,731.57894736842104]
[null,"Grizzly Pass","RS25SB008",3299289,"6G 8 External Port SAS RAID controller with dual core ROC, PCIe Gen 3 capable, and includes Maintenance Free Backup Unit.\nNo cables included.",null,921.0526315789474]
[null,"Grizzly Pass","RES2CV360",3163500,"Integrated 36 port 6G SAS expander, compatible with R2200, P4000M/L families of chassis (2U/4U 2.5” chassis). Based on LSI* LSISAS2x36 chip.\nIncludes 3 screws and bumpers, power cable, 6 Mini-SAS cables (3x165mm, 2x185mm, 1x245mm).",null,321.0526315789474]
[null,"Grizzly Pass","RES2CV240",3163501,"Integrated 24 port 6G SAS expander, compatible with R2200, P4000M/L families of chassis (2U/4U 2.5” chassis). Based on LSI* LSISAS2x36 chip.\nIncludes 3 screws and bumpers, power cable, 4 Mini-SAS cables (3x165mm, 1x185mm).",null,257.89473684210526]
[null,"Grizzly Pass","RES2SV240",2771642,"24 Port SAS 6Gb expander card with ports configurable for input or output. Retail SKU includes cables. Straight 8087, 4x650mm and 2x180mm.\nRequires empty PCIe slot. Compatible with every system, including R2312 family.",null,242.10526315789474]
[null,"Grizzly Pass","FXX25HSCAR",3176593,"Spare 2.5” HDD hot swap carriers.",null,6.5789473684210531]
[null,"Grizzly Pass","FXX35HSADPB",3174236,"Spare 3.5” HDD hot swap carriers.\nIncludes mounting screws for mounting 2.5” drives.",null,7.8947368421052637]
[null,"Grizzly Pass","RKSATA4R5",3166371,"Enables LSI SATA SW RAID 5, Black.",null,63.15789473684211]
[null,"Grizzly Pass","RKSATA8",3166372,"Activates 8 SATA ports and includes RSTe SW RAID 0/1/10/5 and LSI SW RAID 0/1/10 , Blue.",null,26.315789473684212]
[null,"Grizzly Pass","RKSATA8R5",3163510,"Activates 8 SATA ports and includes RSTe SW RAID 0/1/10/5 and LSI SW RAID 0/1/10/5 (enables LSI SWR5), White.",null,78.94736842105263]
[null,"Grizzly Pass","RKSAS4",3166368,"Activates 4 SAS ports and includes RSTe SW RAID 0/1/10 (no RAID 5) and LSI SW RAID 0/1/10 , Green.",null,36.842105263157897]
[null,"Grizzly Pass","RKSAS4R5",3166369,"Activates 4 SAS ports and includes RSTe SW RAID 0/1/10 (no RAID 5) and LSI SW RAID 0/1/10/5 (enables LSI SWR5), Yellow.",null,100]
[null,"Grizzly Pass","RKSAS8",3166370,"Activates 8 SAS ports and includes RSTe SW RAID 0/1/10 (no RAID 5) and LSI SW RAID 0/1/10 , Orange.",null,52.631578947368425]
[null,"Grizzly Pass","RKSAS8R5",3163511,"Activates 8 SAS ports and includes RSTe SW RAID 0/1/10 (no RAID 5) and LSI SW RAID 0/1/10/5 (enables LSI SWR5), Purple.",null,115.78947368421053]
[null,"Grizzly Pass","A2U8X25HSDK",3163502,"Spare/accessory 8x2.5” HDD drive kit for 2Usystem. (R2200 family).\nR2208 can take 1 additional bay with no other upgrades.\nFor upgrading up to 24 drives (R2208 +2 bays, or R2216 + 1 bay) – standard control panel and ODD bay has to be replaced with storage panel (A2USTOPANEL).\nIncludes cage, backplane board, 8 drive carriers, power Y-cable and I2C jumper cable.",null,121.05263157894737]
[null,"Grizzly Pass","A2U8X25DPDK",3492460,"Spare/accessory Dual Ported 8x2.5” HDD drive upgrade kit for 2Usystem. (R2200 family).\nR2208 can take 1 additional bay with no other upgrades.\nFor upgrading up to 24 drives (R2208 +2 bays, or R2216 + 1 bay) – standard control panel and ODD bay has to be replaced with rack ear panel (A2USTOPANEL).\nIncludes cage, backplane board, 8 drive carriers, power jumper Y-cable and I2C jumper cable.",null,84.21052631578948]
[null,"Grizzly Pass","AXXRMM4LITE",2944100,"Activation key for advanced management features",null,36.842105263157897]
[null,"Grizzly Pass","AXXRMM4R",3290666,"Intel® Remote Management Module RMM4 for rack systems – Remote KVM upgrade key and Dedicated NIC Module",null,63.15789473684211]
[null,"Grizzly Pass","AXXTPME5",3163503,"TPM Module for server systems supporting S2600 and S2400 board families.",null,57.894736842105267]
[null,"Grizzly Pass","AXX10GBNIAIOM",3163506,"Dual SFP+ port 10GbE IO module based on Intel® 82599 10 Gigabit Ethernet Controller\nSupports direct connect or transceiver. Cables/transceivers not included.\nIncludes three screws, port label sticker",null,515.78947368421052]
[null,"Grizzly Pass","AXX10GBTWLIOM",3163505,"Dual RJ-45 port 10GBASE-T IO module, based on Intel® Ethernet Controller X540\nIncludes three screws, port label sticker.",null,431.5789473684211]
[null,"Grizzly Pass","AXX1FDRIBIOM",3166306,"Single port, FDR 56GT/S speed Intel® I/O Expansion Infiniband* module, with QSFP connector, based on Mellanox* CX3 MT27504A1-FCCR-FV chip.\nIncludes three screws, port label sticker",null,631.57894736842104]
[null,"Grizzly Pass","AXX2FDRIBIOM",3179864,"Dual port, FDR 56GT/S (per port capable) speed Infiniband* module, with QSFP connector, based on Mellanox* CX3 MT27508A1-FCCR-FV chip. Note, due to PCIe3 x8 bandwidth limitation, both ports can’t simultaneously function at full speed.\nIncludes three screws, port label sticker",null,947.36842105263167]
[null,"Grizzly Pass","AXX4P1GBPWLIOM",3163507,"Quad port 1GbE IO Module based on Intel® Ethernet Controller I350\nIncludes three screws, port label sticker",null,294.73684210526318]
[null,"Grizzly Pass","RMS25PB080",3166379,"Intel® Integrated RAID Module RMS25PB080\nLSI* SAS2208 ROC\n6Gb/s SAS/SATA\nx8 PCIe 3.0\n8 internal ports\n1GB embedded memory\nMD2 Low Profile, half length form factor\nSupport RAID 0,1,10,5,6,50,60\nRAID Premium Feature Key supported\nCables are not included",null,478.94736842105266]
[null,"Grizzly Pass","RMS25PB040",3166378,"Intel® Integrated RAID Module RMS25PB040\nLSI* SAS2208 ROC\n6Gb/s SAS/SATA\nx8 PCIe 3.0\n4 internal ports\n1GB embedded memory\nMD2 Low Profile, half length form factor\nSupport RAID 0,1,10,5,6,50,60\nRAID Premium Feature Key supported\nCables are not included",null,368.42105263157896]
[null,"Grizzly Pass","RMT3PB080",3166380,"Intel® Integrated RAID Module RMT3PB080\nLSI* SAS2208 ROC\n6Gb/s SATA\nx8 PCIe 3.0\n8 internal ports\n512MB embedded memory\nMD2 Low Profile, half length form factor\nSupport RAID 0,1,10,5,6,50,60\nRAID Premium Feature Key supported\nCables are not included",null,410.5263157894737]
[null,"Grizzly Pass","RMS25CB080",3163508,"Intel® Integrated RAID Module RMS25CB080\nLSI* SAS2208 ROC\n6Gb/s SAS/SATA\nx8 PCIe 3.0\n8 internal ports\n1GB embedded memory\nRequire one 80-pins on-board module connector\nSupport RAID 0,1,10,5,6,50,60\nRAID Premium Feature Key supported\nCables are not included",null,436.84210526315792]
[null,"Grizzly Pass","RMS25CB040",3166373,"Intel® Integrated RAID Module RMS25CB040\nLSI* SAS2208 ROC\n6Gb/s SAS/SATA\nx8 PCIe 3.0\n4 internal ports\n1GB embedded memory\nRequire one 80-pins on-board module connector\nSupport RAID 0,1,10,5,6,50,60\nRAID Premium Feature Key supported\nCables are not included",null,326.31578947368422]
[null,"Grizzly Pass","RMT3CB080",3163509,"Intel® Integrated RAID Module RMT3CB080\nLSI* SAS2208 ROC\n6Gb/s SAS/SATA\nx8 PCIe 3.0\n4 internal ports\n512MB embedded memory\nRequire one 80-pins on-board module connector\nSupport RAID 0,1,10,5,6,50,60\nRAID Premium Feature Key supported\nCables are not included",null,378.94736842105266]
[null,"Grizzly Pass","RMS25KB080",3166377,"SAS Module: 8 Port SAS-2.1 version, Entry-level HW RAID/straight SAS\nPCIe form factor",null,163.15789473684211]
[null,"Grizzly Pass","RMS25KB040",3166376,"SAS Module: 4 Port SAS-2.1 version, Entry-level HW RAID/straight SAS\nPCIe form factor",null,126.31578947368422]
[null,"Grizzly Pass","RMS25JB080",3166375,"Mezzanine SAS IO module: 8 Port SAS-2.1 version, Entry-level HW RAID/straight SAS",null,147.36842105263159]
[null,"Grizzly Pass","RMS25JB040",3166374,"Mezzanine SAS IO module: 4 Port SAS-2.1 version, Entry-level HW RAID/straight SAS",null,110.52631578947368]
[]
[null,null,null,null,null,null,null,"Product Brief","Config Guide","TPS 1","TPS 2"]
[null,"Jefferson Pass",null,null,null,null,null,"Link","Link","System Link","Chassis Link"]
[null,"Code Name","Part #","SKU #","Description",null,"Price"]
[null,"Jefferson Pass","H2312XXKR",3539904,"The Production Intel® ServerChassis H2312XXKR\n■ 2U H2000 Chassis (front panel FH2000FPANEL included, Power Distribution Board FXXCRPSPDB included)\n■ 2x 1600W Platinum PSU (FXX1600PCRPS)\n■ 12x 3.5’’ Hot-swap HDDssupport (carriers FXX35HSADPB included, backplane FHW12X35HSBP)\n■ 4x Blank Node Filler (FH2000BNF)\n■ Basic rack rail (AXXELVRAIL)\n Note:The Rail Kit will only support specific rack type with 3/8” square and 7.1mm round holes.\n",null,884.21052631578948]
[]
[]
[]
[]
[]
[]
[null,"Jefferson Pass","H2216XXKR",3474386,"The Production Intel® ServerChassis H2216XXKR\n■ 2U H2000 Chassis (front panel FH2000FPANEL included, Power Distribution Board FXXCRPSPDB included)\n■ 2x 1600W Platinum PSU (FXX1600PCRPS)\n■ 16x 2.5’’ Hot-swap HDDs support (carriers FXX25HSCAR included, backplane FHW16X25HSBP)\n■ 4x Blank Node Filler (FH2000BNF)\n■ Basic rack rail (AXXELVRAIL)\n Note:The Rail Kit will only support specific rack type with 3/8” square and 7.1mm round holes.\n",null,957.89473684210532]
[]
[]
[]
[]
[]
[]
[null,"Jefferson Pass","HNS2600JF",3474383,"The Production Intel® Compute Module HNS2600JF\n■ Intel ® Server Board S2600JF included\n■ Node Power Board FH2000NPB included\n■ Bridge Board FHWJFWPBGB included\n■ Slot1 riser card FHW1U16RISER included\n■ 3x 4056 dual rotor fansFXX4056DRFAN included\n■ 1U passive heatsinks (one FXXEA91X91HS for front, and one FXXCA91X91HSfor rear)included\n■ Airduct included\n■ 1U node tray included",null,621.0526315789474]
[]
[]
[]
[null,"Jefferson Pass","HNS2600JFQ",3654419,"The Production Intel® ComputeModule HNS2600JFQ\n■ Intel ® Server Board S2600JFQ included (InfiniBand QDR)\n■ Node Power Board FH2000NPB included\n■ Bridge Board FHWJFWPBGB included\n■ Slot1 riser card FHW1U16RISER included\n■ 3x 4056 dual rotor fans FXX4056DRFAN  included\n■ 1U passive heatsinks (one FXXEA91X91HS for front, and one FXXCA91X91HS for rear) included\n■ Airduct included\n■ 1U node tray included",null,594.73684210526324]
[]
[]
[]
[null,"Jefferson Pass","HNS2600JFF",3574302,"The Production Intel® ComputeModule HNS2600JFF\n■ Intel ® Server Board S2600JFF included (InfiniBand FDR)\n■ Node Power Board FH2000NPB included\n■ Bridge Board FHWJFWPBGB included\n■ Slot1 riser card FHW1U16RISER included\n■ 3x 4056 dual rotor fans FXX4056DRFAN  included\n■ 1U passive heatsinks (one FXXEA91X91HS for front, and one FXXCA91X91HS for rear) included\n■ Airduct included\n■ 1U node tray included",null,1094.7368421052631]
[]
[]
[]
[null,"Jefferson Pass","AXXRMM4LITE",2944100,"Activation key for advanced management features ",null,36.842105263157897]
[null,"Jefferson Pass","AXXRMM4IOM",3176579,"PCI Express x16 (164 pin) rIOM riser and rIOM carrier board kit for supporting dedicate RMM4 NIC port and containing Intel® I/O module for HNS2600JF compute module family\nNOTE: The AXXRMM4LITE is NOT included. It must be ordered seperately for advanced management features",null,57.894736842105267]
[null,"Jefferson Pass","FHW1U16RISER",2979658,"1U PCI Express x16 riser card for supporting in-board low-profile PCIe adding card of Slot1 on HNS2600JF, HNS2600WP compute module family",null,21.05263157894737]
[null,"Jefferson Pass","FXX4056DRFAN",3166343,"40x56mmDual Rotor Fan spare",null,163.15789473684211]
[null,"Jefferson Pass","FXX1200PCRPS",3166342,"1200W AC Common Redundant Power Supply FXX1200PCRPS 80Plus Platinum-Efficiency",null,263.15789473684214]
[null,"Jefferson Pass","FXX1600PCRPS",3629450,"1600W AC Common Redundant Power Supply FXX1600PCRPS 80Plus Platinum-Efficiency",null,315.78947368421052]
[null,"Jefferson Pass","BXSTS200P",3193461,"1U Standard Boxed Cu/Al 91.5mm x 91.5mm Heat Sink (Rear Heat Sink)",null,26.315789473684212]
[null,"Jefferson Pass","FXXCA91X91HS",3176580,"1U Standard Cu/Al 91.5mm x 91.5mm Heat Sink(Rear HeatSink)",null,42.10526315789474]
[null,"Jefferson Pass","FXXEA91X91HS",3176582,"1U  Standard Ex-Al 91.5mm x 91.5mm Heat Sink(Front Heat Sink)",null,21.05263157894737]
[null,"Jefferson Pass","FHW12X35HSBP",null,"Spare 12 x 3.5’’ backplane for H2000 Chassis family",null,247.36842105263159]
[null,"Jefferson Pass","FHW16X25HSBP",null,"Spare 16 x 2.5’’ backplane for H2000 Chassis family",null,249.47368421052633]
[null,"Jefferson Pass","FH2000BNF",3335149,"Spare Blank Node Fillerfor H2000 Chassis family",null,8.9473684210526319]
[null,"Jefferson Pass","FH2000NPB",null,"Spare Node Power Board for HNS2600serial Compute module family",null,48.421052631578952]
[null,"Jefferson Pass","FHWJFWPBGB",null,"Spare Bridge Board for HNS2600JF and HNS2600WP Compute Module family",null,68.421052631578945]
[null,"Jefferson Pass","FXXCRPSPDB",null,"Spare Power Distribution Board for Common Redundant Power Supply1200W and 1600W of H2000 Chassis",null,36.842105263157897]
[null,"Jefferson Pass","FH2000FPANEL",3571632,"Spare front control panel kit for H2000 Chassis family",null,112.63157894736842]
[null,"Jefferson Pass","FH2000JFMKIT",null,"Chassis Maintenance Kit FH2000JFMKIT (for Intel® Server ChassisH2000 family) including (2) Node tray of HNS2600JF family, (2) Airduct of HNS2600JF, Cable kit and Screw kit",null,137.89473684210526]
[null,"Jefferson Pass","FXX25HSCAR",3176593,"Spare 2.5” HDD hot swap carriers",null,6.5789473684210531]
[null,"Jefferson Pass","FXX35HSADPB",3174236,"Spare 2.5” HDD hot swap carriers",null,7.8947368421052637]
[null,"Jefferson Pass","AXXELVRAIL",3179860,"Value Rail Kit, half extension, extended inner slide member.\nNote:It will only support specific rack type with 3/8” square and 7.1mm round holes",null,42.10526315789474]
[null,"Jefferson Pass","FPWRCABLENA",1147081,"North American Power Cord Spare",null,3.1578947368421053]
[null,"Jefferson Pass","A2UBEZEL",3163497,"2U locking bezel with two branding clip-on inserts",null,42.10526315789474]
[null,"Jefferson Pass","RKSATA4R5",3166371,"Intel® RAID C600 Upgrade Key RKSATA4R5 enables LSI SATA SW RAID 5, Black",null,63.15789473684211]
[null,"Jefferson Pass","RKSAS4",3166368,"Intel® RAID C600 Upgrade Key RKSAS4 activates 4 SAS ports and includesRSTeSW RAID 0/1/10 (no RAID 5) and LSI SW RAID 0/1/10, Green",null,36.842105263157897]
[null,"Jefferson Pass","RKSAS4R5",3166369,"Intel® RAID C600 Upgrade Key RKSAS4R5 activates 4 SAS ports and includes RSTe SW RAID 0/1/10 (no RAID 5) and LSI SW RAID 0/1/10/5 (enables LSI SWR5), Yellow",null,100]
[null,"Jefferson Pass","AHWJFWP6GBGB",3361758,"6Gb/s SAS bridge board and cable accessories kit (not cable-free) for HNS2600JF and HNS2600WP Compute Module family\nNOTE: 6Gb/s SAS module is NOT included. Customer must to order 6Gb/s SAS module RMS25KB040 or RMS25PB040 separately",null,68.421052631578945]
[null,"Jefferson Pass","RMS25KB040",3166376,"SAS Module: 4 Port SAS-2.1 version, Entry-level HW RAID/straight SAS PCIe form factor",null,126.31578947368422]
[null,"Jefferson Pass","RMS25PB040",3166378,"Intel® Integrated RAID Module RMS25PB040 LSI* SAS2208 ROC 6Gb/s SAS/SATA x8 PCIe 3.0 \n4 internal ports \n1GB embedded memory \nMD2 Low Profile, half length form factor \nSupport RAID 0,1,10,5,6,50,60 RAID Premium Feature Key supported Cables are not included",null,368.42105263157896]
[null,"Jefferson Pass","RS25FB044",3477026,"Intel® RAID Controller RS2FB044 is a SAS2 6Gb/s PCIe Gen3 x8, 4i & 4e Port SAS Controller with entry-level HW RAID 0/1/1E/10E and JBOD mode in a low profile, half-length MD2 compliant form factor.",null,273.68421052631578]
[null,"Jefferson Pass","AH2000JF6GKIT",3398244,"6Gb/s SAS accessories kit (cable-free) for HNS2600JF Compute Module family\nNotes: 6Gb/s SAS module RMS25LB has been included, with special advisory in TA 1025-1.",null,189.47368421052633]
[null,"Jefferson Pass","FH20006GBGBR",null,"Spare 6Gb/s SAS bridge board and riser package for AH2000JF6GKIT.",null,"N/A"]
[null,"Jefferson Pass","RMS25LB",null,"Spare 6Gb/s SAS module for AH2000JF6GKIT.",null,142.10526315789474]
[null,"Jefferson Pass","AXXRPFKSSD2",3229255,"Upgrade Key to enable SSD Cache with Fastpath I/O for Intel’s RAID RS25 family of ROC products.",null,194.73684210526318]
[null,"Jefferson Pass","AXXRPFKDE2",3323818,"Upgrade Key to enable Drive Encryption Management for Intel’s RAID RS25 family of ROC products",null,63.15789473684211]
[null,"Jefferson Pass","AXXRPFKSNSH2",null,"Upgrade Key to enable Rapid Recovery Snapshot for Intel’s RAID RS25 family of ROC products",null,126.31578947368422]
[null,"Jefferson Pass","AXX10GBNIAIOM",3163506,"Dual SFP+ port 10GbE  IO module based on Intel® 82599 10 Gigabit Ethernet Controller\nSupports direct connect or transceiver.  Cables/transceivers not included.\nIncludes three screws",null,515.78947368421052]
[null,"Jefferson Pass","AXX10GBTWLHW",3478931,"Dual RJ-45 port 10GBASE-T IO module, based on Intel® Ethernet Controller X540. Includes three screws",null,431.5789473684211]
[null,"Jefferson Pass","AXX1FDRIBIOM",3166306,"Single port, FDR 56GT/S speedIntel I/O Expansion Infiniband module, with QSFP connector, based on Mellanox CX3 MT27504A1-FCCR-FV chip. Includes three screws",null,631.57894736842104]
[null,"Jefferson Pass","AXX2FDRIBIOM",3179864,"Dual port, FDR 56GT/S (per port capable) speed Infiniband module, with QSFP connector, based on Mellanox CX3 MT27508A1-FCCR-FV chip. Note, due to PCIe3 x8 bandwidth limitation, both ports can’t simultaneously function at full speed. Includes three screws",null,947.36842105263167]
[null,"Jefferson Pass","AXX4P1GBPWLIOM",3163507,"Quad port 1GbE IO Modulebased on Intel ® Ethernet Controller I350",null,294.73684210526318]
[null,"Jefferson Pass","SVCEWHWSY",3374086,"Intel® Server System H2000 Extended Warranty, Single",null,324.21052631578948]
[null,"Jefferson Pass","SVCEWHWB",3374087,"Intel® Compute Module HNS2600 Compute Module family Extended Warranty, Single",null,125.26315789473685]
[null,"Jefferson Pass","SVCEWDPBD",2952537,"Two year extended warranty for Intel® Server Boards that support two processors. ",null,125.26315789473685]
[]
[null,null,null,null,null,null,null,"Product Brief","Config Guide","TPS 1","TPS 2"]
[null,"Washington Pass",null,null,null,null,null,"Link","Link","System Link","Chassis Link"]
[null,"Code Name","Part #","SKU #","Description",null,"Price"]
[null,"Washington Pass","H2312XXKR",3539904,"The Production Intel® ServerChassis H2312XXKR\n■ 2U H2000 Chassis (front panel FH2000FPANEL included, Power Distribution Board FXXCRPSPDB included)\n■ 2x 1600W Platinum PSU (FXX1600PCRPS)\n■ 12x 3.5’’ Hot-swap HDDssupport (carriers FXX35HSADPB included, backplane FHW12X35HSBP)\n■ 4x Blank Node Filler (FH2000BNF)\n■ Basic rack rail (AXXELVRAIL)\n Note:The Rail Kit will only support specific rack type with 3/8” square and 7.1mm round holes.\n",null,884.21052631578948]
[]
[]
[]
[]
[]
[]
[null,"Washington Pass","H2216XXKR",3474386,"The Production Intel® ServerChassis H2216XXKR\n■ 2U H2000 Chassis (front panel FH2000FPANEL included, Power Distribution Board FXXCRPSPDB included)\n■ 2x 1600W Platinum PSU (FXX1600PCRPS)\n■ 16x 2.5’’ Hot-swap HDDs support (carriers FXX25HSCAR included, backplane FHW16X25HSBP)\n■ 4x Blank Node Filler (FH2000BNF)\n■ Basic rack rail (AXXELVRAIL)\n Note:The Rail Kit will only support specific rack type with 3/8” square and 7.1mm round holes.\n",null,989.47368421052636]
[]
[]
[]
[]
[]
[]
[null,"Washington Pass","HNS2600WP",3387345,"The Production Intel ® ComputeModule HNS2600WP \n■ Intel ® Server Board S2600WP included. \n■ Node Power Board FH2000NPB included. \n■ Bridge Board FHWJFWPBGB included. \n■ Slot1 riser card FHW1U16RISER included. \n■ 3x 4056 dual rotor fans FXX4056DRFANincluded. \n■ 1U passive heatsinks (one FXXEA84X106HS for front, and one FXXCA84X106HS for rear) included \n■ Airduct included. 1U node tray included.\n■ Intel ® Manager and Distribution for Apache Hadoop*",null,726.31578947368428]
[null,"Washington Pass","HNS2600WPQ",3686970,"The Production Intel ® ComputeModule HNS2600WPQ\n■ Intel ® Server Board S2600WPQincluded (InfiniBand* QDR).\n■ Node Power Board FH2000NPB included. \n■ Bridge Board FHWJFWPBGB included. \n■ Slot1 riser card FHW1U16RISER included. \n■ 3x 4056 dual rotor fans FXX4056DRFANincluded. \n■ 1U passive heatsinks (one FXXEA84X106HS for front, and one FXXCA84X106HS for rear) included \n■ Airduct included. 1U node tray included.\n■ Intel ® Manager and Distribution for Apache Hadoop*",null,1042.1052631578948]
[null,"Washington Pass","HNS2600WPF",3690693,"The Production Intel ® ComputeModule HNS2600WPF\n■ Intel ® Server Board S2600WPF included (InfiniBand* FDR).\n■ Node Power Board FH2000NPB included. \n■ Bridge Board FHWJFWPBGB included. \n■ Slot1 riser card FHW1U16RISER included. \n■ 3x 4056 dual rotor fans FXX4056DRFANincluded. \n■ 1U passive heatsinks (one FXXEA84X106HS for front, and one FXXCA84X106HS for rear) included \n■ Airduct included. 1U node tray included.\n■ Intel ® Manager and Distribution for Apache Hadoop*",null,1200]
[null,"Washington Pass","AXXRMM4LITE",2944100,"Activation key for advanced management features ",null,36.842105263157897]
[null,"Washington Pass","AXXRMM4IOM",3176579,"PCI Express x16 (164 pin) rIOM riser and rIOM carrier board kit for supporting dedicate RMM4 NIC port and containing Intel® I/O module for HNS2600JF compute module family\nNOTE: The AXXRMM4LITE is NOT included. It must be ordered seperately for advanced management features",null,57.894736842105267]
[null,"Washington Pass","FHW1U16RISER",2979658,"1U PCI Express x16 riser card for supporting in-board low-profile PCIe adding card of Slot1 on HNS2600JF, HNS2600WP compute module family",null,21.05263157894737]
[null,"Washington Pass","FXX4056DRFAN",3166343,"40x56mmDual Rotor Fan spare",null,163.15789473684211]
[null,"Washington Pass","FXX1200PCRPS",3166342,"1200W AC Common Redundant Power Supply FXX1200PCRPS 80Plus Platinum-Efficiency",null,263.15789473684214]
[null,"Washington Pass","FXX1600PCRPS",3629450,"1600W AC Common Redundant Power Supply FXX1600PCRPS 80Plus Platinum-Efficiency",null,315.78947368421052]
[null,"Washington Pass","FXXCA84X106HS",3179862,"1U Standard Cu/Al 84mm x 106mm Heatsink (Rear Heatsink)",null,52.631578947368425]
[null,"Washington Pass","FXXEA84X106HS",3179863,"1U  Standard Ex-Al 84mm x 106mm Heatsink (Front Heatsink)",null,36.842105263157897]
[null,"Washington Pass","FHW12X35HSBP",null,"Spare 12 x 3.5’’ backplane for H2000 Chassis family",null,247.36842105263159]
[null,"Washington Pass","FHW16X25HSBP",null,"Spare 16 x 2.5’’ backplane for H2000 Chassis family",null,249.47368421052633]
[null,"Washington Pass","FH2000BNF",3335149,"Spare Blank Node Fillerfor H2000 Chassis family",null,8.9473684210526319]
[null,"Washington Pass","FH2000NPB",null,"Spare Node Power Board for HNS2600serial Compute module family",null,48.421052631578952]
[null,"Washington Pass","FHWJFWPBGB",null,"Spare Bridge Board for HNS2600JF and HNS2600WP Compute Module family",null,68.421052631578945]
[null,"Washington Pass","FXXCRPSPDB",null,"Spare Power Distribution Board for Common Redundant Power Supply1200W and 1600W of H2000 Chassis",null,36.842105263157897]
[null,"Washington Pass","FH2000FPANEL",3571632,"Spare front control panel kit for H2000 Chassis family",null,112.63157894736842]
[null,"Washington Pass","FH2000WPMKIT",null,"Chassis Maintenance Kit FH2000WPMKIT (for Intel ® Server Chassis H2000family) including (2) Node tray of HNS2600WPfamily, (2) Airduct of HNS2600WP, Cable kit and Screw kit.",null,136.84210526315789]
[null,"Washington Pass","FXX25HSCAR",3176593,"Spare 2.5” HDD hot swap carriers",null,6.5789473684210531]
[null,"Washington Pass","FXX35HSADPB",3174236,"Spare 2.5” HDD hot swap carriers",null,7.8947368421052637]
[null,"Washington Pass","AXXELVRAIL",3179860,"Value Rail Kit, half extension, extended inner slide member.\nNote:It will only support specific rack type with 3/8” square and 7.1mm round holes",null,42.10526315789474]
[null,"Washington Pass","FPWRCABLENA",1147081,"North American Power Cord Spare",null,3.1578947368421053]
[null,"Washington Pass","A2UBEZEL",3163497,"2U locking bezel with two branding clip-on inserts",null,42.10526315789474]
[null,"Washington Pass","RKSATA4R5",3166371,"Intel® RAID C600 Upgrade Key RKSATA4R5 enables LSI SATA SW RAID 5, Black",null,63.15789473684211]
[null,"Washington Pass","RKSAS4",3166368,"Intel® RAID C600 Upgrade Key RKSAS4 activates 4 SAS ports and includesRSTeSW RAID 0/1/10 (no RAID 5) and LSI SW RAID 0/1/10, Green",null,36.842105263157897]
[null,"Washington Pass","RKSAS4R5",3166369,"Intel® RAID C600 Upgrade Key RKSAS4R5 activates 4 SAS ports and includes RSTe SW RAID 0/1/10 (no RAID 5) and LSI SW RAID 0/1/10/5 (enables LSI SWR5), Yellow",null,100]
[null,"Washington Pass","AHWJFWP6GBGB",3361758,"6Gb/s SAS bridge board and cable accessories kit (not cable-free) for HNS2600JF and HNS2600WP Compute Module family\nNOTE: 6Gb/s SAS module is NOT included. Customer must to order 6Gb/s SAS module RMS25KB040 or RMS25PB040 separately",null,68.421052631578945]
[null,"Washington Pass","RMS25KB040",3166376,"SAS Module: 4 Port SAS-2.1 version, Entry-level HW RAID/straight SAS PCIe form factor",null,126.31578947368422]
[null,"Washington Pass","RMS25PB040",3166378,"Intel® Integrated RAID Module RMS25PB040 LSI* SAS2208 ROC 6Gb/s SAS/SATA x8 PCIe 3.0 \n4 internal ports \n1GB embedded memory \nMD2 Low Profile, half length form factor \nSupport RAID 0,1,10,5,6,50,60 RAID Premium Feature Key supported Cables are not included",null,368.42105263157896]
[null,"Washington Pass","AH2000JF6GKIT",3398244,"6Gb/s SAS accessories kit (cable-free) for HNS2600JF Compute Module family\nNotes: 6Gb/s SAS module RMS25LB has been included, with special advisory in TA 1025-1.",null,189.47368421052633]
[null,"Washington Pass","FH20006GBGBR",null,"Spare 6Gb/s SAS bridge board and riser package for AH2000JF6GKIT.",null,"N/A"]
[null,"Washington Pass","RMS25LB",null,"Spare 6Gb/s SAS module for AH2000JF6GKIT.",null,142.10526315789474]
[null,"Washington Pass","AXX10GBNIAIOM",3163506,"Dual SFP+ port 10GbE  IO module based on Intel® 82599 10 Gigabit Ethernet Controller\nSupports direct connect or transceiver.  Cables/transceivers not included.\nIncludes three screws",null,515.78947368421052]
[null,"Washington Pass","AXX10GBTWLHW",3478931,"Dual RJ-45 port 10GBASE-T IO module, based on Intel® Ethernet Controller X540. Includes three screws",null,431.5789473684211]
[null,"Washington Pass","AXX1FDRIBIOM",3166306,"Single port, FDR 56GT/S speedIntel I/O Expansion Infiniband module, with QSFP connector, based on Mellanox CX3 MT27504A1-FCCR-FV chip. Includes three screws",null,631.57894736842104]
[null,"Washington Pass","AXX2FDRIBIOM",3179864,"Dual port, FDR 56GT/S (per port capable) speed Infiniband module, with QSFP connector, based on Mellanox CX3 MT27508A1-FCCR-FV chip. Note, due to PCIe3 x8 bandwidth limitation, both ports can’t simultaneously function at full speed. Includes three screws",null,947.36842105263167]
[null,"Washington Pass","AXX4P1GBPWLIOM",3163507,"Quad port 1GbE IO Modulebased on Intel ® Ethernet Controller I350",null,294.73684210526318]
[null,"Washington Pass","SVCEWHWSY",3374086,"Intel ® Server System H2000 two years Extended Warranty, Single",null,324.21052631578948]
[null,"Washington Pass","SVCEWDPBD",2952537,"Intel ® Server Board S2600WP familytwo years Extended Warranty, Single",null,125.26315789473685]
[null,"Washington Pass","SVCEWHWB",3374087,"Intel® Compute Module HNS2600 Compute Module family Extended Warranty, Single",null,125.26315789473685]
[]
[null,null,null,null,null,null,null,"Product Brief","Config Guide","TPS 1","TPS 2"]
[null,"Iron Pass",null,null,null,null,null,"Link","Link","2U Link","4U Link"]
[null,"Code Name","Part #","SKU #","Description",null,"Price"]
[null,"Iron Pass","R2208IP4LHPC",3179871,"Integrated Intel® Server System\nS2600IP4 board in Intel R2000 2U rack chassis includes:\n■ 8x2.5'' Hot-swap HDD carriers\n■ Power distribution board\n■ Two CPU heat sinks, ABPSRCACP\n■ Control panel\n■ Redundant System fans\n■ Processor/memory air duct\n■ Two Power supplies 750W, Gold level efficiency\n■ Value Rails Kit\n■ Intel® RAID C600 Upgrade Key RKSAS8\n■ Full RMM4 with dedicated NIC",null,1736.8421052631579]
[]
[]
[]
[]
[]
[]
[null,"Iron Pass","P4216IP4LHJC",3166388,"Integrated Intel® Server System\nS2600IP4 board in an Intel “Union Peak L” 4U pedestal chassis\n■ Supports up to 16x2.5'' Hot-swap SAS/SATA HDD\n■ Power distribution board\n■ Passive CPU heat sinks\n■ Control panel\n■ Front Bezel\n■ Redundant System fans included\n■ Processor/memory air duct\n■ Redundant power supply 1200W, Platinum level\nefficiency\n■ Intel® RAID C600 Upgrade Key RKSAS8",null,1731.578947368421]
[]
[]
[]
[]
[]
[]
[null,"Iron Pass","P4308IP4LHJC",3166390,"Integrated Intel® Server System\nS2600IP4 board in an Intel “Union Peak L” 4U pedestal chassis\n■ Supports up to 8x3.5'' Hot-swap SAS/SATA HDD\n■ Power distribution board\n■ Passive CPU heat sinks\n■ Control panel\n■ Front Bezel\n■ Redundant System fans included\n■ Processor/memory air duct\n■ Redundant power supply 1200W, Platinum level\nefficiency\n■ Intel® RAID C600 Upgrade Key RKSATA8",null,1526.3157894736844]
[]
[]
[]
[]
[]
[]
[null,"Iron Pass","FXXFPANEL",3179874,"Front Panel board spare for P4000, R1000, R2000 server chassis",null,10.526315789473685]
[null,"Iron Pass","AXX4IOS",3166310,"IO shield for the S2600CP4, S2600IP4, and S2400GP4 Intel® Server Board",null,4.2105263157894735]
[null,"Iron Pass","FXX8X25HSBP",3179867,"8x2.5\" hot swap HSBP spare (for R1200, R2200, and P4200 Chassis families)",null,131.57894736842107]
[null,"Iron Pass","FXX8X25DPBP",3565599,"Spare HSBP board for 8x2.5\" Dual Port HSBP",null,142.10526315789474]
[null,"Iron Pass","FXX35HSADPB",3174236,"3.5” HDD Hot Swap Drive Carrier spares for either R1300, R2300, or P4300 chassis families",null,7.8947368421052637]
[null,"Iron Pass","FXX25HSCAR",3176593,"2.5” HDD Hot Swap Drive Carrier spares for either R1200, R2200, or P4200 chassis families",null,6.5789473684210531]
[null,"Iron Pass","FPWRCABLENA",1147081,"North American Power Cord Spare",null,3.1578947368421053]
[null,"Iron Pass","A4ULCP",null,"LCP Module (local control panel)\nEnables system to display critical errors from SEL for instant diagnostic. Also allows custom message for branding.",null,63.15789473684211]
[null,"Iron Pass","FXX750PCRPS",3176473,"750W Cold Redundant Power Supply spare 80Plus Platinum efficiency for P4000, R1000, and R2000 server chassis",null,205.26315789473685]
[null,"Iron Pass","FXX1200PCRPS",3166342,"1200W Cold Redundant Power Supply spare 80Plus Platinum efficiency for P4000, and R2000 server chassis",null,263.15789473684214]
[null,"Iron Pass","FXX1600PCRPS",3629450,"1600W Cold Redundant Power Supply spare 80Plus Platinum efficiency for P4000, and R2000 server chassis",null,315.78947368421052]
[null,"Iron Pass","FUPCRPSCAGE",3166334,"Common Pedestal CRPS PSU cage assembly (cage, adaptor bracket, screws, supporting bulkhead, 1x blank filler)",null,42.10526315789474]
[null,"Iron Pass","FUPPDBHC",3166340,"Power Distribution Board Spare (High Current) for P4000 server chassis. Recommend to use with FXX750PCRPS, FXX1200PCRPS, or FXX1600PCRPS power supplies.",null,115.78947368421053]
[null,"Iron Pass","AUPSRCBTP",3179883,"The production Intel® heat sink, SRC-B tower passive, 98mmx100mm, required for Intel® S2600CP and Intel® S2600IP server boards to be used in production Intel® 4U pedestal server chassis",null,29.473684210526319]
[null,"Iron Pass","FUPMLHSFAN",3179876,"80mm system fan kit for P4000 server chassis includes fan, fan holder, for use in redundant cooling configuration",null,47.368421052631582]
[null,"Iron Pass","FUPNHFANCPU",3166339,"Fixed Fan Spare Kit for P4000 24/27\" for CPU area for UPM , or either fan in UPL\nIncludes; (1) 120mm fixed fan",null,42.10526315789474]
[null,"Iron Pass","FIPCRUPMAD",3179873,"Air duct spare for S2600IP and S2600CR in P4000 (27\") server chassis",null,31.578947368421055]
[null,"Iron Pass","AXX3U5UPRAIL",3166309,"Advanced rail kit for P4000 Server Chassis used when converting Pedestal chassis to 4U rack chassis, and full extension rails are needed.",null,84.21052631578948]
[null,"Iron Pass","AXX3U5UCMA",3166308,"Rack Cable Management AXX3U5UCMA (For Use with Advanced Rail Kit AXX3U5UPRAIL for Intel® Server Chassis P4000 Family)",null,31.578947368421055]
[null,"Iron Pass","AUPBEZEL4UF",3166305,"Rack bezel kit for converting P4000 pedestal server chassis to rack chassis\nIncludes: bezel frame, and 2 rack handles",null,73.684210526315795]
[null,"Iron Pass","AUPBEZEL4UD",3166304,"Rack bezel accessory for P4000 chassis in rack configuration - security door only",null,36.842105263157897]
[null,"Iron Pass","FUPBEZELFIX",2944077,"Bezel spare for P4000 server chassis with fixed drives (no door)",null,26.315789473684212]
[null,"Iron Pass","FUPBEZELHSD",2944094,"Bezel spare for P4000 server chassis with Hot Swap HDDs (w/door for HS bays)\n(fits P4304, P4308, P4208, and P4216 with HS drive bays installed)",null,26.315789473684212]
[null,"Iron Pass","FUPLMSK",3166335,"Chassis Maintenance kit for P4000 27\" server chassis (Mechanical Spares Kit)\nIncludes EMI cover, PCI card retainer {4x 3.5\" EMI cover, 8x 3.5\" EMI cover, ODD rail x4, #6-32 screw x20, M3x12 USB cable screw x2, M2x10",null,52.631578947368425]
[null,"Iron Pass","FUPLESK",3179882,"Chassis Maintenance kit for P4000 27\"\nIncludes power cable extension, 1x4 -> 2x2 power adaptor cable accessory (for 2.5\" HDD connector)",null,100]
[null,"Iron Pass","FUPLESK",3179882,"Chassis Maintenance kit for P4000 27\"\nIncludes power cable extension, 1x4 -> 2x2 power adaptor cable accessory (for 2.5\" HDD connector)",null,100]
[null,"Iron Pass","FUP8X35HSBP",3166332,"Hot Swap Back Plane spare for 8x3.5\" Drive Cage Kit FUP8X35HSDK for use with P4000 server chassis\nIncludes: (1) 3.5” backplane board",null,136.84210526315789]
[null,"Iron Pass","FUP4X35HSDK",3229257,"3.5\" Hot Swap Drive Kit for P4000 server chassis\nIncludes: Drive Cage, Hot Swap Back Plane, 4 Hot Swap Drive carriers, data cables, I2C cable, and ID filler",null,105.26315789473685]
[null,"Iron Pass","FUP8X35HSDK",3166333,"8x3.5\" Hot Swap Drive Cage Kit for P4000 server chassis\nIncludes: Drive Cage, Hot Swap Back Plane, 8 Hot Swap Drive Carriers, data cables, I2C cable, and ID filler panel",null,184.21052631578948]
[null,"Iron Pass","FUP8X25HSDKS",3166331,"8x2.5 Hot Swap Drive Cage Kit for P4000 server chassis\nIncludes: Drive cage, Hot Swap Back Plane, 8 Hot Swap Drive carriers, data cables, I2C cable, ID filler panels, and power adaptor cable accessory",null,194.73684210526318]
[null,"Iron Pass","FUP8X25HSDKO",3166330,"8x2.5 Hot Swap Drive Cage Kit for use in P4000 server chassis (27\" only) when converting 5.25\" drive cage area to gain extra HS HDDs\nIncludes: Drive cage, Hot Swap Back Plane, (8) Hot Swap Drive carriers, data cables, I2C cable, SGPIO cable",null,184.21052631578948]
[null,"Iron Pass","FXX750GERPS",3179877,"750W Hot-Swap Power Supply FXX750GERPS (1U Form Factor, Gold-Efficiency)",null,194.73684210526318]
[null,"Iron Pass","FBP750PDB",3179878,"Spare Power Distribution Board FBP750PDB (for ERP1U 750W Power Supply FXX750GERPS)",null,57.894736842105267]
[null,"Iron Pass","ABPSRCACP",3166302,"The production Intel® heat sink sets (2 included), SRC-A 2U Cu-Al combo passive, 91.5mmx91.5mm, required for production Intel® S2600IP server board to be used in production Intel® 2U server chassis R2000 series",null,26.315789473684212]
[null,"Iron Pass","FBPIPHSFAN",null,"Spare Hot-Swap Fan FBPIPHSFAN supporting Intel® Server Board S2600IP in the R2000IP Chassis.",null,52.631578947368425]
[null,"Iron Pass","FIP2UAD",3179879,"Air Duct FIP2UAD (For Intel® Server Board S2600IP in R2000IP Chassis)",null,31.578947368421055]
[null,"Iron Pass","AXXPRAIL",3163494,"1U/2U Premium Rail Kit Full extension and toolless rail kit. Supports cable management arm",null,89.473684210526315]
[null,"Iron Pass","AXX1U2UCMA",3163495,"Cable management arm for Premium 1U/2U rail kit",null,26.315789473684212]
[null,"Iron Pass","AXXELVRAIL",3179860,"Value Rail Kit, half extension, extended inner\nslide member\nWorks for 438mm wide Intel 2U/4U Rack\nChassis and System families (H2000,\nR2000LH/R2000LT Swan Peak 2U,\nP4000M/P4000L/P4000L-WS)",null,42.10526315789474]
[null,"Iron Pass","AXX2POSTBRCKT",3343094,"1U/2U 2 post Brackets AXX2POSTBRCKT\n(Hard Mount)",null,52.631578947368425]
[null,"Iron Pass","A2UBEZEL",3163497,"2U locking bezel with two branding clip-on\ninserts for logo, and one snap-on swoosh",null,42.10526315789474]
[null,"Iron Pass","FBPIPMSK",3226877,"Chassis Maintenance kit for IP/BHP -\nmechnical part",null,63.15789473684211]
[null,"Iron Pass","FBPIPESK",3226878,"Chassis Maintenance kit for IP/BHP - electrical\npart",null,110.52631578947368]
[null,"Iron Pass","F2U8X35HSBP",3166324,"Spare 2U 8x3.5\" HSBP board (board only)",null,142.10526315789474]
[null,"Iron Pass","F2U12X35HSBP",3166323,"Spare 2U 12x3.5\" HSBP board (board only)",null,189.47368421052633]
[null,"Iron Pass","A2U8X25HSDK",3163502,"Spare/accessory 8x2.5” HDD drive upgrade kit\nfor 2Usystem. Includes power jumper Y-cable",null,121.05263157894737]
[null,"Iron Pass","A2U8X25DPDK",3492460,"Spare or accessory Dual Ported 8x2.5” HDD hot-swap drive upgrade kit for R2200 product family\nDrive Bay Upgrade Kit Includes: (1) metal cage, (1) backplane board, (1) power Y-cable, (1) I2C short cable for R2200 product family",null,84.21052631578948]
[null,"Iron Pass","A2USTOPANEL",3163499,"Storage rack ear control panel kit. Includes\ncables and adapter board, screws, second\nmatching (empty) rack handle, can be used for\nupgrade.",null,63.15789473684211]
[null,"Iron Pass","A1U2ULCP",3163498,"LCP Module (local control panel)\nEnables system to display critical errors from SEL for instant diagnostic. Also allows custom message for branding. When installed – replaces ODD on 1208 family, and replaces IO ports tray on 1304,2208,2216,2308 families. Not compatible with 2224 and 2312 families.\nModule has 2 USB ports. No front video connector.",null,52.631578947368425]
[null,"Iron Pass","AXXSATADVDROM",2085919,"Slimline SATA DVDROM Device",null,52.631578947368425]
[null,"Iron Pass","AXXSATADVDRWROM",1975837,"Slim SATA DVD+/-RW ROM Accessory",null,73.684210526315795]
[null,"Iron Pass","RKSATA4R5",3166371,"Patsburg-A SATA SW LSI RAID 5 Key, Black",null,63.15789473684211]
[null,"Iron Pass","RKSATA8",3166372,"8port SATA Key, Blue",null,26.315789473684212]
[null,"Iron Pass","RKSATA8R5",3163510,"8port SATA with LSI SW RAID 5 Key, White",null,78.94736842105263]
[null,"Iron Pass","RKSAS4",3166368,"4port SAS Key, Green",null,36.842105263157897]
[null,"Iron Pass","RKSAS4R5",3166369,"4port SAS with LSI SW RAID 5 Key, Yellow",null,100]
[null,"Iron Pass","RKSAS8",3166370,"8port SAS Key, Orange",null,52.631578947368425]
[null,"Iron Pass","RKSAS8R5",3163511,"8port SAS with LSI SW RAID 5 Key, Purple",null,115.78947368421053]
[null,"Iron Pass","RES2CV240",3163501,"Integrated 24-port 6G SAS expander, compatible with R2200 family and P4000M/P4000L of chassis (only supported in 2.5” drive 2U or 4U chassis)\nIncludes 3 screws and bumpers, 4 cables and power cable.",null,257.89473684210526]
[null,"Iron Pass","RES2CV360",3163500,"Integrated 36-port 6G SAS expander, compatible with R2200 family and P4000M/P4000L family of chassis (only supported in 2.5” drive 2U or 4U chassis)\nIncludes 3 screws and bumpers, 6 Mini-SAS cables and power cable.",null,321.0526315789474]
[null,"Iron Pass","AXXRMM4LITE",2944100,"Intel® Remote Management Module RMM4LITE - Activation key for advanced management features including remote KVM.",null,36.842105263157897]
[null,"Iron Pass","AXXRMM4",2913076,"Intel® Remote Management Module RMM4 – Activation key for advanced management features including remote KVM plus Dedicated NIC Module.",null,57.894736842105267]
[null,"Iron Pass","AXXTPME5",3163503,"Trusted Platform Module for server systems",null,57.894736842105267]
[null,"Iron Pass","AXXIOMKIT",3226876,"IO Module Cable and Brackets for use with any of the IO modules below with S2600IP4 the Intel®Server chassis P4000 and R2000.",null,63.15789473684211]
[null,"Iron Pass","AXX10GBNIAIOM",3163506,"Dual SFP+ port 10GbE IO module based on Intel® 82599 10 Gigabit Ethernet Controller\nSupports direct connect or transceiver. Cables/transceivers not included.\nIncludes three screws.\nRequires IO Module Kit AXXIOMKIT.",null,515.78947368421052]
[null,"Iron Pass","AXX10GBTWLIOM",3163505,"Dual RJ-45 port 10GBASE-T IO module, based on Intel®\nEthernet Controller X540\nIncludes three screws.\nRequires IO Module Kit AXXIOMKIT.",null,431.5789473684211]
[null,"Iron Pass","AXX1FDRIBIOM",3166306,"Single port, FDR 56GT/S speed Intel I/O Expansion\nInfiniband module, with QSFP connector, based on\nMellanox CX3 MT27504A1-FCCR-FV chip.\nIncludes three screws\n*Dual port shown on picture\nRequires IO Module Kit AXXIOMKIT.",null,631.57894736842104]
[null,"Iron Pass","AXX2FDRIBIOM",3179864,"Dual port, FDR 56GT/S (per port capable) speed\nInfiniband module, with QSFP connector, based on\nMellanox CX3 MT27508A1-FCCR-FV chip. Note,\ndue to PCIe3 x8 bandwidth limitation, both ports\ncan’t simultaneously function at full speed.\nIncludes three screws.\nRequires IO Module Kit AXXIOMKIT.",null,947.36842105263167]
[null,"Iron Pass","AXX4P1GBPWLIOM",3163507,"Quad port 1GbE IO Module based on Intel® Ethernet\nController I350\nRequires IO Module Kit AXXIOMKIT.",null,294.73684210526318]
[null,"Iron Pass","AUPLGPUBR",3179875,"Bracket for securing full length GPU cards to fan\nbulkhead, for use in P4000L/P4000L-WS, includes 1\nbracket, 4 GPGPU power cables and 7 screws for\nGPGPU fixture.",null,47.368421052631582]
[null,"Iron Pass","RMS25CB080",3163508,"SAS Module: 8 Port SAS-2.1 version, Full HW RAID,\n1GB onboard cache memory. Supports RAID levels\n0,1,5,6 and spans. Supports Battery Backup Unit. Mezzanine card form factor – does not occupy PCIe slot",null,436.84210526315792]
[null,"Iron Pass","RMS25CB040",3166373,"SAS Module: 4 Port SAS-2.1 version, Full HW RAID, 1GB onboard cache memory. Supports RAID levels 0,1,5,6 and spans. Supports Battery Backup Unit.\nMezzanine card form factor – does not occupy PCIe slot",null,326.31578947368422]
[null,"Iron Pass","RMS25KB080",3166377,"SAS Module: 8 Port SAS-2.1 version, Entry-level HW RAID/straight SAS\nPCIe form factor",null,163.15789473684211]
[null,"Iron Pass","RMS25KB040",3166376,"SAS Module: 4 Port SAS-2.1 version, Entry-level HW RAID/straight SAS\nPCIe form factor",null,126.31578947368422]
[null,"Iron Pass","RMT3CB080",3163509,"SATA Module: 8P SATA-3 version, Full HW RAID, 512MB integrated cache memory. Supports RAID levels 0,1,5,6 and spans. Supports Battery Backup\nMezzanine card form factor – does not occupy PCIe slot",null,378.94736842105266]
[null,"Iron Pass","RMS25PB080",3166379,"Intel® Integrated RAID Module RMS25PB080, PCIe Slot, LSI2208 ROC, 8P Internal SAS/SATA, LSI MegaRAID-based Firmware, 1GB DDR3, RAID 0,1,10,5,50,6,60\nRequires PCIex8 slot",null,478.94736842105266]
[null,"Iron Pass","RMS25PB040",3166378,"Intel® Integrated RAID Module RMS25PB040, PCIe Slot, LSI2208 ROC, 4P Internal SAS/SATA, LSI MegaRAID-based Firmware, 1GB DDR3, RAID 0,1,10,5,50,6,60\nRequires PCIex8 slot",null,368.42105263157896]
[null,"Iron Pass","RMS25JB080",3166375,"Mezzanine SAS IO module: 8 Port SAS-2.1 version, Entry-level HW RAID/straight SAS",null,147.36842105263159]
[null,"Iron Pass","RMS25JB040",3166374,"Mezzanine SAS IO module: 4 Port SAS-2.1 version, Entry-level HW RAID/straight SAS",null,110.52631578947368]
[null,"Iron Pass","RMT3PB080",3166380,"Intel® Integrated RAID Module RMT3PB080, PCIe Slot, LSI2208 ROC, 8P Internal SATA (only), LSI MegaRAID-based Firmware, 512MB DDR3, Restricted to use only SATA drives, R0,1,10,5,50,6,60\nRequires PCIex8 slot",null,410.5263157894737]
[null,"Iron Pass","AXXRMFBU2",3163504,"Intel® RAID Maintenance Free Backup Unit",null,194.73684210526318]
[null,"Iron Pass","AXXRSBBU9",3176599,"Intel® RAID Smart Battery AXXRSBBU9 provides optional battery backup for mainstream RS25, RMS25, RT3 and RMT3 family RAID products",null,147.36842105263159]
[null,"Iron Pass","SVCEWDPSY",2952538,"Two year extended warranty for Intel® Server Systems or Intel® Server Knock Down Kits + Intel® Server Boards that support two processors. Intel® RAID controller extended warranty is purchased separately.",null,324.21052631578948]
[null,"Iron Pass","SVCEWDPBD",2952537,"Two year extended warranty for Intel® Server Boards that support two processors.",null,125.26315789473685]
[]
[null,null,null,null,null,null,null,"Product Brief","Config Guide","TPS 1","TPS 2"]
[null,"Crown Pass",null,null,null,null,null,null,"Link"]
[null,"Code Name","Part #","SKU #","Description",null,"Price"]
[null,"Crown Pass","P4304CR2LFKN",3453540,"Integrated Intel® Workstation System\nW2600CR2 board in Intel “Union Peak L-WS” 4U pedestal chassis\n■ Supports up to 4x3.5'' Fixed HDD\n■ Power distribution board\n■ Two CPU heatsinks (AUPSRCBTA)\n■ Four 3.5\" drive carriers\n■ Control panel\n■ Front Bezel\n■ Fixed System fan included\n■ Processor/memory air duct\n■ One 1600W PSU, Platinum level efficiency",null,1315.7894736842106]
[]
[]
[]
[]
[]
[]
[null,"Crown Pass","FXX750PCRPS",3176473,"750W Cold Redundant Power Supply spare 80Plus Platinum efficiency for P4000, R1000, and R2000 server chassis",null,205.26315789473685]
[null,"Crown Pass","FXX1200PCRPS",3166342,"1200W Cold Redundant Power Supply spare 80Plus Platinum efficiency for P4000, and R2000 server chassis",null,263.15789473684214]
[null,"Crown Pass","FXX1600PCRPS",3629450,"1600W Cold Redundant Power Supply spare 80Plus Platinum efficiency for P4000, and R2000 server chassis",null,315.78947368421052]
[null,"Crown Pass","FUPCRPSCAGE",3166334,"Common Pedestal CRPS PSU cage assembly (cage, adaptor bracket, screws, supporting bulkhead, 1x blank filler)",null,42.10526315789474]
[null,"Crown Pass","FUPPDBHC",3166340,"Power Distribution Board Spare (High Current) for P4000 server chassis. Recommend to use with FXX750PCRPS, FXX1200PCRPS, or FXX1600PCRPS power supplies.",null,115.78947368421053]
[null,"Crown Pass","AUPSRCBTA",3166385,"The production Intel® heat sink set, SRC-B tower active, 98mmx100mm, required for production Intel® S2600CR workstation board to be used in production Intel® 4U workstation chassis W4000 series",null,38.94736842105263]
[null,"Crown Pass","FUPNHFANCPU",3166339,"Fixed Fan Spare Kit for P4000 24/27\" for CPU area for UPM , or either CPU or PCI area fan in UPL\nIncludes; (1) 120mm fixed fan",null,42.10526315789474]
[null,"Crown Pass","FIPCRUPMAD",3179873,"Air duct spare for S2600IP and S2600CR in P4000 (27\") server chassis",null,31.578947368421055]
[null,"Crown Pass","AXXVRAIL",2944099,"Value Rail Kit\nWorks for 438mm wide Intel 1U/2U Rack Chassis (R1300, R1200, R2200, R2300, P4000 System Families)\nIncludes; two rails",null,36.842105263157897]
[null,"Crown Pass","AXX3U5UPRAIL",3166309,"Advanced rail kit for P4000 Server Chassis used when converting Pedestal chassis to 4U rack chassis, and full extension rails are needed.\nIncludes; two rails",null,84.21052631578948]
[null,"Crown Pass","AXX3U5UCMA",3166308,"Rack Cable Management AXX3U5UCMA (For Use with Advanced Rail Kit AXX3U5UPRAIL for Intel® Server Chassis P4000 Family)",null,31.578947368421055]
[null,"Crown Pass","FUPBEZELFIX",2944077,"Bezel spare for P4000 server chassis with fixed drives (no door)",null,26.315789473684212]
[null,"Crown Pass","AUPBEZEL4UF",3166305,"Rack bezel kit for converting P4000 pedestal server chassis to rack chassis\nIncludes: bezel frame, and 2 rack handles",null,73.684210526315795]
[null,"Crown Pass","AUPBEZEL4UD",3166304,"Rack bezel accessory for P4000 chassis in rack configuration - security door only",null,36.842105263157897]
[null,"Crown Pass","AUPLWSFIO",null,"Front IO Panel for use with Intel Workstation. It includes Audio, eSATA, 1394B ports and a slot for a 3.5” device such as an USB reader.",null,78.94736842105263]
[null,"Crown Pass","AW2600CR2IOS",null,"Spare IO Shield for W2600CR2 board.",null,25.263157894736842]
[null,"Crown Pass","FXXFPANEL",3179874,"Front Panel board spare for P4000, R1000, R2000 server chassis",null,10.526315789473685]
[null,"Crown Pass","A4ULCP",null,"LCP Module (local control panel)\nEnables system to display critical errors from SEL for instant diagnostic. Also allows custom message for branding.\nAvailable in Q2 2012",null,63.15789473684211]
[null,"Crown Pass","FUPLMSK",3166335,"Chassis Maintenance kit for P4000 27\" server chassis (Mechanical Spares Kit)\nIncludes EMI cover, PCI card retainer {4x 3.5\" EMI cover, 8x 3.5\" EMI cover, ODD rail x4, #6-32 screw x20, M3x12 USB cable screw x2, M2x10",null,52.631578947368425]
[null,"Crown Pass","FUPLESK",3179882,"Chassis Maintenance kit for P4000 27\"\nIncludes power cable extension, 1x4 -> 2x2 power adaptor cable accessory (for 2.5\" HDD connector)",null,100]
[null,"Crown Pass","FPWRCABLENA",1147081,"North American Power Cord Spare",null,3.1578947368421053]
[null,"Crown Pass","FUP4X35NHDK",3179881,"Fixed Drive Carrier spare for P4300 server chassis\n(compatible with 2.5” HDDs/SSDs)",null,5.2631578947368425]
[null,"Crown Pass","RKSATA4R5",3166371,"Patsburg-A SATA SW LSI RAID 5 Key, Black",null,63.15789473684211]
[null,"Crown Pass","RKSATA8",3166372,"8port SATA Key, Blue",null,26.315789473684212]
[null,"Crown Pass","RKSATA8R5",3163510,"8port SATA with LSI SW RAID 5 Key, White",null,78.94736842105263]
[null,"Crown Pass","RKSAS4",3166368,"4port SAS Key, Green",null,36.842105263157897]
[null,"Crown Pass","RKSAS4R5",3166369,"4port SAS with LSI SW RAID 5 Key, Yellow",null,100]
[null,"Crown Pass","RKSAS8",3166370,"8port SAS Key, Orange",null,52.631578947368425]
[null,"Crown Pass","RKSAS8R5",3163511,"8port SAS with LSI SW RAID 5 Key, Purple",null,115.78947368421053]
[null,"Crown Pass","AXXRSBBU9",3176599,"Lithium Polymer RAID module battery backup unit.",null,147.36842105263159]
[null,"Crown Pass","AXXRMM4LITE",2944100,"Intel® Remote Management Module RMM4LITE - Activation key for advanced management features including remote KVM.",null,36.842105263157897]
[null,"Crown Pass","AXXRMM4",2913076,"Intel® Remote Management Module RMM4 – Activation key for advanced management features including remote KVM plus Dedicated NIC Module.",null,57.894736842105267]
[null,"Crown Pass","AXXTPME5",3163503,"Trusted Platform Module for server systems",null,57.894736842105267]
[null,"Crown Pass","AXXIOMKIT",3226876,"IO Module Cable and Brackets for use with any of the IO modules below",null,63.15789473684211]
[null,"Crown Pass","AXX10GBNIAIOM",3163506,"Dual SFP+ port 10GbE IO module based on Intel® 82599 10 Gigabit Ethernet Controller\nSupports direct connect or transceiver. Cables/transceivers not included.\nRequires IO Module Kit AXXIOMKIT.",null,515.78947368421052]
[null,"Crown Pass","AXX10GBTWLIOM",3163505,"Dual RJ-45 port 10GBASE-T IO module, based on Intel® Ethernet Controller X540\nRequires IO Module Kit AXXIOMKIT.",null,431.5789473684211]
[null,"Crown Pass","AXX1FDRIBIOM",3166306,"Single port, FDR speed Infiniband module, with QSFP connector, based on Mellanox CX3 chip.\nRequires IO Module Kit AXXIOMKIT.",null,631.57894736842104]
[null,"Crown Pass","AXX4P1GBPWLIOM",3163507,"Quad port 1GbE IO Module based on Intel® Ethernet Controller I350\nRequires IO Module Kit AXXIOMKIT.",null,294.73684210526318]
[null,"Crown Pass","AUPLGPUBR",3179875,"Bracket for securing full length GPU cards to fan bulkhead, for use in P4000L/P4000L-WS, includes 1 bracket, 4 GPGPU power cables and 7 screws for GPGPU fixture.",null,47.368421052631582]
[null,"Crown Pass","RMS25CB080",3163508,"SAS Module: 8 Port SAS-2.1 version, Full HW RAID, 1GB onboard cash memory. Supports RAID levels 0,1,5,6 and spans. Supports Battery Backup Unit. Mezzanine card form factor – does not occupy PCIe slot",null,436.84210526315792]
[null,"Crown Pass","RMS25CB040",3166373,"SAS Module: 4 Port SAS-2.1 version, Full HW RAID, 1GB onboard cash memory. Supports RAID levels 0,1,5,6 and spans. Supports Battery Backup Unit.\nMezzanine card form factor – does not occupy PCIe slot",null,326.31578947368422]
[null,"Crown Pass","RMS25KB080",3166377,"Intel® Integrated RAID Module RMS25KB080, PCIe Slot, LSI2308 I/O Controller, 8P Internal SAS, LSI IR-based RAID 0,1,1E\nRequires PCIex8 slot",null,163.15789473684211]
[null,"Crown Pass","RMS25KB040",3166376,"Intel® Integrated RAID Module RMS25KB040, PCIe Slot, LSI2308 I/O Controller, 4P SAS, LSI IR-based RAID 0,1,1E\nRequires PCIex8 slot",null,126.31578947368422]
[null,"Crown Pass","RMT3CB080",3163509,"SATA Module: 8P SATA-3 version, Full HW RAID, 512MB integrated cash memory. Supports RAID levels 0,1,5,6 and spans. Supports Battery Backup\nMezzanine card form factor – does not occupy PCIe slot",null,378.94736842105266]
[null,"Crown Pass","RMS25PB080",3166379,"Intel® Integrated RAID Module RMS25PB080, PCIe Slot, LSI2208 ROC, 8P Internal SAS/SATA, LSI MegaRAID-based Firmware, 1GB DDR3, RAID 0,1,10,5,50,6,60\nRequires PCIex8 slot",null,478.94736842105266]
[null,"Crown Pass","RMS25PB040",3166378,"Intel® Integrated RAID Module RMS25PB040, PCIe Slot, LSI2208 ROC, 4P Internal SAS/SATA, LSI MegaRAID-based Firmware, 1GB DDR3, RAID 0,1,10,5,50,6,60\nRequires PCIex8 slot",null,368.42105263157896]
[null,"Crown Pass","RMS25JB080",3166375,"Mezzanine SAS IO module: 8 Port SAS-2.1 version, Entry-level HW RAID/straight SAS",null,147.36842105263159]
[null,"Crown Pass","RMS25JB040",3166374,"Mezzanine SAS IO module: 4 Port SAS-2.1 version, Entry-level HW RAID/straight SAS",null,110.52631578947368]
[null,"Crown Pass","RMT3PB080",3166380,"Intel® Integrated RAID Module RMT3PB080, PCIe Slot, LSI2208 ROC, 8P Internal SATA (only), LSI MegaRAID-based Firmware, 512MB DDR3, Restricted to use only SATA drives, R0,1,10,5,50,6,60\nRequires PCIex8 slot",null,410.5263157894737]
[null,"Crown Pass","AXXRMFBU2",3163504,"Intel® RAID Maintenance Free Backup Unit",null,194.73684210526318]
[null,"Crown Pass","AXXRSBBU9",3176599,"Intel® RAID Smart Battery AXXRSBBU9 provides optional battery backup for mainstream RS25 family RAID products.",null,147.36842105263159]
[null,"Crown Pass","SVCEWDPSY",2952538,"Two year extended warranty for Intel® Server Systems or Intel® Server Knock Down Kits + Intel® Server Boards that support two processors. Intel® RAID controller extended warranty is purchased separately.",null,324.21052631578948]
[null,"Crown Pass","SVCEWDPBD",2952537,"Two year extended warranty for Intel® Server Boards that support two processors.",null,125.26315789473685]
[]
[null,null,null,null,null,null,null,"Product Brief","Config Guide","TPS 1","TPS 2"]
[null,"Canoe Pass",null,null,null,null,null,null,"Link","Link"]
[null,"Code Name","Part #","SKU #","Description",null,"Price"]
[null,"Canoe Pass","P4308CP4MHEN",3179884,"Integrated Intel® Server System P4308CP4MHEN\nS2600CP4 board in an Intel P4000 pedestal chassis, rackable*\n■ Standard control panel (FXXFPANEL)\n■ 8x3.5” Hot-swap backplane\n■ 8x3.5” HDD carriers\n■ Two CPU heat sinks (AUPSRCBTP)\n■ Non-Redundant system fans\n■ Single 550W PSU, Silver level efficiency (FUP550SNRPS)\n■ Intel® RAID C600 Upgrade Key (RKSATA8)\n■ Processor/Memory airduct (FCPUPMAD)\n■ No Power Distribution Board needed.\n■ Bezel supporting Hot Swap drives (FUPBEZELHSD)\n■ IO shield (AXX4IOS)\n■ 480mm 7-pin SATA (board) to MiniSAS (backplane) cable\n■ 630mm 24-pin power extension cable\n■ Quick User Guide\n*Rails are not included",null,1015.7894736842105]
[]
[]
[]
[]
[]
[]
[null,"Canoe Pass","P4308CP4MHGC",3179885,"Integrated Intel® Server System P4308CP4MHGC\nboard in an Intel P4000 pedestal chassis, rackable*\n■ Standard control panel (FXXFPANEL)\n■ 8x3.5” Hot-swap backplane\n■ 8x3.5” HDD carriers\n■ Two CPU heat sinks (AUPSRCBTP)\n■ Redundant system fans\n■ Two 750W CRPS PSU, Platinum level efficiency (FXX750PCRPS)\n■ Intel® RAID C600 Upgrade Key (RKSATA8)\n■ Processor/Memory airduct (FCPUPMAD)\n■ Power Distribution Board (High Current)\n■ Bezel supporting Hot Swap drives\n■ IO shield (AXX4IOS)\n■ 480mm 7-pin SATA (board) to MiniSAS (backplane) cable\n■ 630mm 24-pin power extension cable\n■ Quick User Guide\n*Rails are not included",null,1305.2631578947369]
[]
[]
[]
[]
[]
[]
[null,"Canoe Pass","FXX460GCRPS",3166344,"460W Common Redundant Power Supply (CRPS) 80Plus\nGold efficiency power supply accessory.",null,163.15789473684211]
[null,"Canoe Pass","FUP550SNRPS",3166329,"550W Fixed 80Plus Silver efficiency power supply spare.",null,173.68421052631581]
[null,"Canoe Pass","FXX750PCRPS",3176473,"750W Common Redundant Power Supply (CRPS) spare\n80Plus Platinum efficiency",null,205.26315789473685]
[null,"Canoe Pass","FXX1200PCRPS",3166342,"1200W Common Redundant Power Supply spare 80Plus\nPlatinum efficiency.",null,263.15789473684214]
[null,"Canoe Pass","FUPNRPSADP",2944095,"P4000 Non-Redundant Power Supply adaptor kit\nIncludes; bracket, screws, locker",null,26.315789473684212]
[null,"Canoe Pass","FUPCRPSCAGE",3166334,"Common Pedestal CRPS PSU cage assembly (cage,\nadaptor bracket, screws, supporting bulkhead, 1x blank\nfiller)",null,42.10526315789474]
[null,"Canoe Pass","FUPPDBLC",3166341,"Power Distribution Board Spare (Low Current) for P4000\nserver chassis. Recommend to use with\nFXX460GCRPS or FXX750PCRPS power supplies.",null,110.52631578947368]
[null,"Canoe Pass","FUPPDBHC",3166340,"Power Distribution Board Spare (High Current) for P4000\nserver chassis. Recommend to use with\nFXX750PCRPS, FXX1200PCRPS, or\nFXX1600PCRPS power supplies.",null,115.78947368421053]
[null,"Canoe Pass","AUPSRCBTP",3179883,"Spare/Accessory SRC-B tower passive heat sinks,\n98mmx100mm. 2 are required with Intel® Server Board\nS2600CP in P4000 chassis if two processors are installed.",null,29.473684210526319]
[null,"Canoe Pass","BXSTS200P",3193461,"Intel Boxed Thermal Solutions, passive 25.5mm heat sink\nsupports E5-2600 processors. For use with non-Intel\nchassis.",null,26.315789473684212]
[null,"Canoe Pass","BXSTS200C",3193456,"Intel Boxed Thermal Solutions, heat sink combo with\nremovable fan supports E5-2600 processors. For use with\nnon-Intel chassis.",null,30.526315789473685]
[null,"Canoe Pass","FUPMLHSFAN",3179876,"80mm system fan kit for P4000M/P4000L server\nchassis includes fan, fan holder, for use in redundant\ncooling configuration",null,47.368421052631582]
[null,"Canoe Pass","FUPNHFANCPU",3166339,"Fixed Fan Spare Kit for P4000M (24”) for CPU area fan.\nIncludes: (1) 120mm fixed fan",null,42.10526315789474]
[null,"Canoe Pass","FUPMNHFANPCI",3166338,"Fixed Fan spare kit for P4000M (24”) for PCI area fan.\nIncludes: (1) 120mm fixed fan",null,42.10526315789474]
[null,"Canoe Pass","FCPUPMAD",3179880,"Air duct and unique cable kit for Intel® Server Board\nS2600CP to be used Intel® Server Chassis P4000M\nIncludes:\nSATA Cable\nMiniSAS to SATA Cable\nSGPIO Cable\n24pin Power Extend Cable\nNote: Common cables are remained in P4000M\nchassis package",null,52.631578947368425]
[null,"Canoe Pass","AXXELVRAIL",3179860,"Value Rail Kit, half extension, extended inner slide\nmember\nWorks for 438mm wide Intel 2U/4U Rack Chassis and\nSystem families (H2000, R2000LH/R2000LT Swan\nPeak 2U, P4000M/P4000L/P4000L-WS)",null,42.10526315789474]
[null,"Canoe Pass","AXX3U5UPRAIL",3166309,"Advanced rail kit for P4000 Server Chassis used when\nconverting Pedestal chassis to 4U rack chassis, and full\nextension rails are needed.\nIncludes: (2) rails",null,84.21052631578948]
[null,"Canoe Pass","AXX3U5UCMA",3166308,"Rack Cable Management for use with Advanced Rail Kit\nAXX3U5UPRAIL for Intel® Server Chassis P4000 Family.",null,31.578947368421055]
[null,"Canoe Pass","FUPBEZELFIX",2944077,"Bezel spare for P4000 server chassis with fixed drives (no\ndoor)",null,26.315789473684212]
[null,"Canoe Pass","FUPBEZELHSD",2944094,"Bezel spare for P4000 server chassis with Hot Swap HDDs\n(w/door for HS bays)\nFits P4304, P4308, P4208, and P4216 with HS drive bays\ninstalled.",null,26.315789473684212]
[null,"Canoe Pass","AUPBEZEL4UF",3166305,"Rack bezel kit for converting P4000 pedestal server chassis\nto rack chassis\nIncludes: (1) bezel frame; (2) rack handles",null,73.684210526315795]
[null,"Canoe Pass","AUPBEZEL4UD",3166304,"Rack bezel accessory for P4000 chassis in rack\nconfiguration - security door only",null,36.842105263157897]
[null,"Canoe Pass","FXXFPANEL",3179874,"Front Panel board spare for P4000 server chassis",null,10.526315789473685]
[null,"Canoe Pass","A4ULCP",null,"LCP Module (local control panel)\nEnables system to display critical errors from SEL for\ninstant diagnostic. Also allows custom message for\nbranding.",null,63.15789473684211]
[null,"Canoe Pass","AXX2IOS",3166307,"I/O Shield spare/accessory for Intel® Server Board\nS2600CP2",null,4.2105263157894735]
[null,"Canoe Pass","AXX4IOS",3166310,"I/O Shield spare/accessory for Intel® Server Board\nS2600CP4",null,4.2105263157894735]
[null,"Canoe Pass","AUPMGPUBR",3179861,"Bracket for securing full length GPU cards to fan\nbulkhead, for use in P4000M, includes 1 bracket, 2\nGPGPU power cables, and 5 screws for GPGPU\nfixture.",null,31.578947368421055]
[null,"Canoe Pass","FUPMMSK",3166337,"Chassis Maintenance kit for UPM – (Mechanical Spares Kit)\nIncluding EMI cover, ODD rail, PCI card retainer {4x 3.5\"\nEMI cover, 8x 3.5\" EMI cover, ODD rail x4, #6-32 screw x20,\nM3x12 USB cable screw x2, M2x10 Intrusion cable",null,52.631578947368425]
[null,"Canoe Pass","FUPMESK",3166336,"Chassis Maintenance kit for UPM – (Electric Spares Kit)\nIncluding power cable extension, 1x4 -> 2x2 power adaptor\ncable accessory (for 2.5\" HDD connector)",null,100]
[null,"Canoe Pass","FPWRCABLENA",1147081,"North American Power Cord Spare",null,3.1578947368421053]
[null,"Canoe Pass","FUP8X35HSBP",3166332,"Spare 8x3.5\" Hot Swap Backplane for use with P4000\nserver chassis\nIncludes: (1) 8x3.5” backplane board",null,136.84210526315789]
[null,"Canoe Pass","FXX8X25HSBP",3179867,"8x2.5\" hot swap HSBP spare (for R2200, and P4200\nChassis families)",null,131.57894736842107]
[null,"Canoe Pass","FXX8X25DPBP",3565599,"Spare 8x2.5\" Dual Port Hot Swap Backplane for use\nwith P4200 chassis.",null,142.10526315789474]
[null,"Canoe Pass","FUP4X35HSDK",3229257,"3.5\" Hot Swap Drive Kit for P4000 server chassis\nIncludes: Drive Cage, Hot Swap Back Plane, 4 Hot\nSwap Drive carriers, data cables, I2C cable, and ID filler",null,105.26315789473685]
[null,"Canoe Pass","FUP8X35HSDK",3166333,"8x3.5\" Hot Swap Drive Cage Kit for P4000 server\nchassis\nIncludes: Drive Cage, Hot Swap Back Plane, 8 Hot\nSwap Drive Carriers, data cables, I2C cable, and ID filler\npanel",null,184.21052631578948]
[null,"Canoe Pass","FUP8X25HSDKS",3166331,"8x2.5 Hot Swap Drive Cage Kit for P4000 server\nchassis\nIncludes: Drive cage, Hot Swap Back Plane, 8 Hot Swap\nDrive carriers, data cables, I2C cable, ID filler panels,\nand power adaptor cable accessory",null,194.73684210526318]
[null,"Canoe Pass","FXX35HSADPB",3174236,"3.5” HDD Hot Swap Drive",null,7.8947368421052637]
[null,"Canoe Pass","FXX25HSCAR",3176593,"2.5” HDD Hot Swap Drive Carrier spares for P4200\nchassis families",null,6.5789473684210531]
[null,"Canoe Pass","FUP4X35NHDK",3179881,"Fixed Drive Carrier spare for P4300 server chassis\n(compatible with 2.5” HDDs/SSDs)",null,5.2631578947368425]
[null,"Canoe Pass","RKSATA4R5",3166371,"4port SATA SW LSI RAID 5 Key, Black",null,63.15789473684211]
[null,"Canoe Pass","RKSATA8",3166372,"8port SATA Key, Blue",null,26.315789473684212]
[null,"Canoe Pass","RKSATA8R5",3163510,"8port SATA with LSI SW RAID 5 Key, White",null,78.94736842105263]
[null,"Canoe Pass","RKSAS4",3166368,"4port SAS Key, Green",null,36.842105263157897]
[null,"Canoe Pass","RKSAS4R5",3166369,"4port SAS with LSI SW RAID 5 Key, Yellow",null,100]
[null,"Canoe Pass","RKSAS8",3166370,"8port SAS Key, Orange",null,52.631578947368425]
[null,"Canoe Pass","RKSAS8R5",3163511,"8port SAS with LSI SW RAID 5 Key, Purple",null,115.78947368421053]
[null,"Canoe Pass","RES2CV240",3163501,"Integrated 24-port 6G SAS expander, compatible with\nR2200 family and P4000M/P4000L of chassis (only\nsupported in 2.5” drive 2U or 4U chassis)\nIncludes 3 screws and bumpers, 4 cables and power cable",null,257.89473684210526]
[null,"Canoe Pass","RES2CV360",3163500,"Integrated 36-port 6G SAS expander, compatible with\nR2200 family and P4000M/P4000L family of chassis (only\nsupported in 2.5” drive 2U or 4U chassis)\nIncludes 3 screws and bumpers, 6 Mini-SAS cables and\npower cable.",null,321.0526315789474]
[null,"Canoe Pass","AXXRMM4LITE",2944100,"Intel® Remote Management Module RMM4LITE -\nActivation key for advanced management features\nincluding remote KVM.",null,36.842105263157897]
[null,"Canoe Pass","AXXRMM4",2913076,"Intel® Remote Management Module RMM4 –\nActivation key for advanced management features\nincluding remote KVM plus Dedicated NIC Module.",null,57.894736842105267]
[null,"Canoe Pass","AXXTPME5",3163503,"Trusted Platform Module for server systems",null,57.894736842105267]
[null,"Canoe Pass","RMS25KB080",3166377,"Intel® Integrated RAID Module RMS25KB080, PCIe\nSlot, LSI2308 I/O Controller, 8P Internal SAS, LSI IRbased\nRAID 0,1,1E\nRequires PCIex8 slot\nIf using hot-swap disk drives, 2 mini-SAS to mini-SAS\ncables are required. See product code\nAXXCBL650MSMS.\nIf using fixed disk drives, 2 SAS cables are required.\nSee Product code AXXCBL850MS7R.",null,163.15789473684211]
[null,"Canoe Pass","RMS25KB040",3166376,"Intel® Integrated RAID Module RMS25KB040, PCIe\nSlot, LSI2308 I/O Controller, 4P SAS, LSI IR-based\nRAID 0,1,1E\nRequires PCIex8 slot\nIf using hot-swap disk drives, 2 mini-SAS to mini-SAS\ncables are required. See product code\nAXXCBL650MSMS.\nIf using fixed disk drives, 2 SAS cables are required.\nSee Product code AXXCBL850MS7R.",null,126.31578947368422]
[null,"Canoe Pass","RMS25PB080",3166379,"Intel® Integrated RAID Module RMS25PB080, PCIe\nSlot, LSI2208 ROC, 8P Internal SAS/SATA, LSI\nMegaRAID-based Firmware, 1GB DDR3, RAID\n0,1,10,5,50,6,60\nRequires PCIex8 slot\nIf using hot-swap disk drives, 2 mini-SAS to mini-SAS\ncables are required. See product code\nAXXCBL650MSMS.\nIf using fixed disk drives, 2 SAS cables are required.\nSee Product code AXXCBL850MS7R.",null,478.94736842105266]
[null,"Canoe Pass","RMS25PB040",3166378,"Intel® Integrated RAID Module RMS25PB040, PCIe\nSlot, LSI2208 ROC, 4P Internal SAS/SATA, LSI\nMegaRAID-based Firmware, 1GB DDR3, RAID\n0,1,10,5,50,6,60\nRequires PCIex8 slot\nIf using hot-swap disk drives, 2 mini-SAS to mini-SAS\ncables are required. See product code\nAXXCBL650MSMS.\nIf using fixed disk drives, 2 SAS cables are required.\nSee Product code AXXCBL850MS7R.",null,368.42105263157896]
[null,"Canoe Pass","RMT3PB080",3166380,"Intel® Integrated RAID Module RMT3PB080, PCIe\nSlot, LSI2208 ROC, 8P Internal SATA (only), LSI\nMegaRAID-based Firmware, 512MB DDR3, Restricted\nto use only SATA drives, R0,1,10,5,50,6,60\nRequires PCIex8 slot\nIf using hot-swap disk drives, 2 mini-SAS to mini-SAS\ncables are required. See product code\nAXXCBL650MSMS.\nIf using fixed disk drives, 2 SAS cables are required.\nSee Product code AXXCBL850MS7R.",null,410.5263157894737]
[null,"Canoe Pass","AXXRMFBU2",3163504,"Intel® RAID Maintenance Free Backup Unit",null,194.73684210526318]
[null,"Canoe Pass","AXXRSBBU9",3176599,"Intel® RAID Smart Battery AXXRSBBU9 provides\noptional battery backup for mainstream RS25, RMS25,\nRT3 and RMT3 family RAID products.",null,147.36842105263159]
[null,"Canoe Pass","AXXCBL650MSMS",3344724,"cables, 650mm length, straight SFF-8087 to\nSFF-8087 connectors.\nCable to be ordered for use with the S2600CP board, the\nP4000M chassis, hot-swap disk drives, and any of the Intel®\nIntegrated RAID Modules listed above. 2 cables required.",null,21.05263157894737]
[null,"Canoe Pass","AXXCBL850MS7R",3358092,"Mini SAS to 7-Pin cable (850MM)\nKit of 2 cables, 850mm length, straight SFF-8087 to\nright angle 7-pin SATA connectors.\nCable to be ordered for use with the S2600CP board, the\nP4000M chassis, fixed disk drives, and any of the Intel®\nIntegrated RAID Modules listed above. 2 cables required",null,21.05263157894737]
[null,"Canoe Pass","SVCEWDPSY",2952538,"Two year extended warranty for Intel® Server Systems or\nIntel® Server Knock Down Kits + Intel® Server Boards that\nsupport two processors. Intel® RAID controller extended\nwarranty is purchased separately.",null,324.21052631578948]
[null,"Canoe Pass","SVCEWDPBD",2952537,"Two year extended warranty for Intel® Server Boards that\nsupport two processors.",null,125.26315789473685]
[]
[null,null,null,null,null,null,null,"Product Brief","Config Guide","TPS 1","TPS 2"]
[null,"Jackson Pass",null,null,null,null,null,"Link","Link","Link"]
[null,"Code Name","Part #","SKU #","Description",null,"Price"]
[null,"Jackson Pass","R1304JP4GS",3462840,"Production Intel Server System R1304JP4GS \n■ Intel Server Board S1600JP4 in 1U chassis (R1000JP4) \n■ Max CPU TDP supported - 135W with optional FXXCA84X106HS accessory and configuration limitations; refer to Technical Product Specification \n■ Standard control panel (board FXXFPANEL) \n■ Front 1x VGA and 2x USB in dedicated tray \n■  ODD bay for CD/DVD drive support \n ■ 4x3.5\" (and 2.5\" SSDs) HS HDD support (carriers FXX35HSADPB included, backplane FXX1304HSBP) \n■ Two risers: 1x16 PCIe FHFL slot (F1UJPMICRISER) for double width add-in card, 1x16 PCIe Low-profile slot (F1UJP1X16RISER) \n■ 5x 4056 dual rotor fans (F1UJPFAN) 1U passive heatsinks (FXXEA84X106HS) \n■ Two air ducts: one for CPU and memory, one for double width add-in card \n■ 750W PSU Power distribution board (F1UJP750WPDB) \n■ Single 750W AC PSU (FXX750PCRPS) \n■ Pre-routed cables (including MIC power cable) \n■ Basic rack rail (AXXELVRAIL) \n \nThere are no additional required components to make this \nsystem functional - just add processors, memory, and HDDs. \n\nNote: Slot 2 Riser is not included. Choose between \nA1UJPRMM4IOM and A1UJP6GKIT for supporting IOMs or \nSAS Module",null,1018.9473684210527]
[]
[]
[]
[]
[]
[]
[null,"Jackson Pass","R1208JP4GS",null,"Production Intel Server System R1208JP4GS \n■ Intel Server Board S1600JP4 in 1U chassis (R1000JP4) \n■ Max CPU TDP supported - 135W with optional FXXCA84X106HS accessory and configuration limitations; refer to Technical Product Specification \n■ Standard control panel (board FXXFPANEL) Front 1x VGA and 2x USB in dedicated tray \n■ ODD bay for CD/DVD drive support \n■ 8x2.5\" HS HDD support (carriers FXX25HSCAR included, backplane F1U8X25HSBP) \n■ Two risers: 1x16 PCIe FHFL slot (F1UJPMICRISER) for double width add-in card, 1x16 PCIe Low-profile slot (F1UJP1X16RISER) \n■ 5x 4056 dual rotor fans (F1UJPFAN) \n■ 1U passive heatsinks (FXXEA84X106HS) \n■ Two air ducts: one for CPU and memory, one for GPGPU/MIC \n■ 750W PSU Power distribution board (F1UJP750WPDB) \n■ Single 750W AC PSU (FXX750PCRPS) \n■ Pre-routed cables (including MIC power cable) \n■ Basic rack rail (AXXELVRAIL) \n \nThere are no additional required components to make this system functional - just add processors, memory, and HDDs. \n\nNote: Slot 2 Riser is not included. Choose between A1UJPRMM4IOM and A1UJP6GKIT for supporting IOMs or SAS Module\n\n",null,1103.1578947368421]
[]
[]
[]
[]
[]
[]
[null,"Jackson Pass","R1304JP4OC",3530029,"Production Intel Server System R1304JP4OC \n■ Intel Server Board S1600JP4 in 1U chassis (R1000JP4) \n■ Max CPU TDP supported - 135W with FXXCA84X106HS and configuration limitations; refer to  Technical Product Specification \n■ Standard control panel (board FXXFPANEL) \n■ Front 1x VGA and 2x USB in dedicated tray \n■ ODD bay for CD/DVD drive support \n■ 4x3.5\" (and 2.5\" SSDs) HS HDD support (carriers FXX35HSADPB included, backplane FXX1304HSBP) \n■ Two risers: 2x8 PCIe FHFL slot (F1UJP2X8RISER), 1x16 PCIe Low-profile slot (F1UJP1X16RISER) \n■ 4x 4056 dual rotor fans (F1UJPFAN) \n■ 1U passive heatsinks (FXXEA84X106HS) \n■One air duct for CPU and memory \n■ 450W AC PSU Power distribution board (F1U450WPDB) \n■ Two 450W AC PSU (F1U450WPSU) \n■ Pre-routed cables \n■ Basic rack rail (AXXELVRAIL) \n\nThere are no additional required components to make this system functional - just add processors, memory, and HDDs. \n\nNote: Slot 2 Riser is not included. Choose between A1UJPRMM4IOM and A1UJP6GKIT for supporting IOMs or SAS Module. ® \n",null,1105.2631578947369]
[]
[]
[]
[]
[]
[]
[]
[null,"Jackson Pass","R1208JP4OC ",3489433,"Production Intel Server System R1208JP4OC \n■ Intel Server Board S1600JP4 in 1U chassis (R1000JP4) \n■ Max CPU TDP supported - 135W with FXXCA84X106HS and configuration limitations; refer to Technical Product Specification \n■ Standard control panel (board FXXFPANEL) \n■ Front 1x VGA and 2x USB in dedicated tray \n■ ODD bay for CD/DVD drive support \n■ 8x2.5\" HS HDD support (carriers FXX25HSCAR included, backplane F1U8X25HSBP) \n■ Two risers: 2x8 PCIe FHFL slot (F1UJP2X8RISER), 1x16 PCIe Low-profile slot (F1UJP1X16RISER) \n■ 4x 4056 dual rotor fans (F1UJPFAN) \n■ 1U passive heatsinks (FXXEA84X106HS) \n■ One air duct for CPU and memory \n■ 450W AC PSU Power distribution board (F1U450WPDB) \n■ Two 450W AC PSU (F1U450WPSU) \n■ Pre-routed cables \n■ Basic rack rail (AXXELVRAIL) \n\nThere are no additional required components to make this system functional - just add processors, memory, and HDDs. \n\nNote: Slot 2 Riser is not included. Choose between A1UJPRMM4IOM and A1UJP6GKIT for supporting IOMs or SAS Module.",null,1189.4736842105265]
[]
[]
[]
[]
[]
[]
[]
[null,"Jackson Pass","R1304JP4TC ",null,"Production Intel Server System R1304JP4TC \n■ Intel Server Board S1600JP4 in 1U chassis (R1000JP4) \n■ Max CPU TDP supported - 135W with FXXCA84X106HS and configuration limitations; refer to Technical Product Specification \n■ Standard control panel (board FXXFPANEL) \n■ Front 1x VGA and 2x USB in dedicated tray \n■ ODD bay for CD/DVD drive support \n■ 4x3.5\" (and 2.5\" SSDs) HS HDD support (carriers \n■ FXX35HSADPB included, backplane FXX1304HSBP) \n■ Two risers: 2x8 PCIe FHFL slot (F1UJP2X8RISER), 1x16 PCIe Low-profile slot (F1UJP1X16RISER) \n■ 4x 4056 dual rotor fans (F1UJPFAN) \n■ 1U passive heatsinks (FXXEA84X106HS) \n■ One air duct for CPU and memory \n■ 450W DC PSU Power distribution board (FXX450WDCPDB) \n■ Two 450W DC PSU (F1U450WDCPS) \n■ Pre-routed cables \n■ Basic rack rail (AXXELVRAIL) \n \nThere are no additional required components to make this system functional - just add processors, memory, and HDDs. \n\nNote: Slot 2 Riser is not included. Choose between A1UJPRMM4IOM and A1UJP6GKIT for supporting IOMs or SAS Module.\n",null,1289.4736842105265]
[]
[]
[]
[]
[]
[]
[]
[null,"Jackson Pass","R1208JP4TC  ",null,"Production Intel Server System R1208JP4TC \n■ Intel Server Board S1600JP4 in 1U chassis (R1000JP4) \n■ Max CPU TDP supported - 135W with FXXCA84X106HS and configuration limitations; refer to Technical Product Specification \n■ Standard control panel (board FXXFPANEL) \n■ Front 1x VGA and 2x USB in dedicated tray \n■ ODD bay for CD/DVD drive support \n■ 8x2.5\" HS HDD support (carriers FXX25HSCAR included, backplane F1U8X25HSBP) \n■ Two risers: 2x8 PCIe FHFL slot (F1UJP2X8RISER), 1x16 PCIe Low-profile slot (F1UJP1X16RISER) \n■ 4x 4056 dual rotor fans (F1UJPFAN) \n■ 1U passive heatsinks (FXXEA84X106HS) \n■ One air duct for CPU and memory \n■ 450W DC PSU Power distribution board (FXX450WDCPDB) \n■ Two 450W DC PSU (F1U450WDCPS) \n■ Pre-routed cables \n■ Basic rack rail (AXXELVRAIL) \n \nThere are no additional required components to make this system functional - just add processors, memory, and HDDs. \n\nNote: Slot 2 Riser is not included. Choose between A1UJPRMM4IOM and A1UJP6GKIT for supporting IOMs or SAS Module\n",null,1373.6842105263158]
[]
[]
[]
[]
[]
[]
[]
[null,"Jackson Pass","AXXRMM4LITE",2944100,"Accessory Activation key for enabling advanced management features of BMC \n\nNote: If you only integrate the AXXRMM4LITE, not the A1UJPRMM4IOM, the BMC will utilize shared NIC. ",null,36.842105263157897]
[null,"Jackson Pass","A1UJPRMM4IOM",3477024,"This accessory is used when adding management and/or I/O Module accessories for connectivity (i.e. LAN or IB). \n\nPCI Express x8 (98 pin) rIOM riser and rIOM carrier \nboard kit for support®ing dedicated RMM4 NIC port \nand containing Intel I/O module on Slot2 for S1600JP and R1000JP family \nNote: The AXXRMM4LITE is NOT included. It must be ordered seperately for advanced management features. Also I/O Modules are sold seperately. ",null,47.368421052631582]
[null,"Jackson Pass","F1UJP1X16RISER",null,"Spare 1U PCI Express x16 riser card for supporting in-board low-profile PCIe adding card of Slot1 on S1600JP and R1000JP family \nNote: This riser is included in all systems",null,26.315789473684212]
[null,"Jackson Pass","F1UJP2X8RISER",3477025,"Spare 1U PCI Express 2x8 riser card for supporting FHFL single width PCIe adding card (top x8 slot is mechanical x16) of Slot3 on R1000JP family \nNote: This riser is included in systems with product codes ending in C",null,26.315789473684212]
[null,"Jackson Pass","F1UJPMICRISER",null,"Accessory for using in place of included 2x8 Riser \nabove, for customers wishing to utilize double width add-in card \n1U PCI Express 1x16 riser card for supporting FHFL double width PCIe add-in card in Slot3 on R1000JP family \nNote: This riser is included in systems with product codes ending in S.",null,26.315789473684212]
[null,"Jackson Pass","FXX1304HSBP",null,"Hot swap backplane board spare for 1U 4x3.5\" chassis (R1304 family) ",null,105.26315789473685]
[null,"Jackson Pass","F1U8X25HSBP",3176592,"Hot swap backplane board spare for 1U 8x2.5\" chassis (R1208 family) ",null,126.31578947368422]
[null,"Jackson Pass","FXXCA84X106HS",3179862,"1U Standard Cu/Al 84mm x 106mm Heat Sink \n\nNote: FXXCA84X106HS is an accessory needed for supporti®ng the®Max TDP processor - 135W and 130W Intel Xeon Processor E5-1600 Family in R1000JP system alternatively boxed heatsink product code STS200P can be utilized. ",null,52.631578947368425]
[null,"Jackson Pass","FXXEA84X106HS",3179863,"1U Standard Ex-Al 84mm x 106mm Heat Sink \n\nThis heatsink spare is for all systems (matches the included system HS). ",null,36.842105263157897]
[null,"Jackson Pass","AXXTPME5",3163503,"Accessory Trusted Platform Module for server systems (TPM 1.2) ",null,57.894736842105267]
[null,"Jackson Pass","F1UJPFAN",null,"40x56mm Dual Rotor Fan spare for R1000JP family ",null,36.842105263157897]
[null,"Jackson Pass","FXX750PCRPS",3176473,"750W AC CRPS 80+ Platinum efficiency power supply spare/accessory ",null,205.26315789473685]
[null,"Jackson Pass","F1U450WDCPS",null,"450W DC Power Supply spare ",null,289.47368421052636]
[null,"Jackson Pass","F1U450WPSU",3740868,"450W AC miniERP 80+ Gold efficiency power supply spare ",null,163.15789473684211]
[null,"Jackson Pass","F1U450WPDB",null,"450W AC miniERP 80+ Gold efficiency power supply PDB and Cage spare ",null,136.84210526315789]
[null,"Jackson Pass","FXX450WDCPDB",null,"450W DC PSU power distribution board spare ",null,52.631578947368425]
[null,"Jackson Pass","F1UJP750WPDB",null,"750W AC PSU power distribution board spare",null,47.368421052631582]
[null,"Jackson Pass","A1U2ULCP",3163498,"Accessory LCP Module (local control panel) \nEnables system to display critical errors from SEL for instant diagnostic. Also allows custom message for branding. When installed, it replaces ODD on 1208 family, and replaces I/O ports tray on 1304. This module has two USB ports. No front video connector. ",null,52.631578947368425]
[null,"Jackson Pass","FXXFPANEL",3179874,"Front Panel board spare for use on 1U/2U rack systems (R1000, R2000 except R2224 and R2312) Rack chassis and P4300 Pedestal Chassis ",null,10.526315789473685]
[null,"Jackson Pass","A1UBEZEL",3163496,"Front Panel board spare for use on 1U/2U rack systems (R1000, R2000 except R2224 and R2312) Rack chassis and P4300 Pedestal Chassis ",null,36.842105263157897]
[null,"Jackson Pass","AXXSATADVDROM",2085919,"Slimline SATA DVDROM Device accessory ",null,52.631578947368425]
[null,"Jackson Pass","AXXSATADVDRWROM",1975837,"Slim SATA DVD+/-RW ROM accessory ",null,73.684210526315795]
[null,"Jackson Pass","AXX1U2UCMA",3163495,"Accessory cable management arm for Premium 1U/2U rail kit (works only with AXXPRAIL) ",null,26.315789473684212]
[null,"Jackson Pass","FXX25HSCAR",3176593,"2.5\" HDD hot swap carrier spares ",null,6.5789473684210531]
[null,"Jackson Pass","FXX35HSADPB",3174236,"3.5\" HDD hot swap carrier spares ",null,7.8947368421052637]
[null,"Jackson Pass","AXXELVRAIL",3179860,"Value Rail Kit, half extension, extended inner slide member ",null,42.10526315789474]
[null,"Jackson Pass","AXXPRAIL755",3323819,"Short 1U/2U Premium Rail Kit, no CMA support Full extension and toolless rail kit. Rail allows adjustment within 609.6mm~762mm to fit different depth rack. Maximum extension when installed (travel distance) 755 mm ",null,89.473684210526315]
[null,"Jackson Pass","AXXPRAIL",3163494,"1U/2U Premium Rail Kit \nFull extension and toolless rail kit. Supports cable management arm. Rail allows adjustment within 609.6mm~762mm to fit different depth rack. Maximum extension when installed (travel distance) 800 mm ",null,89.473684210526315]
[null,"Jackson Pass","AXX2POSTBRCKT",3343094,"Fixed mount bracket kit for 2-post racks \nNote: It will only support specific rack type with 3/8\" square and 7.1mm round holes. Not compatible with 2U 24 x 2.5\" HDD or 2U 12 x 3.5\" HDD systems. ",null,52.631578947368425]
[null,"Jackson Pass","FPWRCABLENA",1147081,"North American Power Cord spare ",null,3.1578947368421053]
[null,"Jackson Pass","F1UJPMKIT",null,"Chassis maintenance kit for R1000JP system \n\nKit of the following items: \nI2C cable \nFront panel USB cable \nFront video cable Front panel cable \nScrews \n2 air ducts ",null,147.36842105263159]
[null,"Jackson Pass","RKSATA4R5",3166371,"Intel® RAID C600 Upgrade Key RKSATA4R5 enables LSI* SATA SW RAID 5, Black ",null,63.15789473684211]
[null,"Jackson Pass","RKSAS4",3166368,"Intel® RAID C600 Upgrade Key RKSAS4 activates 4 SAS ports and includes RSTe SW RAID 0/1/10 (no RAID 5) and LSI* SW RAID 0/1/10, Green ",null,36.842105263157897]
[null,"Jackson Pass","RKSAS4R5",3166369,"Intel® RAID C600 Upgrade Key RKSAS4R5 \nactivates 4 SAS ports and includes RSTe SW RAID 0/1/10 (no RAID 5) and LSI* SW RAID 0/1/10/5 (enables LSI* SWR5), Yellow",null,100]
[null,"Jackson Pass","A1UJP6GKIT",null,"This accessory is used when adding 6G SAS module into Slot 2. \n\n6Gb/s SAS kit accessories for R1000JP system, including rIOM riser for 6Gb/s SAS of Slot2, 6Gb/s SAS module RMS25LB080 and cables, dedicated NIC port for management. \n\nNote: The AXXRMM4LITE is NOT included. It must be ordered seperately to enable advanced management features of BMC",null,142.10526315789474]
[null,"Jackson Pass","RMS25LB080",null,"Spare 6Gb/s SAS module with 8 internal ports \nusing LSI* 2308 controller. \n\nNote: This module is included in the A1UJP6GKIT accessory above",null,89.473684210526315]
[null,"Jackson Pass","AXX10GBNIAIOM",3163506,"Dual SFP + port 10GbE IO module based on Intel® 82599 10 Gigabit Ethernet Controller \nSupports direct connect or transceiver. Cables/transceivers not included. Includes three screws. \nNote: A1UJPRMM4IOM needs to be pre-installed",null,515.78947368421052]
[null,"Jackson Pass","AXX10GBTWLHW",3478931,"Dual®RJ-45 port 10GBASE-T IO module, based on \nIntel Ethernet Controller X540 \nIncludes three screws. \nNote: A1UJPRMM4IOM needs to be pre-installed",null,431.5789473684211]
[null,"Jackson Pass","AXX1FDRIBIOM",3166306,"Single port, FDR 56GT/S speed Intel I/O Expansion Infiniband module, with QSFP connector, based on Mellanox* CX3 MT27504A1-FCCR-FV chip. Includes three screws. \n\nNote: A1UJPRMM4IOM needs to be pre-installed. ",null,631.57894736842104]
[null,"Jackson Pass","AXX2FDRIBIOM",3179864,"Dual port, FDR 56GT/S (per port capable) speed Infiniband module, with QSFP connector, based on Mellanox* CX3 MT27508A1-FCCR-FV chip. Includes three screws. \n\nNote: Due to PCIe3 x8 bandwidth limitation, both ports cannot simultaneously function at full speed. \n\nNote: A1UJPRMM4IOM needs to be pre-installed. ",null,947.36842105263167]
[null,"Jackson Pass","AXX4P1GBPWLIOM",3163507,"Quad port 1GbE IO Module based on Intel® Ethernet Controller I350 \nNote: A1UJPRMM4IOM needs to be pre-installed",null,294.73684210526318]
[null,"Jackson Pass","RMS25KB080",3166377,"Entry-raid SAS Module: Internal SAS-2.1 version, Entry-level LSI* IR-based RAID 0, 1, 1E/straight SAS Based on LSI2308. \n8 ports\nPCIe card form factor: Compatible with all Intel® Server boards, requires PCIe x8 slot. ",null,163.15789473684211]
[null,"Jackson Pass","RMS25KB040",3166376,"Entry-raid SAS Module: Internal SAS-2.1 version, Entry-level LSI* IR-based RAID 0, 1, 1E/straight SAS Based on LSI2308. \n4 ports\nPCIe card form factor: Compatible with all Intel® Server boards, requires PCIe x8 slot. ",null,126.31578947368422]
[null,"Jackson Pass","RMS25PB080",3166379,"HW RAID SAS Module: 4/8 port internal SAS-2.1 version, Full HW RAID, LSI* MegaRAID-based Firmware, 1GB DDR3, 0,1,10,5,50,6,60 \nSupports Battery Backup Unit. Based on LSI2208. \n8 ports\nPCIe card form factor: Compatible with all Intel® \nServer boards, requires PCIe x8 slot.",null,478.94736842105266]
[null,"Jackson Pass","RMS25PB040",3166378,"HW RAID SAS Module: 4/8 port internal SAS-2.1 version, Full HW RAID, LSI* MegaRAID-based Firmware, 1GB DDR3, 0,1,10,5,50,6,60 \nSupports Battery Backup Unit. Based on LSI2208. \n4 ports\nPCIe card form factor: Compatible with all Intel® \nServer boards, requires PCIe x8 slot.",null,368.42105263157896]
[null,"Jackson Pass","AXXRSBBU9",3176599,"Intel® RAID Smart Battery",null,147.36842105263159]
[null,"Jackson Pass","AXXRMFBU2",3163504,"Intel® RAID Maintenance Free Backup",null,194.73684210526318]
[null,"Jackson Pass","SVCEWUPSY",2952536,"Two year extended warranty for Intel® Server Systems that support single processor ",null,168.42105263157896]
[null,"Jackson Pass","SVCEWUPBD",2952535,"Two year extended warranty for Intel® Server Boards that support single processor ",null,62.10526315789474]
[]
[null,null,null,null,null,null,null,"Product Brief","Config Guide","TPS 1","TPS 2"]
[null,"Lizard Head Pass",null,null,null,null,null,"Link","Link","Link"]
[null,"Code Name","Part #","SKU #","Description",null,"Price"]
[null,"Lizard Head Pass","R2208LT2HKC4",3412787,"Intel® Server System R2208LT2HKC4 \n\nPosition Statement: Ideal for Enterprise Applications including Virtualization and Databases \n\n■ S4600LT2 motherboard w/Dual 10GbE and 48 DIMM Slots \n■ 2U chassis \n■ Power Distribution Board\n■ Fan Board \n■ Four (4) heatsinks \n■ 1600W AC* PSU (2)\n■ 8 x2.5” HDD and 2 internal Fixed SSD support\n■ RMS25PB080, PCIe slot, 8 port SAS 6G ROC module with two (2) cables\n■ Hot Swap Backplane supporting 8 x2.5” disk drive\n■ 11 Hot Swap Redundant Fans\n■ Two Risers – Left and Right Riser (1 each)\n■ RMM4 \n■ Extended Value Rail (will ECO to premium rail once ready after launch)\n■ Rack Handles",null,3257.8947368421054]
[]
[]
[]
[]
[]
[]
[null,"Lizard Head Pass","R2304LH2HKC",3226957,"Intel® Server System R2304LH2HKC\n\nPosition Statement: Ideal for Enterprise Applications including Virtualization and Databases\n\n■ S4600LH2 motherboard w/Dual 1GbE and 48 DIMM Slots\n■ 2U chassis \n■ Power Distribution Board \n■ Fan Board \n■ Four (4) heatsinks\n■ 1600W AC* PSU (2)\n■ 4 x3.5” HDD and 2 internal Fixed SSD support\n■ Hot Swap Backplane supporting 4 x3.5” disk drive\n■ 11 Hot Swap Redundant Fans\n■ Two Risers – Left and Right Riser (1 each) \n■ RMM4  Extended Value Rail (will ECO to premium rail once ready after launch)\n■ Rack Handles",null,2868.4210526315792]
[]
[]
[]
[]
[]
[]
[null,"Lizard Head Pass","AXXIOMKIT",3226876,"First IO module does NOT require the Bracket as it connects to the Baseboard directly. AXXIOMKIT (IO Module Cable) required if the 2nd networking modules need to be installed.",null,63.15789473684211]
[null,"Lizard Head Pass","AXX10GBNIAIOM",3163506,"Dual SFP+ port 10GbE IO module based on Intel® 82599 10 Gigabit Ethernet Controller.\nSupports direct connect or transceiver. Cables/transceivers not included.\nIncludes three screws",null,515.78947368421052]
[null,"Lizard Head Pass","AXX10GBTWLIOM",3163505,"Dual RJ-45 port 10GBASE-T IO module, based on Intel® Ethernet Controller X540 (Twinville).\nIncludes three screws",null,431.5789473684211]
[null,"Lizard Head Pass","AXX1FDRIBIOM",3166306,"Single port, FDR speed Infiniband module, with QSFP connector, based on Mellanox CX3 chip.\nIncludes three screws",null,631.57894736842104]
[null,"Lizard Head Pass","AXX2FDRIBIOM",3179864,"Dual port, FDR 56GT/S (per port capable) speed Infiniband module, with QSFP connector, based on Mellanox CX3 MT27508A1-FCCR-FV chip. Note, due to PCIe3 x8 bandwidth limitation, both ports can’t run simultaneously at full speed.\nIncludes three screws",null,947.36842105263167]
[null,"Lizard Head Pass","AXX4P1GBPWLIOM",3163507,"Quad port 1GbE IO Module based on Intel® Ethernet Controller I350",null,294.73684210526318]
[null,"Lizard Head Pass","RMS25PB080",3166379,"Intel® Integrated RAID Module RMS25PB080, PCIe Slot, LSI2208 ROC, 8P Internal SAS/SATA, LSI MegaRAID-based Firmware, 1GB DDR3, R0,1,10,5,50,6,60",null,478.94736842105266]
[null,"Lizard Head Pass","RMS25PB040",3166378,"Intel® Integrated RAID Module RMS25PB040, PCIe Slot, LSI2208 ROC, 4P Internal SAS/SATA, LSI MegaRAID-based Firmware, 1GB DDR3, R0,1,10,5,50,6,60",null,368.42105263157896]
[null,"Lizard Head Pass","RMS25KB080",3166377,"Intel® Integrated RAID Module RMS25KB080, PCIe Slot, LSI2308 I/O Controller, 8P Internal SAS, LSI IR-based RAID 0,1,1E",null,163.15789473684211]
[null,"Lizard Head Pass","RMT3PB080",3166380,"Intel® Integrated RAID Module RMT3PB080, PCIe Slot, LSI2208 ROC, 8P Internal SATA (only), LSI MegaRAID-based Firmware, 512MB DDR3, Restricted to use only SATA drives, R0,1,10,5,50,6,60",null,410.5263157894737]
[null,"Lizard Head Pass","RMS25KB040",3166376,"Intel® Integrated RAID Module RMS25KB040, PCIe Slot, LSI2308 I/O Controller, 4P SAS, LSI IR-based RAID 0,1,1E",null,126.31578947368422]
[null,"Lizard Head Pass","AXXRSBBU9",3176599,"Intel® RAID Smart Battery AXXRSBBU9 provides optional battery backup for mainstream RS25, RMS25, RT3 and RMT3 family RAID products.",null,147.36842105263159]
[null,"Lizard Head Pass","AXXRMFBU2",3163504,"Intel® RAID Maintenance Free Backup Unit with NAND Flash and Supercapacitor",null,194.73684210526318]
[null,"Lizard Head Pass","AXXCBL740MS7P",3002596,"Intel RAID/SAS Cable Kit AXXCBL740MS7P provides two 740mm cables. Each cable has a Mini-SAS 8087 connector on the initiator (RAID card) end and four 7-Pin (SATA style) connectors on the target (drive or backplane) end",null,21.05263157894737]
[null,"Lizard Head Pass","A2UBEZEL",3163497,"2U locking bezel with two branding clip-on inserts for logo, and one snap-on swoosh",null,42.10526315789474]
[null,"Lizard Head Pass","S4600LT2",3226935,"Board spare w/Dual 10GbE and DIMM count: 48, single pack",null,1047.3684210526317]
[null,"Lizard Head Pass","S4600LH2",3226934,"Board spare w/Dual 1GbE and DIMM count: 48, single pack",null,942.1052631578948]
[null,"Lizard Head Pass","F1U8X25HSBP",3176592,"Hot Swap Backplane spare board supporting 8 x2.5\" drives",null,126.31578947368422]
[null,"Lizard Head Pass","FR1304HSBP",2944091,"Hot Swap Backplane spare board supporting 4 x3.5\" drives",null,105.26315789473685]
[null,"Lizard Head Pass","AXXRMM4",2913076,"Intel® Remote Management Module RMM4 – Remote KVM upgrade with Dedicated NIC Module",null,57.894736842105267]
[null,"Lizard Head Pass","AXXSATADVDROM",2085919,"Slimline SATA DVDROM Accessory",null,52.631578947368425]
[null,"Lizard Head Pass","AXXSATADVDRWROM",1975837,"Slim SATA DVD+/-RW ROM Accessory",null,73.684210526315795]
[null,"Lizard Head Pass","FPWRCABLENA",1147081,"North American (AC) Power Cord Spare",null,3.1578947368421053]
[null,"Lizard Head Pass","FXX35HSADPB",3174236,"Spare 3.5” HDD hot swap carriers\nIncludes mounting screws for mounting 2.5” drives",null,7.8947368421052637]
[null,"Lizard Head Pass","FXX25HSCAR",3176593,"Spare 2.5\" HDD hot swap carriers",null,6.5789473684210531]
[null,"Lizard Head Pass","AXXTPME5",3163503,"Trusted Platform Module for server systems",null,57.894736842105267]
[null,"Lizard Head Pass","RKSATA4R5",3166371,"Intel® RAID C600 Upgrade Key RKSATA4R5, enables LSI SATA SW RAID 5 Key, Black",null,63.15789473684211]
[null,"Lizard Head Pass","RKSAS4",3166368,"Intel® RAID C600 Upgrade Key RKSAS4, activates 4 SAS ports and includes RSTe SW RAID 0/1/10 (no RAID 5) and LSI SW RAID 0/1/10, Green",null,36.842105263157897]
[null,"Lizard Head Pass","RKSAS4R5",3166369,"Intel® RAID C600 Upgrade Key RKSAS4R5, activates 4 SAS ports and includes RSTe SW RAID 0/1/10 (no RAID 5) and LSI SW RAID 0/1/10/5 (enables LSI SWR5), Yellow",null,100]
[null,"Lizard Head Pass","FXX1600PCRPS",3629450,"Spare 1600W AC Hot-Swap power supply module",null,315.78947368421052]
[null,"Lizard Head Pass","FXXLHPPDB",null,"Spare Power Distribution Board FXXLHPPDB, supporting Intel® Server Chassis R2000LH",null,78.94736842105263]
[null,"Lizard Head Pass","FXXEA84X106HS",3179863,"Spare 1U Heat Sink 84 x 106 Aluminum Extrusion (Front Heat Sink)",null,36.842105263157897]
[null,"Lizard Head Pass","FXXCA84X106HS",3179862,"Spare 1U Heat Sink 84 x 106 Cu/Al (Rear Heat Sink)",null,52.631578947368425]
[null,"Lizard Head Pass","FXXLHPFANBD",null,"Spare Fan Board FXXLHPFANBD, supporting Intel® Server Chassis R2000LH",null,68.421052631578945]
[null,"Lizard Head Pass","FXXLHPFAN",null,"Spare Redundant Hot Swap Fans (Upper and Lower – 1 each) FXXLHFAN, supporting Intel® Server Chassis R2000LH",null,63.15789473684211]
[null,"Lizard Head Pass","A1U2ULCP",3163498,"LCP Module (local control panel)\nEnables system to display critical errors from SEL for instant diagnostic. Also allows custom message for branding. When installed – replaces ODD on 1208 family, and replaces IO ports tray on 1304,2208,2216,2308 families. Not compatible with 2224 and 2312 families.\nModule has 2 USB ports. No front video connector.",null,52.631578947368425]
[null,"Lizard Head Pass","FXXFPANEL",3179874,"Front Panel board spare for P4000, R1000, R2000 server chassis",null,10.526315789473685]
[null,"Lizard Head Pass","F4S16RISER",3638419,"Spare Left Riser and Right Riser F4S16RISER, supporting Intel® Server Chassis R2000LH",null,284.21052631578948]
[null,"Lizard Head Pass","AXXPRAIL",3163494,"1U/2U Premium Rail Kit Full extension and toolless rail kit.\nSupports cable management arm and new requirement from UL of supporting addl weight",null,89.473684210526315]
[null,"Lizard Head Pass","AXXELVRAIL",3179860,"Enhanced Value Rail Kit. Works for all 438mm wide Intel\nRack Chassis 1U, 2U, and 4U. Rail allows adjustment within\n609.6mm~765mm to fit difference depth rack. Maximum extension\nwhen installed (travel distance) 424.2mm",null,42.10526315789474]
[null,"Lizard Head Pass","AXX1U2UCMA",3163495,"Cable management arm for Premium 1U/2U rail kit",null,26.315789473684212]
[null,"Lizard Head Pass","AXX2POSTBRCKT",3343094,"Fixed mount bracket kit for 2-post racks",null,52.631578947368425]
[null,"Lizard Head Pass","R2000LHMKTMECH",null,"R2000LHMKTMECH Chassis\nMaintenance kit (mechanical\nparts) supporting Intel® Server\nBoard S4600LH2/S4600LT2\nincludes:\n■ IO Module Filler Panel (2)\n■Optical Disk Drive Plastic Latch (1)\n■ Optical Drive Filler Panel (2)\n■ CPU Heat Sink Spacer (4)\n■ Cable Management Clamp (2)\n■ Power Supply Filler (2)\n■ Rack handles (set of 2)\n■ DIMM Blanks (48)\n■ Front I/O Bracket w/USB & Dsub (1)\n■ Misc Hardware (screws, USB Mounting Screws, etc)",null,115.78947368421053]
[null,"Lizard Head Pass","R2000LHMKTELEC",null,"R2000LHMKTELEC Chassis Maintenance kit (electrical part) supporting Intel® Server Board S4600LH2/S4600LT2 includes:\n■ The Main Serverboard Power Cable x1\n■ The Power Supply Control Cable x1\n■ The Lower System Fan Power and Control Cable x1\n■ The Optical Disk and Solid State Drive Power Cable x1\n■ The Front Panel System Control Cable x1\n■ The Hotswap Backplane I2C Cable x1\n■ The SATA Data Cable for the Hard Drive, Solid State, and/or Optical Drive Devices x1\n■ The Front Access Wall-mount USB Cable x1\n■ The Front Access Wall-mount Video Cable x1\n■ The Upper Hotswap Fan Harness Cable 190mm x1\n■ The Upper Hotswap Fan Harness Cable 250mm x1\n■ The Upper Hotswap Fan Harness Cable 310mm x1\n■ The Upper Hotswap Fan Harness Cable 340mm x1\n■ The Hotswap Backplane Power Cable x1\n■ The Patsburg to 3.5” HSBP SAS Data Cable x1\n■ The Patsburg to 2.5” HSBP SAS 0-3 Data Cable x1\n■ The Patsburg to 2.5” HSBP SAS 4-7 Data Cable x1\n■ The PCI/ROC to 2.5” HSBP SAS 0-3 Data Cable x1\n■ The PCI/ROC to 2.5” HSBP SAS 4-7 Data Cable x1\n■ The black screws for the Wall-mount USB Cable",null,210.5263157894737]
[]
[]
[]
[]
[]
[]
[]
[]
[]
[null,"Lizard Head Pass","SVCEWMPBD",null,"Four Processor Intel® Server Board Extended Warranty",null,284.21052631578948]
[null,"Lizard Head Pass","SVCEWMPSY",null,"Four Processor Intel® Server System Extended Warranty",null,610.52631578947376]
[]
[null,null,null,null,null,null,null,"Product Brief","Config Guide","TPS 1","TPS 2"]
[null,"Black Bear Pass",null,null,null,null,null,"Link","Link","1U Link","2U Link"]
[null,"Code Name","Part #","SKU #","Description",null,"Price"]
[null,"Black Bear Pass","R1304BB4DC",3226952,"Intel® Server System R1304BB4DC\nIntegrated server system with 4 SATA ports standard\n• S2400BB4 board in 1U chassis\n• Max CPU TDP supported – 95W\n• Standard control panel\n• Front 1xVGA and 2xUSB in dedicated tray\n• ODD bay for CD/DVD drive support 4x3.5” HS HDD support (carriers included)\n• No Storage Activation key - 4 SATA ports\n• One right angle SFF8087 to 4x7pin cable preinstalled\n• Two CPU heatsinks\n• Airduct\n• Two risers: 1x16 electrical CPU1 (F1UBBPCIEX16) and 1x8 electrical CPU1 (A1UL8RISER). Both risers provide x16 mechanical connector, FHHL slot.\n• Two 460W AC PSU\n• Power distribution board for second PSU\n• Full RMM4 preinstalled (AXXRMM4R)\n• Value rail kit (AXXVRAIL)",null,1184.2105263157896]
[]
[]
[]
[]
[]
[]
[null,"Black Bear Pass","R1304BB4GS9",3464402,"Intel® Server System R1304BB4GS9\nIntegrated server system with 4 SATA ports standard\n• S2400BB4 board in 1U chassis\n• Max CPU TDP supported – 95W\n• Standard control panel\n• Front 1xVGA and 2xUSB in dedicated tray\n• ODD bay for CD/DVD drive support 4x3.5” HS HDD support (carriers included)\n• No Storage Activation key - 4 SATA ports\n• One right angle SFF8087 to 4x7pin cable preinstalled. Separate straight SFF8087 cable needed to support HBA card or SASM.\n• Two CPU heatsinks\n• Airduct\n• Two risers: 1x16 electrical CPU1 (F1UBBPCIEX16) and 1x8 electrical CPU1 (A1UL8RISER). Both risers provide x16 mechanical connector, FHHL slot.\n• One 750W AC PSU\n• Power distribution board for second PSU\n• No RMM\n• No rails",null,1052.6315789473686]
[]
[]
[]
[]
[]
[]
[null,"Black Bear Pass","R1208BB4DC",3195846,"Intel® Server System R1208BB4DC\nIntegrated server system with 8 SATA ports standard\n• S2400BB4 board in 1U chassis\n• Max CPU TDP supported – 95W\n• Standard control panel\n• Front 1xVGA and 2xUSB in dedicated tray\n• ODD bay for CD/DVD drive support 8x2.5” HS HDD support (carriers included)\n• Blue Storage Activation key - 8 SATA ports\n• Two SFF8087 cables preinstalled\n• Two CPU heatsinks\n• Airduct\n• Two risers: 1x16 electrical CPU1 (F1UBBPCIEX16) and 1x8 electrical CPU1 (A1UL8RISER). Both risers provide x16 mechanical connector, FHHL slot.\n• Two 460W AC PSU\n• Power distribution board for second PSU\n• Full RMM4 preinstalled (AXXRMM4R)\n• Value rail kit (AXXVRAIL)",null,1289.4736842105265]
[]
[]
[]
[]
[]
[]
[null,"Black Bear Pass","R1208BB4GS9",3592991,"Intel® Server System R1208BB4GS9\nIntegrated server system with 4 SATA ports standard\n• S2400BB4 board in 1U chassis\n• Max CPU TDP supported – 95W\n• Standard control panel\n• Front 1xVGA and 2xUSB in dedicated tray\n• ODD bay for CD/DVD drive support 8x2.5” HS HDD support (carriers included)\n• No storage activation key\n• One SFF8087 cable preinstalled for chipset SAS (separate cables required for add-in card)\n• Two CPU heatsinks\n• Airduct\n• Two risers: 1x16 electrical CPU1 (F1UBBPCIEX16) and 1x8 electrical CPU1 (A1UL8RISER). Both risers provide x16 mechanical connector, FHHL slot.\n• One 750W AC PSU\n• Power distribution board for second PSU\n• No RMM\n• No rails",null,1152.6315789473686]
[]
[]
[]
[]
[]
[]
[null,"Black Bear Pass","R2308BB4GC",3226959,"Intel® Server System R2308BB4GC\nIntegrated Intel® Server System with 8 SATA ports standard\n• S2400BB4 board in 2U chassis\n• Max CPU TDP supported – 95W\n• Standard control panel\n• 8x3.5” HS HDD support (carriers included)\n• ODD bay for CD/DVD drive support Provision for 2x2.5” SSD mount on airduct\n• 2 SFF8087 to SFF8087 cables\n• Two CPU heatsinks\n• Airduct\n• Redundant and hotswap cooling fans\n• Two risers: 3x8 A2UL8RISER and 1x8+2x4 AXX2UPCIEX8X4 (2xFHFL+ 1xFHHL)\n• RKSATA8 storage activation key\n• Two 750W AC PSU\n• Power distribution board for second PSU\n• Full RMM4 preinstalled (AXXRMM4R)\n• Value rails (AXXVRAIL)",null,1410.5263157894738]
[]
[]
[]
[]
[]
[]
[null,"Black Bear Pass","R2312BB4GS9",3454761,"Intel® Server System R2312BB4GS9\nIntegrated Intel® Server System with 12 SAS ports standard\n• S2400BB4 board in 2U chassis\n• Max CPU TDP supported – 95W\n• Control panel on rack handle\n• Provision for 2 SSD mount on airduct\n• 12x3.5” HS HDD support (carriers included)\n• 3 SFF8087 to SFF8087 cables\n• Two CPU heatsinks\n• Airduct\n• Redundant and hotswap cooling fans\n• Two risers: 3x8 A2UL8RISER and 1x8+2x4 AXX2UPCIEX8X4 (2xFHFL+ 1xFHHL)\n• No storage activation key\n• One 750W AC PSU\n• Power distribution board for second PSU\n• No RMM\n• No Rails\nNote: There are no required PCSD components to make this system functional.",null,1436.8421052631579]
[]
[]
[]
[]
[]
[]
[null,"Black Bear Pass","R2208BB4GS9",null,"Intel® Server System R2208BB4GS9\nIntegrated Intel® Server System with 8 SATA ports standard\n• S2400BB4 board in 2U chassis\n• Max CPU TDP supported – 95W\n• Standard control panel\n• Front 1xVGA and 2xUSB on dedicated tray\n• Provision for 2 SSD mount on airduct\n• ODD bay for CD/DVD drive support 8x2.5” HS HDD support (carriers included)\n• 2 SFF8087 to SFF8087 cables\n• Two CPU heatsinks\n• Airduct\n• Redundant and hotswap cooling fans\n• Two risers: 3x8 A2UL8RISER and 1x8+2x4 AXX2UPCIEX8X4 (2xFHFL+ 1xFHHL)\n• No storage activation key\n• One 750W AC PSU\n• Power distribution board for second PSU\n• No RMM\n• No rails\nNote: There are no required PCSD components to make this system functional.",null,1194.7368421052631]
[]
[]
[]
[]
[]
[]
[null,"Black Bear Pass","F1UBBPCIEX16",null,"Spare 1U riser x16 BBP specific, short riser slot.\nIncludes 1 riser",null,31.578947368421055]
[null,"Black Bear Pass","A1UL8RISER",null,"230 pin 1U riser – x8 electrical/x16 mechanical slot – routed from CPU1. Long riser slot.",null,47.368421052631582]
[null,"Black Bear Pass","AXX2UPCIEX16",3704941,"160pin riser 2U – standard PCIe x 16 slot riser, riser has only 1 PCIe x 16 slot short riser slot.",null,42.10526315789474]
[null,"Black Bear Pass","AXX2UPCIEX8X4",null,"2U riser 3 slot S2400 specific.\nRiser for short PCIe x 16 slot. Provides 1 PCIe x 8 and 2 PCIe x 4 slots short riser slot.\n1 riser and 2 screws included",null,47.368421052631582]
[null,"Black Bear Pass","FXXEA90X90HS",null,"Spare heatsink FXXEA90X90HS for S1400SP,S22400EP, S2400LP, S2400BB families)",null,36.842105263157897]
[null,"Black Bear Pass","A2USTOPANEL",3163499,"Storage control panel kit. Includes cable and adapter board, screws, second matching (empty) rack handle, can be used for upgrade. Compatible with R2000 family.",null,63.15789473684211]
[null,"Black Bear Pass","A2UBKTMFBUSSD",3341586,"Auxilary bracket to be mounted over power supply area of R2000GZ/GL/BB families. Can support 3 MFBU (Maintenance-free battery backup) units, or 2 2.5” SSDs and 1 MFBU.",null,31.578947368421055]
[null,"Black Bear Pass","FXX750PCRPS",3176473,"750W AC CRPS 80+ Platinum efficiency power supply spare/accessory.",null,205.26315789473685]
[null,"Black Bear Pass","FXX460GCRPS",3166344,"460W CRPS 80+ Gold efficiency power supply spare/accessory.",null,163.15789473684211]
[null,"Black Bear Pass","FXX750DCCRPS",null,"750W -48v DC (Direct current) CRPS 80+ Gold efficiency power supply spare/accessory.",null,"N/A"]
[null,"Black Bear Pass","AXXDCCRPSCBL",null,"Spare DC power cable",null,"N/A"]
[null,"Black Bear Pass","A1U2ULCP",3163498,"LCP Module (local control panel)\nEnables system to display critical errors from SEL for instant diagnostic. Also allows custom message for branding. When installed – replaces ODD on 1208 family, and replaces IO ports tray on 1304,2208,2216,2308 families. Not compatible with 2224 and 2312 families.\nModule has 2 USB ports. No front video connector.",null,52.631578947368425]
[null,"Black Bear Pass","FXXFPANEL",3179874,"Front Panel board spare for use on 1U/2U rack systems (R1000, R2000 except R2224 and R2312) Rack chassis and P4300 Pedestal Chassis",null,10.526315789473685]
[null,"Black Bear Pass","F1UL16RISER",3166322,"Spare 1U riser for R1000GZ/GL/BB family. PCIe x16 FHHL.\nIncludes 2 mounting screws.",null,47.368421052631582]
[null,"Black Bear Pass","A2UL8RISER",3166300,"Spare 2U 3 slot riser for GZ/GL/BB boards: Three PCIe x8 Gen3 ports electrical. Top two connectors are x16 mechanical. Lower connector is x8 mechanical.\nIncludes 1 mounting screw.",null,47.368421052631582]
[null,"Black Bear Pass","A2UL16RISER",3161745,"Accessory 2U 2 slot riser for GZ/GL/BB boards:\nTop connector: PCIe x16 electrical with x16 mechanical.\nBottom connector: one PCIe x8 electrical with x8 mechanical connector. Middle location is empty.\nIncludes 1 mounting screw and power cable for graphic cards",null,47.368421052631582]
[null,"Black Bear Pass","A2ULPCIXRISER",3166301,"Accessory 2U PCI-X riser for GZ/GL/BB boards:\nTop two PCI-X 133 MHZ connectors (separate buses) in upper two locations.\nBottom connector: PCIe x8 electrical/mechanical\nIncludes 1 mounting screw.",null,94.736842105263165]
[null,"Black Bear Pass","FR1000FAN10P",3179866,"One spare fan for 1U R1000GZ/GL/BB system. 40x56mm dual rotor with 10p connector",null,36.842105263157897]
[null,"Black Bear Pass","FR2000FAN60HS",3335407,"One spare fans for 2U R2000GZ/GL/BB system. 60x38mm, with hot swap connector\nIncludes 1 fans and two cables.",null,47.368421052631582]
[null,"Black Bear Pass","A1UBEZEL",3163496,"1U locking bezel with two branding clip-on inserts for logo, and one snap-on swoosh",null,36.842105263157897]
[null,"Black Bear Pass","A2UBEZEL",3163497,"2U locking bezel with two branding clip-on inserts for logo, and one snap-on swoosh",null,42.10526315789474]
[null,"Black Bear Pass","AXXVRAIL",2944099,"Value Rail Kit\nWorks for all 438mm wide Intel Rack Chassis 1U, 2U, 4U. Rail allows adjustment within 609.6mm~765mm to fit difference depth rack. Maximum extension when installed (travel distance) 424.2mm\nNote: It will only support specific rack type with 3/8” square and 7.1mm round holes.",null,36.842105263157897]
[null,"Black Bear Pass","AXXELVRAIL",3179860,"Enhanced Value Rail Kit\nWorks for all 438mm wide Intel Rack Chassis 1U, 2U, 4U. Rail allows adjustment within 609.6mm~765mm to fit difference depth rack. Maximum extension when installed (travel distance) 424.2mm\nImproved robustness over AXXVRAIL, same mechanical spec\nNote: It will only support specific rack type with 3/8” square and 7.1mm round holes.",null,42.10526315789474]
[null,"Black Bear Pass","AXXPRAIL",3163494,"1U/2U Premium Rail Kit\nFull extension and toolless rail kit. Supports cable management arm. Rail allows adjustment within 609.6mm~762mm to fit difference depth rack. Maximum extension when installed (travel distance) 800 mm\nNote: It will only support specific rack type with 3/8” square and 7.1mm round holes.",null,89.473684210526315]
[null,"Black Bear Pass","AXXPRAIL755",3323819,"Short 1U/2U Premium Rail Kit, no CMA support\nFull extension and toolless rail kit.\nRail allows adjustment within 609.6mm~762mm to fit difference depth rack. Maximum extension when installed (travel distance) 755 mm\nNote: It will only support specific rack type with 3/8” square and 7.1mm round holes.",null,89.473684210526315]
[null,"Black Bear Pass","AXX1U2UCMA",3163495,"Cable management arm for Premium 1U/2U rail kit\n(works only with AXXPRAIL)",null,26.315789473684212]
[null,"Black Bear Pass","AXX2POSTBRCKT",3343094,"Fixed mount bracket kit for 2-post racks",null,52.631578947368425]
[null,"Black Bear Pass","AXXSATADVDROM",2085919,"Slimline SATA DVDROM Device",null,52.631578947368425]
[null,"Black Bear Pass","AXXSATADVDRWROM",1975837,"Slim SATA DVD+/-RW ROM Accessory",null,73.684210526315795]
[null,"Black Bear Pass","FPWRCABLENA",1147081,"North American Power Cord Spare",null,3.1578947368421053]
[null,"Black Bear Pass","AXXRJ45DB93",3478929,"Kit of the following cables:\n1040mm Serial 10pin header to DB9 Cable\n520mm Serial 10pin header to DB9 Cable\n100mm DCD RJ45 to DB9 Cable\n100mm DSR RJ45 to DB9 Cable",null,31.578947368421055]
[null,"Black Bear Pass","FXX1304HSBP",null,"Hot swap backplane board spare for 1U 4x3.5” chassis (R1304 family)",null,105.26315789473685]
[null,"Black Bear Pass","FXX8X25HSBP",3179867,"Single port hot swap backplane board spare for 2U 8x2.5\" cage (R2200 and P4000 families)",null,131.57894736842107]
[null,"Black Bear Pass","FXX8X25DPBP",3565599,"Dual Port hot swap backplane board spare for 2U 8x2.5\" cage (R2200 and P4000 families)",null,142.10526315789474]
[null,"Black Bear Pass","F2U8X35HSBP",3166324,"Hot swap backplane board spare for 2U 8x3.5\" chassis (R2308 family)",null,142.10526315789474]
[null,"Black Bear Pass","F1U8X25HSBP",3176592,"Hot swap backplane board spare for 1U 8x2.5\" chassis (R1208 family)",null,126.31578947368422]
[null,"Black Bear Pass","F2U12X35HSBP",3166323,"Hot swap backplane board spare for 2U 12x3.5\" chassis (R2312 family)",null,189.47368421052633]
[null,"Black Bear Pass","RES2CV360",3163500,"Integrated 36 port 6G SAS expander, compatible with R2200, P4000M/L families of chassis (2U/4U 2.5” chassis). Based on LSI* LSISAS2x36 chip.\nIncludes 3 screws and bumpers, power cable, 6 Mini-SAS cables (3x165mm, 2x185mm, 1x245mm).",null,321.0526315789474]
[null,"Black Bear Pass","RES2CV240",3163501,"Integrated 24 port 6G SAS expander, compatible with R2200, P4000M/L families of chassis (2U/4U 2.5” chassis). Based on LSI* LSISAS2x36 chip.\nIncludes 3 screws and bumpers, power cable, 4 Mini-SAS cables (3x165mm, 1x185mm).",null,257.89473684210526]
[null,"Black Bear Pass","RES2SV240",2771642,"24 Port SAS 6Gb expander card with ports configurable for input or output. Retail SKU includes cables.\nRequires empty PCIe slot. Compatible with every system, including R2312 family.",null,242.10526315789474]
[null,"Black Bear Pass","FXX25HSCAR",3176593,"Spare 2.5” HDD hot swap carriers",null,6.5789473684210531]
[null,"Black Bear Pass","FXX35HSADPB",3174236,"Spare 3.5” HDD hot swap carriers\nIncludes mounting screws for mounting 2.5” drives",null,7.8947368421052637]
[null,"Black Bear Pass","RKSATA4R5",3166371,"Enables LSI SATA SW RAID 5, Black",null,63.15789473684211]
[null,"Black Bear Pass","RKSATA8",3166372,"Activates 8 SATA ports and includes RSTe SW RAID 0/1/10/5 and LSI SW RAID 0/1/10, Blue",null,26.315789473684212]
[null,"Black Bear Pass","RKSATA8R5",3163510,"Activates 8 SATA ports and includes RSTe SW RAID 0/1/10/5 and LSI SW RAID 0/1/10/5 (enables LSI SWR5), White",null,78.94736842105263]
[null,"Black Bear Pass","RKSAS4",3166368,"Activates 4 SAS ports and includes RSTe SW RAID 0/1/10 (no RAID 5) and LSI SW RAID 0/1/10, Green",null,36.842105263157897]
[null,"Black Bear Pass","RKSAS4R5",3166369,"Activates 4 SAS ports and includes RSTe SW RAID 0/1/10 (no RAID 5) and LSI SW RAID 0/1/10/5 (enables LSI SWR5), Yellow",null,100]
[null,"Black Bear Pass","RKSAS8",3166370,"Activates 8 SAS ports and includes RSTe SW RAID 0/1/10 (no RAID 5) and LSI SW RAID 0/1/10, Orange",null,52.631578947368425]
[null,"Black Bear Pass","RKSAS8R5",3163511,"Activates 8 SAS ports and includes RSTe SW RAID 0/1/10 (no RAID 5) and LSI SW RAID 0/1/10/5 (enables LSI SWR5), Purple",null,115.78947368421053]
[null,"Black Bear Pass","A2U8X25HSDK",3163502,"Spare/accessory 8x2.5” HDD drive kit for 2U system. (R2200 family)\nR2208 can take 1 additional bay with no other upgrades.\nFor upgrading up to 24 drives (R2208 +2 bays, or R2216 + 1 bay) – standard control panel and ODD bay has to be replaced with storage panel (A2USTOPANEL)\nIncludes cage, backplane board, 8 drive carriers, power Y-cable and I2C jumper cable",null,121.05263157894737]
[null,"Black Bear Pass","A2U8X25DPDK",3492460,"Spare/accessory Dual Ported 8x2.5” HDD drive upgrade kit for 2U system. (R2200 family)\nR2208 can take 1 additional bay with no other upgrades.\nFor upgrading up to 24 drives (R2208 +2 bays, or R2216 + 1 bay) – standard control panel and ODD bay has to be replaced with rack ear panel (A2USTOPANEL)\nIncludes cage, backplane board, 8 drive carriers, power jumper Y-cable and I2C jumper cable",null,84.21052631578948]
[null,"Black Bear Pass","AXXRMM4LITE",2944100,"Activation key for advanced management features",null,36.842105263157897]
[null,"Black Bear Pass","AXXRMM4R",3290666,"Intel® Remote Management Module RMM4 for rack systems – Remote KVM upgrade key and Dedicated NIC Module",null,57.894736842105267]
[null,"Black Bear Pass","AXXTPME5",3163503,"TPM Module for server systems supporting S2600 and S2400 board families.",null,57.894736842105267]
[null,"Black Bear Pass","AXX10GBNIAIOM",3163506,"Dual SFP+ port 10GbE IO module based on Intel® 82599 10 Gigabit Ethernet Controller\nSupports direct connect or transceiver. Cables/transceivers not included.\nIncludes three screws, port label sticker",null,515.78947368421052]
[null,"Black Bear Pass","AXX10GBTWLIOM",3163505,"Dual RJ-45 port 10GBASE-T IO module, based on Intel® Ethernet Controller X540\nIncludes three screws, port label sticker.",null,431.5789473684211]
[null,"Black Bear Pass","AXX1FDRIBIOM",3166306,"Single port, FDR 56GT/S speed Intel® I/O Expansion Infiniband module, with QSFP connector, based on Mellanox CX3 MT27504A1-FCCR-FV chip.\nIncludes three screws, port label sticker",null,631.57894736842104]
[null,"Black Bear Pass","AXX2FDRIBIOM",3179864,"Dual port, FDR 56GT/S (per port capable) speed Infiniband module, with QSFP connector, based on Mellanox CX3 MT27508A1-FCCR-FV chip. Note, due to PCIe3 x8 bandwidth limitation, both ports can’t simultaneously function at full speed.\nIncludes three screws, port label sticker",null,947.36842105263167]
[null,"Black Bear Pass","AXX4P1GBPWLIOM",3163507,"Quad port 1GbE IO Module based on Intel® Ethernet Controller I350\nIncludes three screws, port label sticker",null,294.73684210526318]
[null,"Black Bear Pass","RMS25PB080",3166379,"HW RAID SAS Module: 8 port internal SAS-2.1 version, Full HW RAID, LSI MegaRAID-based Firmware, 1GB DDR3, R0,1,10,5,50,6,60\nSupports Battery Backup Unit. Based on LSI2208.\n\n• PCIe card form factor – compatible with all PCSD boards, requires PCIe x8 slot.",null,478.94736842105266]
[null,"Black Bear Pass","RMS25PB040",3166378,"HW RAID SAS Module: 4 port internal SAS-2.1 version, Full HW RAID, LSI MegaRAID-based Firmware, 1GB DDR3, R0,1,10,5,50,6,60\nSupports Battery Backup Unit. Based on LSI2208.\n• Mezzanine card form factor – does not occupy PCIe slot, only compatible with systems enabled with SAS Module connector.\n• PCIe card form factor – compatible with all PCSD boards, requires PCIe x8 slot.",null,368.42105263157896]
[null,"Black Bear Pass","RMS25KB080",3166377,"Entry-raid SAS Module: 8 port internal SAS-2.1 version, Entry-level LSI IR-based RAID 0,1,1E/straight SAS\nBased on LSI2308.\n• Mezzanine card form factor – does not occupy PCIe slot, only compatible with systems enabled with SAS Module connector.\n• PCIe card form factor – compatible with all PCSD boards, requires PCIe x8 slot.",null,163.15789473684211]
[null,"Black Bear Pass","RMS25KB040",3166376,"Entry-raid SAS Module: 4 port internal SAS-2.1 version, Entry-level LSI IR-based RAID 0,1,1E/straight SAS\nBased on LSI2308.\n\n• PCIe card form factor – compatible with all PCSD boards, requires PCIe x8 slot.",null,126.31578947368422]
[null,"Black Bear Pass","RMT3PB080",3166380,"HW RAID SATA Module: 8 Port internal SATA-3 version, Full HW RAID, LSI MegaRAID-based Firmware, 512MB DDR3, R0,1,10,5,50,6,60\n\nSupports Battery Backup. Based on LSI2208.\nPCIe card form factor – compatible with all PCSD boards, requires PCIe x8 slot.",null,410.5263157894737]
[null,"Black Bear Pass","AXXRSBBU9",3176599,"Lithium Polymer RAID module battery backup unit.",null,147.36842105263159]
[null,"Black Bear Pass","AXXRMFBU2",3163504,"Maintenance Free Backup Unit with NAND Flash and Supercapacitor\nRequires A2UBKTMFBUSSD accessory to install.",null,194.73684210526318]
[null,"Black Bear Pass","AXXRPFKSSD2",3229255,"Upgrade Key to enable SSD Cache with Fastpath I/O for Intel’s RAID RS25 family of ROC products.",null,194.73684210526318]
[null,"Black Bear Pass","AXXRPFKDE2",3323818,"Upgrade Key to enable Drive Encryption Management for Intel’s RAID RS25 family of ROC products",null,63.15789473684211]
[null,"Black Bear Pass","AXXRPFKSNSH2",null,"Upgrade Key to enable Rapid Recovery Snapshot for Intel’s RAID RS25 family of ROC products.",null,126.31578947368422]
[null,"Black Bear Pass","AXXCBL500MSMS",3532189,"Kit of 2 cables, 500mm length, straight SFF-8087 to SFF-8087 connectors.",null,21.05263157894737]
[null,"Black Bear Pass","AXXCBL650MSMS",3344724,"Kit of 2 cables, 650mm length, straight SFF-8087 to SFF-8087 connectors.",null,21.05263157894737]
[null,"Black Bear Pass","AXXCBL730MSMS",3365023,"Kit of 2 cables, 730mm length, straight SFF-8087 to SFF-8087 connectors.\nSpare for R2308",null,21.05263157894737]
[null,"Black Bear Pass","AXXCBL600MSMS",3343231,"Kit of 2 cables, 600mm length, straight SFF-8087 to SFF-8087 connectors.",null,21.05263157894737]
[null,"Black Bear Pass","AXXCBL585MSMR",3314909,"Kit of 2 cables, 585mm length, straight SFF-8087 to right angle SFF-8087 connectors",null,21.05263157894737]
[null,"Black Bear Pass","AXXCBL850MS7R",3358092,"Kit of 2 cables, 850mm length, straight SFF-8087 to right angle 7-pin SATA connectors",null,21.05263157894737]
[null,"Black Bear Pass","AXXCBL730MRMR",null,"Kit of 2 cables, 730mm length, right angle SFF-8087 to right angle SFF-8087 connectors.",null,31.578947368421055]
[null,"Black Bear Pass","AXXCBL550MRMR",null,"Kit of 2 cables, 550mm length, right angle SFF-8087 to right angle SFF-8087 connectors.",null,31.578947368421055]
[null,"Black Bear Pass","AXXCBL1030MR7R",null,"Kit of 2 cables, 1030mm length, right-angle SFF-8087 to right angle 7-pin SATA connectors.",null,31.578947368421055]
[null,"Black Bear Pass","AXXCBL770MSMR",3456137,"Kit of 2 cables, 770mm length, straight SFF-8087 to right angle SFF-8087 connectors.",null,21.05263157894737]
[null,"Black Bear Pass","AXXCBL165MSMS",null,"Kit of 2 cables, 165mm length, straight SFF-8087 to right angle SFF-8087 connectors. Works for: integrated expander RES2CV240 and RES2CV240 connection, chassis R2200 family.",null,21.05263157894737]
[null,"Black Bear Pass","AXXCBL185MSMS",null,"Kit of 2 cables, 185mm length, straight SFF-8087 to straight SFF-8087 connectors. Used with expanders RES2CV240 and RES2CV240 in R2200 family.",null,21.05263157894737]
[null,"Black Bear Pass","AXXCBL245MSMS",null,"Kit of 2 cables, 245mm length, straight SFF-8087 to straight SFF-8087 connectors. Used with expanders RES2CV240 and RES2CV240 in R2200 family.",null,21.05263157894737]
[null,"Black Bear Pass","AXXCBL880SATA",3345094,"SATA ODD cable for rack chassis family – 880mm long",null,2.6315789473684212]
[null,"Black Bear Pass","SVCEWDPSY",2952538,"Two year extended warranty for Intel® Server Systems or Intel® Server Knock Down Kits + Intel® Server Boards that support two processors. Intel® RAID controller extended warranty is purchased separately.",null,324.21052631578948]
[null,"Black Bear Pass","SVCEWDPBD",2952537,"Two year extended warranty for Intel® Server Boards that support two processors.",null,125.26315789473685]
[]
[null,null,null,null,null,null,null,"Product Brief","Config Guide","TPS 1","TPS 2"]
[null,"Eagle Pass",null,null,null,null,null,null,"Link","Link"]
[null,"Code Name","Part #","SKU #","Description",null,"Price"]
[null,"Eagle Pass","R1304EP2SHFN",3372995,"S2400EP2 in R1000 chassis w/ Fix PSU and hot swap HDD \n■ One S2400EP2 baseboard \n■ 4x3.5\" Hotswap HDD backplane and cage\n■ one 600W Fixed PSU \n■ non-redundant fans \n■ two heatsinks \n■ one air duct \n■ one value rail kit AXXVRAIL \n■ one 1U 21.8\" depth chassis",null,894.73684210526324]
[]
[]
[]
[]
[]
[]
[null,"Eagle Pass","FXXBP4028FAN",null,"Fan spare for S2400EP/S1400SP in R1000 chassis, 10pin-connector fan",null,"N/A"]
[null,"Eagle Pass","FXX600WFIXPSU",null,"600W Fixed PSU spare for S2400EP in R1000 chassis ",null,200]
[null,"Eagle Pass","AXX1UPCIEX16",null,"R1000 chassis standard PCIe x 16 slot riser ",null,31.578947368421055]
[null,"Eagle Pass","BXSTS100P ",null,"Passive Heat-Sink with Ducted Airflow BXSTS100P, single",null,22.105263157894736]
[null,"Eagle Pass","FXXEA90X90HS ",null,"Spare 1U Heat Sink FXXEA90X90HS (Ex-Aluminum  90mmx90mm) for S1400SP, S2400EP, S2400LP, S2400BB. It is for S2400EP front processor. ",null,36.842105263157897]
[null,"Eagle Pass","FXXCA90X90HS",null,"Spare 1U Heat Sink FXXCA90X90HS (Copper- Aluminum 90mmx90mm) for, S2400EP, S2400LP. It is for S2400EP rear processor",null,52.631578947368425]
[null,"Eagle Pass","A1U2ULCP",3163498,"LCP Module (local control panel) Enables system to display critical errors from SEL for instant diagnostic. Also allows custom message for branding. When installed  replaces ODD on 1208 family, and replaces IO ports tray on 1304, 2208, 2216, and 2308 families. Not compatible with 2224 and 2312 families. Module has 2 USB ports. No front video connector. ",null,52.631578947368425]
[null,"Eagle Pass","FFPANEL",2944090,"Front Panel board spare for use on all 1U/2U (R1000, R2000) Rack chassis and P4300 Pedestal Chassis ",null,10.526315789473685]
[null,"Eagle Pass","A1UBEZEL",3163496,"1U locking bezel with two branding clip-on inserts for logo, and one snap-on swoosh",null,36.842105263157897]
[null,"Eagle Pass","AXXVRAIL",2944099,"Value Rail Kit Works for all 438mm wide Intel Rack Chassis 1U, 2U, 4U ",null,36.842105263157897]
[null,"Eagle Pass","AXXPRAIL",3163494,"1U/2U Premium Rail Kit  Full extension and toolless rail kit. Supports cable management arm",null,89.473684210526315]
[null,"Eagle Pass","AXX1U2UCMA",3163495,"Cable management arm for Premium 1U/2U rail kit ",null,26.315789473684212]
[null,"Eagle Pass","AXX2POSTBRCKT",3343094,"Fixed mount bracket kit for 2-post racks ",null,52.631578947368425]
[null,"Eagle Pass","AXXSATADVDROM",2085919,"Slimline SATA DVDROM Device",null,52.631578947368425]
[null,"Eagle Pass","AXXSATADVDRWROM",1975837,"Slim SATA DVD+/-RW ROM Accessory",null,73.684210526315795]
[null,"Eagle Pass","FPWRCABLENA",1147081,"North American Power Cord Spare",null,3.1578947368421053]
[null,"Eagle Pass","FR1304HSBP",2944091,"Hot swap backplane board spare for  (R1304 family)",null,105.26315789473685]
[null,"Eagle Pass","F1U8X25HSBP",3176592,"Hot swap backplane board spare for 1U 8x2.5\" chassis (R1208 family)",null,126.31578947368422]
[null,"Eagle Pass","FXX25HSCAR",3176593,"Spare 2.5\" HDD hot swap carriers",null,6.5789473684210531]
[null,"Eagle Pass","FXX35HSADPB",3174236,"Spare 3.5\" HDD hot swap carriers. Includes mounting screws for mounting 2.5\" drives",null,7.8947368421052637]
[null,"Eagle Pass","RKSATA4R5",3166371,"Patsburg-A SATA SW LSI RAID 5 Key, Black",null,63.15789473684211]
[null,"Eagle Pass","RKSATA8",3166372,"8port SATA Key, Blue",null,26.315789473684212]
[null,"Eagle Pass","RKSATA8R5",3163510,"8port SATA with LSI SW RAID 5 Key, White",null,78.94736842105263]
[null,"Eagle Pass","RKSAS4",3166368,"4port SAS Key, Green",null,36.842105263157897]
[null,"Eagle Pass","RKSAS4R5",3166369,"4port SAS with LSI SW RAID 5 Key, Yellow ",null,100]
[null,"Eagle Pass","RKSAS8",3166370,"8port SAS Key, Orange",null,52.631578947368425]
[null,"Eagle Pass","RKSAS8R5",3163511,"8port SAS with LSI SW RAID 5 Key, Purple",null,115.78947368421053]
[null,"Eagle Pass","AXXRMM4LITE",2944100,"Activation key for advanced management features ",null,36.842105263157897]
[null,"Eagle Pass","AXXRMM4R",3290666,"Intel ® Remote Management Module RMM4 for rack systems  Remote KVM upgrade key and Dedicated NIC Module",null,57.894736842105267]
[null,"Eagle Pass","AXXTPME5",3163503,"TPM Module for server systems supporting S2600 and S2400 board families. ",null,57.894736842105267]
[null,"Eagle Pass","AXX10GBNIAIOM",3163506,"Dual SFP+ port 10GbE IO module based on Intel ® 82599 10 Gigabit Ethernet Controller  Supports direct connect or transceiver.  Cables/transceivers not included.  Includes three screws ",null,515.78947368421052]
[null,"Eagle Pass","AXX10GBTWLIOM",3163505,"Dual RJ-45 port 10GBASE-T IO module, based on  Intel ® Ethernet Controller X540  Includes three screws.",null,431.5789473684211]
[null,"Eagle Pass","AXX1FDRIBIOM",3166306,"Single port, FDR 56GT/S speed Intel ® I/O Expansion Infiniband module, with QSFP connector, based on Mellanox CX3 MT27504A1-FCCR-FV chip.  Includes three screws ",null,631.57894736842104]
[null,"Eagle Pass","AXX2FDRIBIOM",3179864,"Dual port, FDR 56GT/S (per port capable) speed Infiniband module, with QSFP connector, based on Mellanox CX3 MT27508A1-FCCR-FV chip. Note, due to PCIe3x8 bandwidth limitation, both ports can't simultaneously function at full speed.  Includes three screws ",null,947.36842105263167]
[null,"Eagle Pass","AXX4P1GBPWLIOM",3163507,"Quad port 1GbE IO Module based on Intel ® Ethernet Controller I350 ",null,294.73684210526318]
[null,"Eagle Pass","RMS25CB080",3163508,"HW RAID SAS Module: 8 port internal SAS-2.1 version, Full HW RAID, LSI MegaRAID-based Firmware, 1GB DDR3, R0,1,10,5,50,6,60 Supports Battery Backup Unit. Based on LSI2208. \nMezzanine card form factor  does not occupy PCIe slot, only compatible with systems enabled with SAS Module connector. ",null,436.84210526315792]
[null,"Eagle Pass","RMS25CB040",3166373,"HW RAID SAS Module: 8 port internal SAS-2.1 version, Full HW RAID, LSI MegaRAID-based Firmware, 1GB DDR3, R0,1,10,5,50,6,60 Supports Battery Backup Unit. Based on LSI2208. \nMezzanine card form factor  does not occupy PCIe slot, only compatible with systems enabled with SAS Module connector. ",null,326.31578947368422]
[null,"Eagle Pass","RMS25PB080",3166379,"HW RAID SAS Module: 8 port internal SAS-2.1 version, Full HW RAID, LSI MegaRAID-based Firmware, 1GB DDR3, R0,1,10,5,50,6,60 Supports Battery Backup Unit. Based on LSI2208. \nPCIe card form factor  compatible with all PCSD boards, requires PCIe x8 slot.",null,478.94736842105266]
[null,"Eagle Pass","RMS25PB040",3166378,"HW RAID SAS Module: 4 port internal SAS-2.1 version, Full HW RAID, LSI MegaRAID-based Firmware, 1GB DDR3, R0,1,10,5,50,6,60 Supports Battery Backup Unit. Based on LSI2208. \nPCIe card form factor  compatible with all PCSD boards, requires PCIe x8 slot.",null,368.42105263157896]
[null,"Eagle Pass","RMS25JB080",3166375,"Entry-raid SAS Module: 8 port - internal SAS-2.1 version, Entry-level LSI IR-based RAID 0,1,1E/straight SAS  Based on LSI2308. \nMezzanine card form factor  does not occupy PCIe slot, only compatible with systems enabled with SAS Module connector. ",null,147.36842105263159]
[null,"Eagle Pass","RMS25JB040",3166374,"Entry-raid SAS Module: 4 port - internal SAS-2.1 version, Entry-level LSI IR-based RAID 0,1,1E/straight SAS  Based on LSI2308. \nMezzanine card form factor  does not occupy PCIe slot, only compatible with systems enabled with SAS Module connector. ",null,110.52631578947368]
[null,"Eagle Pass","RMS25KB080",3166377,"Entry-raid SAS Module: 8 port - internal SAS-2.1 version, Entry-level LSI IR-based RAID 0,1,1E/straight SAS  Based on LSI2308. \nPCIe card form factor  compatible with all PCSD boards, requires PCIe x8 slot.",null,163.15789473684211]
[null,"Eagle Pass","RMS25KB040",3166376,"Entry-raid SAS Module: 4 port - internal SAS-2.1 version, Entry-level LSI IR-based RAID 0,1,1E/straight SAS  Based on LSI2308. \nPCIe card form factor  compatible with all PCSD boards, requires PCIe x8 slot.. ",null,126.31578947368422]
[null,"Eagle Pass","RMT3CB080",3163509,"HW RAID SATA Module: 8 Port internal SATA-3 version, Full HW RAID, LSI MegaRAID-based Firmware, 512MB DDR3, R0,1,10,5,50,6,60 Supports Battery Backup. Based on LSI2208.\nMezzanine card form factor  does not occupy PCIe slot, only compatible with systems enabled with SAS Module connector. ",null,378.94736842105266]
[null,"Eagle Pass","RMT3PB080",3166380,"HW RAID SATA Module: 8 Port internal SATA-3 version, Full HW RAID, LSI MegaRAID-based Firmware, 512MB DDR3, R0,1,10,5,50,6,60 Supports Battery Backup. Based on LSI2208.\nPCIe card form factor  compatible with all PCSD boards, requires PCIe x8 slot.",null,410.5263157894737]
[null,"Eagle Pass","AXXRSBBU9",3176599,"Lithium Polymer RAID module battery backup unit.",null,147.36842105263159]
[null,"Eagle Pass","AXXRMFBU2",3163504,"Maintenance Free Backup Unit with NAND Flash and Supercapacitor",null,194.73684210526318]
[null,"Eagle Pass","AXXCBL500MSMS",3532189,"Kit of 2 cables, 500mm length, straight SFF-8087 to SFF-8087 connectors.",null,21.05263157894737]
[null,"Eagle Pass","AXXCBL650MSMS",3344724,"Kit of 2 cables, 650mm length, straight SFF-8087 to SFF-8087 connectors",null,21.05263157894737]
[null,"Eagle Pass","AXXCBL730MSMS",3365023,"Kit of 2 cables, 730mm length, straight SFF-8087 to SFF-8087 connectors.",null,21.05263157894737]
[null,"Eagle Pass","AXXCBL600MSMS",3343231,"Kit of 2 cables, 600mm length, straight SFF-8087 to SFF-8087 connectors.",null,21.05263157894737]
[null,"Eagle Pass","AXXCBL585MSMR",3314909,"Kit of 2 cables, 585mm length, straight SFF-8087 to right angle SFF-8087 connectors.",null,21.05263157894737]
[null,"Eagle Pass","AXXCBL850MS7R",3358092,"Kit of 2 cables, 850mm length, straight SFF-8087 to right angle 7-pin SATA connectors.",null,21.05263157894737]
[null,"Eagle Pass","AXXCBL730MRMR",null,"Kit of 2 cables, 730mm length, right angle SFF-8087 to right angle SFF-8087 connectors.",null,31.578947368421055]
[null,"Eagle Pass","AXXCBL550MRMR",null,"Kit of 2 cables, 550mm length, right angle SFF-8087 to right angle SFF-8087 connectors.",null,31.578947368421055]
[null,"Eagle Pass","AXXCBL1030MR7R",null,"Kit of 2 cables, 1030mm length, right-angle SFF-8087 to right angle 7-pin SATA connectors. ",null,31.578947368421055]
[null,"Eagle Pass","AXXCBL770MSMR",3456137,"Kit of 2 cables, 770mm length, straight SFF-8087 to right angle SFF-8087 connectors.",null,21.05263157894737]
[null,"Eagle Pass","AXXCBL165MSMS",null,"Kit of 2 cables, 165mm length, straight SFF-8087 to right angle SFF-8087 connectors. Works for: integrated expander connection, chassis dependent",null,21.05263157894737]
[null,"Eagle Pass","AXXCBL185MSMS",null,"Kit of 2 cables, 185mm length, straight SFF-8087 to right angle SFF-8087 connectors. Works for: integrated expander connection, chassis dependent.",null,21.05263157894737]
[null,"Eagle Pass","AXXCBL245MSMS",null,"Kit of 2 cables, 245mm length, straight SFF-8087 to right angle SFF-8087 connectors. Works for: integrated expander connection, chassis dependent.",null,21.05263157894737]
[null,"Eagle Pass","SVCEWDPSY",2952538,"Two year extended warranty for Intel ® Server Systems or Intel ® Server Knock Down Kits + Intel ® Server Boards that support two processors. Intel ® RAID controller extended warranty is purchased separately",null,324.21052631578948]
[null,"Eagle Pass","SVCEWDPBD",2952537,"Two year extended warranty for Intel ® Server Boards that support two processors.",null,125.26315789473685]
[]
[null,null,null,null,null,null,null,"Product Brief","Config Guide","TPS 1","TPS 2"]
[null,"Swiftcurrent Pass",null,null,null,null,null,null,"Link","Link"]
[null,"Code Name","Part #","SKU #","Description",null,"Price"]
[null,"Swiftcurrent Pass","R2308SC2SHFN",3226961,"S2400SC2 in R2000 chassis w/ Fix PSU\n− One S2400SC2 baseboard\n− 8x3.5\" HS HDD backplane and cage\n− One 600W Fixed PSU\n− Non-redundant fans\n− Two heatsinks\n− One air duct\n− One value rail kit AXXELVRAIL\n− One R2000 24.75\" depth chassis\n− One 650mm miniSAS to miniSAS cable\n− One 480mm miniSAS to 4x7pin SATA with SGPIO cable",null,1000]
[]
[]
[]
[]
[]
[]
[null,"Swiftcurrent Pass","R2312SC2SHGR",3226963,"S2400SC2 in R2000 chassis w/ Redundant PSU\n− One S2400SC2 baseboard\n− 12x3.5\" HS HDD backplane and cage\n− Two 750W CRPS\n− Non-redundant fans\n− Two heatsinks\n− One air duct\n− One value rail kit AXXELVRAIL\n− One R2000 24.75\" depth chassis\n− Intel® Storage Activation key RKSATA8\n− RMM4\n− Two 650mm miniSAS to miniSAS cables\n− One 650mm miniSAS to 4x7pin SATA with SGPIO cable",null,1342.1052631578948]
[]
[]
[]
[]
[]
[]
[null,"Swiftcurrent Pass","P4304SC2SFEN",3226964,"S2400SC2 in P4000 chassis w/ Fixed PSU\n− One S2400SC2 baseboard\n− 4x3.5\" Fixed HDD bay\n− One 550W Fixed PSU\n− Non-redundant fans\n− Two heatsinks\n− One air duct\n− One P4000 21.5\" depth pedestal chassis\n− One 600mm miniSAS to 4x7pin SATA cable",null,621.0526315789474]
[]
[]
[]
[]
[]
[]
[null,"Swiftcurrent Pass","P4308SC2MHGC",3226950,"S2400SC2 in P4000 chassis w/ Redundant PSU\n− One S2400SC2 baseboard\n− 8x3.5\" Hot-swap HDD cage\n− Two 750W Redundant PSUs\n− Redundant fans\n− Two heatsinks\n− One air duct\n− One P4000 24.9\" depth pedestal chassis\n− RMM4\n− One 600mm miniSAS to 4x7pin SATA cable\n− One 650mm miniSAS to miniSAS cable",null,1021.0526315789474]
[]
[]
[]
[]
[]
[]
[null,"Swiftcurrent Pass","BXSTS100C",2371915,"Box processor standard heat sink",null,26.315789473684212]
[null,"Swiftcurrent Pass","AXXCA90X902UHS",3366649,"Passive Cu-Al heatsink optimized for S2400SC, S2400GP, S1400FP in P4000 chassis",null,26.315789473684212]
[null,"Swiftcurrent Pass","FSCUPMAD",3166327,"Air duct and unique cable kit for Intel® Server Board S2400SC to be used Intel® Server Chassis P4000M\nIncluded cables:\nMiniSAS to SATA Cable;\nMiniSAS to MiniSAS Cable;\n24pin Power Extend Cable.\nNote: Common cables are included in P4000M chassis package.",null,52.631578947368425]
[null,"Swiftcurrent Pass","FSCUPSAD",3166328,"Air duct for Intel® Server Board S2400SC to be used Intel® Server Chassis P4000S\nNote: Common cables are included in P4000S chassis package.",null,31.578947368421055]
[null,"Swiftcurrent Pass","ASCUPSFLFANKIT",3166303,"Fan kit to support full length PCI cards in P4000S server chassis for use with S2400SC board.\nIncludes: Fan mounting bracket for drive bay, PCI card support, fan mounting rivets",null,31.578947368421055]
[null,"Swiftcurrent Pass","FPDBSCPBHP",null,"Spare -- PDB for S2400SC/S1400FP used in R2000 chassis w/ CRPS PSU",null,1426.3157894736844]
[null,"Swiftcurrent Pass","FSCPBHPMK",null,"Spare -- S2400SC maintenance kit for R2000 chassis",null,"N/A"]
[null,"Swiftcurrent Pass","FXX600WFIXPSU",null,"600W Fixed PSU spare for S2400EP in R1000 chassis",null,200]
[null,"Swiftcurrent Pass","FEA90X902UHS",null,"Ex-Al Heatsink for S2400SC rear processor in R2000",null,26.315789473684212]
[null,"Swiftcurrent Pass","AXX2IOS",3166307,"IO shield for the Intel® Server Board S2600CP2, S2400GP2 and S2400SC2",null,4.2105263157894735]
[null,"Swiftcurrent Pass","F2UFIXEDFAN",null,"Spare fan kit for Intel® Server Board S2400SC in R2000 chassis",null,"N/A"]
[null,"Swiftcurrent Pass","AXX1UPCIEX16",null,"1U PCIe x16 riser, 1slot, x16 electrical/x16 mechanical",null,31.578947368421055]
[null,"Swiftcurrent Pass","FXX460GCRPS",3166344,"460W Common Redundant Power Supply (CRPS) 80Plus Gold efficiency power supply accessory.",null,163.15789473684211]
[null,"Swiftcurrent Pass","FUP550SNRPS",3166329,"550W Fixed 80Plus Silver efficiency power supply spare.",null,173.68421052631581]
[null,"Swiftcurrent Pass","FXX750PCRPS",3176473,"750W Common Redundant Power Supply (CRPS) spare 80Plus Platinum efficiency.",null,205.26315789473685]
[null,"Swiftcurrent Pass","FUPNRPSADP",2944095,"P4000 Non-Redundant Power Supply adaptor kit\nIncludes: bracket, screws, locker",null,26.315789473684212]
[null,"Swiftcurrent Pass","FUPCRPSCAGE",3166334,"Common Pedestal CRPS PSU cage assembly (cage, adaptor bracket, screws, supporting bulkhead, 1x blank filler)",null,42.10526315789474]
[null,"Swiftcurrent Pass","FUPPDBLC",3166341,"Power Distribution Board Spare (Low Current) for P4000 server chassis. Recommend to use with FXX460GCRPS or FXX750PCRPS power supplies.",null,110.52631578947368]
[null,"Swiftcurrent Pass","FUPMLHSFAN",3179876,"80mm system fan kit for P4000M/P4000L server chassis includes fan, fan holder, for use in redundant cooling configuration",null,47.368421052631582]
[null,"Swiftcurrent Pass","FUPNHFANCPU",3166339,"Fixed Fan Spare Kit for P4000M (24”) for CPU area fan.\nIncludes: (1) 120mm fixed fan",null,42.10526315789474]
[null,"Swiftcurrent Pass","FUPMNHFANPCI",3166338,"Fixed Fan spare kit for P4000M (24”) for PCI area fan.\nIncludes: (1) 120mm fixed fan",null,42.10526315789474]
[null,"Swiftcurrent Pass","AXX3U5UPRAIL",3166309,"Advanced rail kit for P4000 Server Chassis used when converting Pedestal chassis to 4U rack chassis, and full extension rails are needed.\nIncludes: (2) rails",null,84.21052631578948]
[null,"Swiftcurrent Pass","AXX3U5UCMA",3166308,"Rack Cable Management for use with Advanced Rail Kit AXX3U5UPRAIL for Intel® Server Chassis P4000 Family.",null,31.578947368421055]
[null,"Swiftcurrent Pass","FUPBEZELFIX",2944077,"Bezel spare for P4000 server chassis with fixed drives (no door)",null,26.315789473684212]
[null,"Swiftcurrent Pass","FUPBEZELHSD",2944094,"Bezel spare for P4000 server chassis with Hot Swap HDDs (w/door for HS bays)\nFits P4304, P4308, P4208, and P4216 with HS drive bays installed.",null,26.315789473684212]
[null,"Swiftcurrent Pass","AUPBEZEL4UF",3166305,"Rack bezel kit for converting P4000 pedestal server chassis to rack chassis\nIncludes: (1) bezel frame; (2) rack handles",null,73.684210526315795]
[null,"Swiftcurrent Pass","AUPBEZEL4UD",3166304,"Rack bezel accessory for P4000 chassis in rack configuration - security door only",null,36.842105263157897]
[null,"Swiftcurrent Pass","FXXFPANEL",3179874,"Front Panel board spare for P4000 server chassis",null,10.526315789473685]
[null,"Swiftcurrent Pass","A4ULCP",null,"LCP Module (local control panel)\nEnables system to display critical errors from SEL for instant diagnostic. Also allows custom message for branding.",null,63.15789473684211]
[null,"Swiftcurrent Pass","AXX2IOS",3166307,"I/O Shield spare/accessory for Intel® Server Board S2600CP2",null,4.2105263157894735]
[null,"Swiftcurrent Pass","AUPMGPUBR",3179861,"Bracket for securing full length GPU cards to fan bulkhead, for use in P4000M, includes 1 bracket, 2 GPGPU power cables, and 5 screws for GPGPU fixture.",null,31.578947368421055]
[null,"Swiftcurrent Pass","FUPMMSK",3166337,"Chassis Maintenance kit for UPM – (Mechanical Spares Kit)\nIncluding EMI cover, ODD rail, PCI card retainer {4x 3.5\" EMI cover, 8x 3.5\" EMI cover, ODD rail x4, #6-32 screw x20, M3x12 USB cable screw x2, M2x10 Intrusion cable",null,52.631578947368425]
[null,"Swiftcurrent Pass","FUPMESK",3166336,"Chassis Maintenance kit for UPM – (Electric Spares Kit)\nIncluding power cable extension, 1x4 -> 2x2 power adaptor cable accessory (for 2.5\" HDD connector)",null,100]
[null,"Swiftcurrent Pass","FPWRCABLENA",1147081,"North American Power Cord Spare",null,3.1578947368421053]
[null,"Swiftcurrent Pass","AXXPRAIL",3163494,"1U/2U Premium Rail Kit Full extension and toolless rail kit. Supports cable management arm\nNote: It will only support specific rack type with 3/8” square and 7.1mm round holes.",null,89.473684210526315]
[null,"Swiftcurrent Pass","AXX1U2UCMA",3163495,"Cable management arm for Premium 1U/2U rail kit",null,26.315789473684212]
[null,"Swiftcurrent Pass","AXXELVRAIL",3179860,"Value Rail Kit, half extension, extended inner slide member\nWorks for 438mm wide Intel 2U/4U Rack Chassis and System families (H2000, R2000LH/R2000LT Swan Peak 2U, P4000M/P4000L/P4000L-WS)\nNote: It will only support specific rack type with 3/8” square and 7.1mm round holes.",null,42.10526315789474]
[null,"Swiftcurrent Pass","AXX2POSTBRCKT",3343094,"1U/2U 2 post Brackets AXX2POSTBRCKT (Hard Mount)\nNote: It will NOT support R2312SC2SHGR system.",null,52.631578947368425]
[null,"Swiftcurrent Pass","A2UBEZEL",3163497,"2U Bezel A2UBEZEL",null,42.10526315789474]
[null,"Swiftcurrent Pass","F2U8X35HSBP",3166324,"Spare 2U 8x3.5\" HSBP board (board only)",null,142.10526315789474]
[null,"Swiftcurrent Pass","F2U12X35HSBP",3166323,"Spare 2U 12x3.5\" HSBP board (board only)",null,189.47368421052633]
[null,"Swiftcurrent Pass","A2USTOPANEL",3163499,"Storage rack ear control panel kit. Includes cables and adapter board, screws, second matching (empty) rack handle, can be used for upgrade.",null,63.15789473684211]
[null,"Swiftcurrent Pass","A1U2ULCP",3163498,"Local Control Panel Module for use with rack systems.",null,52.631578947368425]
[null,"Swiftcurrent Pass","AXXSATADVDROM",2085919,"Slimline SATA DVDROM Device",null,52.631578947368425]
[null,"Swiftcurrent Pass","AXXSATADVDRWROM",1975837,"Slim SATA DVD+/-RW ROM Accessory",null,73.684210526315795]
[null,"Swiftcurrent Pass","FUP8X35HSBP",3166332,"Spare 8x3.5\" Hot Swap Backplane for use with P4000 server chassis\nIncludes: (1) 8x3.5” backplane board",null,136.84210526315789]
[null,"Swiftcurrent Pass","FXX8X25HSBP",3179867,"8x2.5\" hot swap HSBP spare (for R2200, and P4200 Chassis families)",null,131.57894736842107]
[null,"Swiftcurrent Pass","FXX8X25DPBP",3565599,"Spare 8x2.5\" Dual Port Hot Swap Backplane for use with P4200 chassis",null,142.10526315789474]
[null,"Swiftcurrent Pass","FUP4X35HSDK",3229257,"3.5\" Hot Swap Drive Kit for P4000 server chassis\nIncludes: Drive Cage, Hot Swap Back Plane, 4 Hot Swap Drive carriers, data cables, I2C cable, and ID filler",null,105.26315789473685]
[null,"Swiftcurrent Pass","FUP8X35HSDK",3166333,"8x3.5\" Hot Swap Drive Cage Kit for P4000 server chassis\nIncludes: Drive Cage, Hot Swap Back Plane, 8 Hot Swap Drive Carriers, data cables, I2C cable, and ID filler panel",null,184.21052631578948]
[null,"Swiftcurrent Pass","FUP8X25HSDKS",3166331,"8x2.5 Hot Swap Drive Cage Kit for P4000 server chassis\nIncludes: Drive cage, Hot Swap Back Plane, 8 Hot Swap Drive carriers, data cables, I2C cable, ID filler panels, and power adaptor cable accessory",null,194.73684210526318]
[null,"Swiftcurrent Pass","FXX35HSADPB",3174236,"3.5” HDD Hot Swap Drive Carrier spares for P4300 chassis families",null,7.8947368421052637]
[null,"Swiftcurrent Pass","FXX25HSCAR",3176593,"2.5” HDD Hot Swap Drive Carrier spares for P4200 chassis families",null,6.5789473684210531]
[null,"Swiftcurrent Pass","FUP4X35NHDK",3179881,"Fixed Drive Carrier spare for P4300 server chassis\n(compatible with 2.5” HDDs/SSDs)",null,5.2631578947368425]
[null,"Swiftcurrent Pass","RKSATA4R5",3166371,"Patsburg-A SATA SW LSI RAID 5 Key, Black",null,63.15789473684211]
[null,"Swiftcurrent Pass","RKSATA8",3166372,"8port SATA Key, Blue",null,26.315789473684212]
[null,"Swiftcurrent Pass","RKSATA8R5",3163510,"8port SATA with LSI SW RAID 5 Key, White",null,78.94736842105263]
[null,"Swiftcurrent Pass","RKSAS4",3166368,"4port SAS Key, Green",null,36.842105263157897]
[null,"Swiftcurrent Pass","RKSAS4R5",3166369,"4port SAS with LSI SW RAID 5 Key, Yellow",null,100]
[null,"Swiftcurrent Pass","RKSAS8",3166370,"8port SAS Key, Orange",null,52.631578947368425]
[null,"Swiftcurrent Pass","RKSAS8R5",3163511,"8port SAS with LSI SW RAID 5 Key, Purple",null,115.78947368421053]
[null,"Swiftcurrent Pass","RES2CV240",3163501,"Integrated 24-port 6G SAS expander, compatible with R2200 family and P4000M/P4000L of chassis (only supported in 2.5” drive 2U or 4U chassis)\nIncludes 3 screws and bumpers, 4 cables and power cable.",null,257.89473684210526]
[null,"Swiftcurrent Pass","RES2CV360",3163500,"Integrated 36-port 6G SAS expander, compatible with R2200 family and P4000M/P4000L family of chassis (only supported in 2.5” drive 2U or 4U chassis)\nIncludes 3 screws and bumpers, 6 Mini-SAS cables and power cable",null,321.0526315789474]
[null,"Swiftcurrent Pass","AXXRMM4LITE",2944100,"Intel® Remote Management Module RMM4LITE - Activation key for advanced management features including remote KVM.",null,36.842105263157897]
[null,"Swiftcurrent Pass","AXXRMM4",2913076,"Intel® Remote Management Module RMM4 – Activation key for advanced management features including remote KVM plus Dedicated NIC Module",null,57.894736842105267]
[null,"Swiftcurrent Pass","AXXTPME5",3163503,"Trusted Platform Module for server systems",null,57.894736842105267]
[null,"Swiftcurrent Pass","RMS25KB080",3166377,"Intel® Integrated RAID Module RMS25KB080, PCIe Slot, LSI2308 I/O Controller, 8P Internal SAS, LSI IR-based RAID 0,1,1E\nRequires PCIex8 slot",null,163.15789473684211]
[null,"Swiftcurrent Pass","RMS25KB040",3166376,"Intel® Integrated RAID Module RMS25KB040, PCIe Slot, LSI2308 I/O Controller, 4P SAS, LSI IR-based RAID 0,1,1E\nRequires PCIex8 slot",null,126.31578947368422]
[null,"Swiftcurrent Pass","RMS25PB080",3166379,"Intel® Integrated RAID Module RMS25PB080\nLSI* SAS2208 ROC\n6Gb/s SAS/SATA\nx8 PCIe 3.0\n8 internal ports\n1GB embedded memory\nMD2 Low Profile, half length form factor\nSupport RAID 0,1,10,5,6,50,60\nRAID Premium Feature Key supported\nCables are not included\nRequires PCIex8 slot",null,478.94736842105266]
[null,"Swiftcurrent Pass","RMS25PB040",3166378,"Intel® Integrated RAID Module RMS25PB040\nLSI* SAS2208 ROC\n6Gb/s SAS/SATA\nx8 PCIe 3.0\n4 internal ports\n1GB embedded memory\nMD2 Low Profile, half length form factor\nSupport RAID 0,1,10,5,6,50,60\nRAID Premium Feature Key supported\nCables are not included\nRequires PCIex8 slot",null,368.42105263157896]
[null,"Swiftcurrent Pass","RMT3PB080",3166380,"Intel® Integrated RAID Module RMT3PB080\nLSI* SAS2208 ROC\n6Gb/s SATA\nx8 PCIe 3.0\n8 internal ports\n512MB embedded memory\nMD2 Low Profile, half length form factor\nSupport RAID 0,1,10,5,6,50,60\nRAID Premium Feature Key supported\nCables are not included\nRequires PCIex8 slot",null,410.5263157894737]
[null,"Swiftcurrent Pass","AXXRMFBU2",3163504,"Intel® RAID Maintenance Free Backup Unit AXXRMFBU2 for use with Intel® Integrated RAID Module",null,194.73684210526318]
[null,"Swiftcurrent Pass","AXXRSBBU9",3176599,"Intel® RAID Smart Battery Backup module for use with Intel® Integrated Server RAID",null,147.36842105263159]
[null,"Swiftcurrent Pass","SVCEWDPSY",2952538,"Two year extended warranty for Intel® Server Systems or Intel® Server Knock Down Kits + Intel® Server Boards that support two processors. Intel® RAID controller extended warranty is purchased separately.",null,324.21052631578948]
[null,"Swiftcurrent Pass","SVCEWDPBD",2952537,"Two year extended warranty for Intel® Server Boards that support two processors",null,125.26315789473685]
[]
[null,null,null,null,null,null,null,"Product Brief","Config Guide","TPS 1","TPS 2"]
[null,"Salmon Pass",null,null,null,null,null,null,"Link","Link"]
[null,"Code Name","Part #","SKU #","Description",null,"Price"]
[null,"Salmon Pass","R1304SP2SFBN",3554813,"S1400SP2 in R1000 chassis w/ Fixed PSU and Fixed HDD\n- One S1400SP2 baseboard,\n- 4x3.5\" Fixed HDD bay,\n- one 350W Fixed PSU,\n- non-redundant fans,\n- one heatsinks,\n- one air duct,\n- one value rail kit AXXVRAIL\n- one 1U riser AXX1UPCIEX16\n- one 1U 21.8\" depth chassis",null,684.21052631578948]
[]
[]
[]
[]
[]
[]
[null,"Salmon Pass","R1304SP2SHBN",3619839,"S1400SP2 in R1000 chassis w/ Fixed PSU and Hot swap HDD\n- One S1400SP2 baseboard,\n- 4x3.5\" hot swap HDD cage,\n- one 350W Fixed PSU,\n- non-redundant fans,\n- one heatsinks,\n- one air duct,\n- one value rail kit AXXVRAIL\n- one 1U riser AXX1UPCIEX16\n- one 1U 21.8\" depth chassis",null,736.84210526315792]
[]
[]
[]
[]
[]
[]
[null,"Salmon Pass","R1304SP4SHOC",3226954,"S1400SP4 in R1000 chassis w/ Redundant PSU and Hot swap HDD\n- One S1400SP4 baseboard,\n- 4x3.5\" hot swap HDD cage,\n- Two 450W Redundant PSUs,\n- redundant fans,\n- one heatsinks,\n- one air duct,\n- one value rail kit AXXVRAIL\n- one 1U riser AXX1UPCIEX16\n- one 1U 21.8\" depth chassis",null,1000]
[]
[]
[]
[]
[]
[]
[null,"Swiftcurrent Pass","FSPBPSMK",null,"Maintenance kit including one air duct spare and customized cables for S1400SP in R1000 chassis",null,"N/A"]
[null,"Swiftcurrent Pass","FXXBP4028FAN",null,"Fan spare for S2400EP/S1400SP in R1000 chassis, 10pin-connector fan",null,"N/A"]
[null,"Swiftcurrent Pass","F1U450WPSU",3740868,"450W mini-ERP PSU for S1400SP in R1000 chassis",null,163.15789473684211]
[null,"Swiftcurrent Pass","F1U450WPDB",null,"PDB spare for 450W mini-ERP PSU in R1000 chassis",null,136.84210526315789]
[null,"Swiftcurrent Pass","AXX1UPCIEX16",null,"R1000 chassis standard PCIe x 16 slot riser",null,31.578947368421055]
[null,"Swiftcurrent Pass","BXSTS100P",2371914,"Passive Heat-Sink with Ducted Airflow BXSTS100P, Single",null,22.105263157894736]
[null,"Swiftcurrent Pass","FXXEA90X90HS",null,"Spare 1U Heat Sink FXXEA90X90HS (Ex-Al 90mmx90mm) for S1400SP, S2400EP, S2400LP, S2400BB",null,36.842105263157897]
[null,"Swiftcurrent Pass","A1U2ULCP",3163498,"LCP Module (local control panel)\nEnables system to display critical errors from SEL for instant diagnostic. Also allows custom message for branding. When installed – replaces ODD on 1208 family, and replaces IO ports tray on 1304,2208,2216,2308 families. Not compatible with 2224 and 2312 families.\nModule has 2 USB ports. No front video connector.",null,52.631578947368425]
[null,"Swiftcurrent Pass","FXXFPANEL",3179874,"Front Panel board spare for use on all 1U/2U (R1000, R2000) Rack chassis and P4300 Pedestal Chassis",null,10.526315789473685]
[null,"Swiftcurrent Pass","A1UBEZEL",3163496,"1U locking bezel with two branding clip-on inserts for logo, and one snap-on swoosh",null,36.842105263157897]
[null,"Swiftcurrent Pass","AXXVRAIL",2944099,"Value Rail Kit\nWorks for all 438mm wide Intel Rack Chassis 1U, 2U, 4U",null,36.842105263157897]
[null,"Swiftcurrent Pass","AXXPRAIL",3163494,"1U/2U Premium Rail Kit\nFull extension and toolless rail kit. Supports cable management arm",null,89.473684210526315]
[null,"Swiftcurrent Pass","AXX1U2UCMA",3163495,"Cable management arm for Premium 1U/2U rail kit",null,26.315789473684212]
[null,"Swiftcurrent Pass","AXX2POSTBRCKT",3343094,"Fixed mount bracket kit for 2-post racks",null,52.631578947368425]
[null,"Swiftcurrent Pass","AXXSATADVDROM",2085919,"Slimline SATA DVDROM Device",null,52.631578947368425]
[null,"Swiftcurrent Pass","AXXSATADVDRWROM",1975837,"Slim SATA DVD+/-RW ROM Accessory",null,73.684210526315795]
[null,"Swiftcurrent Pass","FPWRCABLENA",1147081,"North American Power Cord Spare",null,3.1578947368421053]
[null,"Swiftcurrent Pass","FXX1304HSBP",null,"Hot swap backplane board spare for 1U 4x3.5” chassis ( R1304 family)",null,105.26315789473685]
[null,"Swiftcurrent Pass","F1U8X25HSBP",3176592,"Hot swap backplane board spare for 1U 8x2.5\" chassis (R1208 family)",null,126.31578947368422]
[null,"Swiftcurrent Pass","FXX25HSCAR",3176593,"Spare 2.5” HDD hot swap carriers",null,6.5789473684210531]
[null,"Swiftcurrent Pass","FXX35HSADPB",3174236,"Spare 3.5” HDD hot swap carriers\nIncludes mounting screws for mounting 2.5” drives",null,7.8947368421052637]
[null,"Swiftcurrent Pass","RKSATA4R5",3166371,"Patsburg-A SATA SW LSI RAID 5 Key, Black",null,63.15789473684211]
[null,"Swiftcurrent Pass","RKSATA8",3166372,"8port SATA Key, Blue",null,26.315789473684212]
[null,"Swiftcurrent Pass","RKSATA8R5",3163510,"8port SATA with LSI SW RAID 5 Key, White",null,78.94736842105263]
[null,"Swiftcurrent Pass","RKSAS4",3166368,"4port SAS Key, Green",null,36.842105263157897]
[null,"Swiftcurrent Pass","RKSAS4R5",3166369,"4port SAS with LSI SW RAID 5 Key, Yellow",null,100]
[null,"Swiftcurrent Pass","RKSAS8",3166370,"8port SAS Key, Orange",null,52.631578947368425]
[null,"Swiftcurrent Pass","RKSAS8R5",3163511,"8port SAS with LSI SW RAID 5 Key, Purple",null,115.78947368421053]
[null,"Swiftcurrent Pass","AXXRMM4LITE",2944100,"Activation key for advanced management features",null,36.842105263157897]
[null,"Swiftcurrent Pass","AXXRMM4R",3290666,"Intel® Remote Management Module RMM4 for rack systems – Remote KVM upgrade key and Dedicated NIC Module",null,63.15789473684211]
[null,"Swiftcurrent Pass","AXXTPME5",3163503,"TPM Module for server systems supporting S2600 and S2400 board families.",null,57.894736842105267]
[null,"Swiftcurrent Pass","AXX10GBNIAIOM",3163506,"Dual SFP+ port 10GbE IO module based on Intel® 82599 10 Gigabit Ethernet Controller\nSupports direct connect or transceiver. Cables/transceivers not included.\nIncludes three screws",null,515.78947368421052]
[null,"Swiftcurrent Pass","AXX10GBTWLIOM",3163505,"Dual RJ-45 port 10GBASE-T IO module, based on Intel® Ethernet Controller X540\nIncludes three screws.",null,431.5789473684211]
[null,"Swiftcurrent Pass","AXX1FDRIBIOM",3166306,"Single port, FDR 56GT/S speed Intel I/O Expansion Infiniband module, with QSFP connector, based on Mellanox CX3 MT27504A1-FCCR-FV chip.\nIncludes three screws\n*Dual port shown on picture",null,631.57894736842104]
[null,"Swiftcurrent Pass","AXX2FDRIBIOM",3179864,"Dual port, FDR 56GT/S (per port capable) speed Infiniband module, with QSFP connector, based on Mellanox CX3 MT27508A1-FCCR-FV chip. Note, due to PCIe3 x8 bandwidth limitation, both ports can’t simultaneously function at full speed.\nIncludes three screws",null,947.36842105263167]
[null,"Swiftcurrent Pass","AXX4P1GBPWLIOM",3163507,"Quad port 1GbE IO Module based on Intel® Ethernet Controller I350",null,294.73684210526318]
[null,"Swiftcurrent Pass","RMS25CB080",3163508,"HW RAID SAS Module: 8 port internal SAS-2.1 version, Full HW RAID, LSI MegaRAID-based Firmware, 1GB DDR3, R0,1,10,5,50,6,60\nSupports Battery Backup Unit. Based on LSI2208.\nMezzanine card form factor – does not occupy PCIe slot, only compatible with systems enabled with SAS Module connector.",null,436.84210526315792]
[null,"Swiftcurrent Pass","RMS25CB040",3166373,"HW RAID SAS Module: 4 port internal SAS-2.1 version, Full HW RAID, LSI MegaRAID-based Firmware, 1GB DDR3, R0,1,10,5,50,6,60\nSupports Battery Backup Unit. Based on LSI2208.\nMezzanine card form factor – does not occupy PCIe slot, only compatible with systems enabled with SAS Module connector.",null,326.31578947368422]
[null,"Swiftcurrent Pass","RMS25PB080",3166379,"HW RAID SAS Module: 8 port internal SAS-2.1 version, Full HW RAID, LSI MegaRAID-based Firmware, 1GB DDR3, R0,1,10,5,50,6,60\nSupports Battery Backup Unit. Based on LSI2208.\nPCIe card form factor – compatible with all EPSD boards, requires PCIe x8 slot.",null,478.94736842105266]
[null,"Swiftcurrent Pass","RMS25PB040",3166378,"HW RAID SAS Module: 4 port internal SAS-2.1 version, Full HW RAID, LSI MegaRAID-based Firmware, 1GB DDR3, R0,1,10,5,50,6,60\nSupports Battery Backup Unit. Based on LSI2208.\nPCIe card form factor – compatible with all EPSD boards, requires PCIe x8 slot.",null,368.42105263157896]
[null,"Swiftcurrent Pass","RMS25JB080",3166375,"Entry-raid SAS Module: 8 port internal SAS-2.1 version, Entry-level LSI IR-based RAID 0,1,1E/straight SAS\nBased on LSI2308.\nMezzanine card form factor – does not occupy PCIe slot, only compatible with systems enabled with SAS Module connector.",null,147.36842105263159]
[null,"Swiftcurrent Pass","RMS25JB040",3166374,"Entry-raid SAS Module: 4 port internal SAS-2.1 version, Entry-level LSI IR-based RAID 0,1,1E/straight SAS\nBased on LSI2308.\nMezzanine card form factor – does not occupy PCIe slot, only compatible with systems enabled with SAS Module connector.",null,110.52631578947368]
[null,"Swiftcurrent Pass","RMS25KB080",3166377,"Entry-raid SAS Module: 8 port internal SAS-2.1 version, Entry-level LSI IR-based RAID 0,1,1E/straight SAS\nBased on LSI2308.\nPCIe card form factor – compatible with all EPSD boards, requires PCIe x8 slot.",null,163.15789473684211]
[null,"Swiftcurrent Pass","RMS25KB040",3166376,"Entry-raid SAS Module: 4 port internal SAS-2.1 version, Entry-level LSI IR-based RAID 0,1,1E/straight SAS\nBased on LSI2308.\nPCIe card form factor – compatible with all EPSD boards, requires PCIe x8 slot.",null,126.31578947368422]
[null,"Swiftcurrent Pass","RMT3CB080",3163509,"HW RAID SATA Module: 8 Port internal SATA-3 version, Full HW RAID, LSI MegaRAID-based Firmware, 512MB DDR3, R0,1,10,5,50,6,60\nSupports Battery Backup. Based on LSI2208.\nMezzanine card form factor – does not occupy PCIe slot, only compatible with systems enabled with SAS Module connector.",null,378.94736842105266]
[null,"Swiftcurrent Pass","RMT3PB080",3166380,"HW RAID SATA Module: 4 Port internal SATA-3 version, Full HW RAID, LSI MegaRAID-based Firmware, 512MB DDR3, R0,1,10,5,50,6,60\nSupports Battery Backup. Based on LSI2208.\nPCIe card form factor – compatible with all EPSD boards, requires PCIe x8 slot.",null,410.5263157894737]
[null,"Swiftcurrent Pass","AXXRSBBU9",3176599,"Lithium Polymer RAID module battery backup unit.",null,147.36842105263159]
[null,"Swiftcurrent Pass","AXXCBL500MSMS",3532189,"Kit of 2 cables, 500mm length, straight SFF-8087 to SFF-8087 connectors.\nSpare for R2208GZ",null,21.05263157894737]
[null,"Swiftcurrent Pass","AXXCBL650MSMS",3344724,"Kit of 2 cables, 650mm length, straight SFF-8087 to SFF-8087 connectors.",null,21.05263157894737]
[null,"Swiftcurrent Pass","AXXCBL730MSMS",3365023,"Kit of 2 cables, 730mm length, straight SFF-8087 to SFF-8087 connectors.",null,21.05263157894737]
[null,"Swiftcurrent Pass","AXXCBL600MSMS",3343231,"Kit of 2 cables, 600mm length, straight SFF-8087 to SFF-8087 connectors.",null,21.05263157894737]
[null,"Swiftcurrent Pass","AXXCBL585MSMR",3314909,"Kit of 2 cables, 585mm length, straight SFF-8087 to right angle SFF-8087 connectors.",null,21.05263157894737]
[null,"Swiftcurrent Pass","AXXCBL850MS7R",3358092,"Kit of 2 cables, 850mm length, straight SFF-8087 to right angle 7-pin SATA connectors",null,21.05263157894737]
[null,"Swiftcurrent Pass","AXXCBL730MRMR",null,"Kit of 2 cables, 730mm length, right angle SFF-8087 to right angle SFF-8087 connectors",null,31.578947368421055]
[null,"Swiftcurrent Pass","AXXCBL550MRMR",null,"Kit of 2 cables, 550mm length, right angle SFF-8087 to right angle SFF-8087 connectors",null,31.578947368421055]
[null,"Swiftcurrent Pass","AXXCBL1030MR7R",null,"Kit of 2 cables, 1030mm length, right-angle SFF-8087 to right angle 7-pin SATA connectors",null,31.578947368421055]
[null,"Swiftcurrent Pass","AXXCBL770MSMR",3456137,"Kit of 2 cables, 770mm length, straight SFF-8087 to right angle SFF-8087 connectors",null,21.05263157894737]
[null,"Swiftcurrent Pass","AXXCBL165MSMS",null,"Kit of 2 cables, 165mm length, straight SFF-8087 to right angle SFF-8087 connectors. integrated expander connection, chassis dependent",null,21.05263157894737]
[null,"Swiftcurrent Pass","AXXCBL185MSMS",null,"Kit of 2 cables,185mm length, straight SFF-8087 to right angle SFF-8087 connectors.  integrated expander connection, chassis dependent.",null,21.05263157894737]
[null,"Swiftcurrent Pass","AXXCBL245MSMS",null,"Kit of 2 cables, 245mm length, straight SFF-8087 to right angle SFF-8087 connectors.  integrated expander connection, chassis dependent",null,21.05263157894737]
[null,"Swiftcurrent Pass","SVCEWDPSY",2952538,"Two year extended warranty for Intel® Server Systems or Intel® Server Knock Down Kits + Intel® Server Boards that support two processors. Intel® RAID controller extended warranty is purchased separately.",null,324.21052631578948]
[null,"Swiftcurrent Pass","SVCEWDPBD",2952537,"Two year extended warranty for Intel® Server Boards that support two processors.",null,125.26315789473685]
[]
[null,null,null,null,null,null,null,"Product Brief","Config Guide","TPS 1","TPS 2"]
[null,"Bear Tooth Pass",null,null,null,null,null,"Link","Link","Link"]
[null,"Code Name","Part #","SKU #","Description",null,"Price"]
[null,"Bear Tooth Pass","R1304BTLSHBNR",3290871,"Intel ® Server System R1304BTLSHBNR Includes:\n■ Intel ® Server Board S1200BTLR with Intel ® C204  chipset \n■ Intel ® Server Chassis R1304 \n■ One 4-port passive SATA Backplane \n■ Four 3.5\" Hot Swap HDD sleds \n■ Three non-redundant non-hotswap fans \n■ One low profile riser with one PCI Express 2.0 x8 wired slot (one x8 connector) \n■ One Silver efficient 350W power supply \n■ Four SATA cables for 3.5” HDD bays \n■ One cable for Optical drive bay \n■ One passive processor \n■ heatsink \n■ Documentation (Quick StartUser’s Guide, Quick Reference label, Attention Document, RoHS Declaration) \n■ Resource DVD with utilities, drivers, documentation, technical information,and Intel ® System Management Software \n■ Two chassis front handles in the box (ears)",null,526.31578947368428]
[]
[]
[]
[]
[]
[]
[null,"Bear Tooth Pass","R1304BTLSFANR",3344035,"Intel ® Server System R1304BTLSFANR Includes: \n■ Intel ® Server Board S1200BTLR with Intel ® C204 chipset \n■ Intel ® Server Chassis R1304 \n■ Four fixed 3.5” HDD sleds \n■ Three non-redundant non-hotswap fans \n■ One low profile riser with one PCI Express 2.0 x8 wired slot (one x8 connector) \n■ One Bronze efficient 250W power supply \n■ Four SATA cables for 3.5” HDD bays \n■ One cable for Optical drive bay \n■ One processor heatsink \n■ Documentation (Quick Start User’s Guide, Quick Reference label, Attention Document, RoHS Declaration) \n■ Resource DVD with utilities, drivers, documentation, technical information,and Intel ® System Management Software \n■ Two chassis front handles in the box (ears)",null,473.68421052631584]
[]
[]
[]
[]
[]
[]
[null,"Bear Tooth Pass","R1304BTSSFANR",3319958,"Intel ® Server System R1304BTSSFANR Includes:\n■ Intel ® Server Board S1200BTSR with Intel ® C202 chipset \n■ Intel ® Server Chassis R1304 (Fixed HDD) \n■ Four fixed 3.5” HDD sleds \n■ Three non-redundant non-hotswap fans \n■ One low profile riser with one PCI Express*2.0 x8 wired slot (one x8 connector) \n■ One Bronze efficient 250W power supply \n■ Four SATA cables for 3.5” HDD bays \n■ One cable for Optical drive bay \n■ One passive processor \n■ heatsink \n■ Documentation (Quick StartUser’sGuide, Quick Reference label, Attention Document, RoHS Declaration) \n■ Resource DVD with utilities, drivers, documentation, and technical information \n■ Two chassis front handles in the box (ears)",null,421.0526315789474]
[]
[]
[]
[]
[]
[]
[null,"Bear Tooth Pass","P4304BTLSHCNR",3226969,"Intel ® Server System P4304BTLSHCNR Includes: \n■ Intel ® Server Board S1200BTLR with Intel ® C204 chipset \n■ Intel ® Server Chassis P4304 (21” Pedestal chassis) \n■ 4x Hot Swap (3.5”) HDD Drive Kit \n■ One rear chassis fan \n■ One 365W power supply \n■ Four SATA cables \n■ Power cable adapter \n■ Documentation (Quick Start User’s Guide, Configure label, Attention Document, RoHS Declaration) \n■ Resource DVD with utilities, drivers, documentation and technical information,and Intel ® System Management Software \n*Note:No heatsink included.",null,500]
[]
[]
[]
[]
[]
[]
[null,"Bear Tooth Pass","P4304BTLSHCNR",3226969,"Intel ® Server System P4304BTLSFCNR Includes: \n■ Intel ® Server Board S1200BTLR with Intel ® C204 chipset\n■ Intel ® Server Chassis P4304 (21” Pedestal chassis) \n■ 4 x Fixed (3.5”) HDD Carriers \n■ One rear chassis fan \n■ One 365W power supply \n■ Four SATA cables \n■ Power cable adapter \n■ Documentation (Quick Start User’s Guide, ConfigurationLabel, Attention Document, RoHS Declaration)\n■ Resource DVD with utilities, drivers, documentation,  technical information, and Intel ® System Management Software",null,500]
[]
[]
[]
[]
[]
[]
[null,"Bear Tooth Pass","P4304BTSSFCNR",3371189,"Intel ® Server System P4304BTSSFCNR Includes: \n■ Intel ® Server Board S1200BTSR with Intel ® C202 chipset \n■ Intel ® Server Chassis P4304 (21” Pedestal chassis) \n■ 4 x Fixed (3.5”) HDD Carriers\n■ One rear chassis fan \n■ One 365W power supply \n■ Four SATA cables \n■ Power cable adapter\n■ Documentation (Quick Start User’s Guide, ConfigurationLabel, Attention Document, RoHS Declaration) \n■ Resource DVD with utilities, drivers, documentation, and technical information",null,384.21052631578948]
[]
[]
[]
[]
[]
[]
[null,"Bear Tooth Pass","AXX4SASMOD",2424809,"Internal 4-port SAS module, based on LSI* 1064e controller, with EmbeddedRAID support.\nNote:This module can be used on S1200BTLR andS1200BTLRM.",null,78.94736842105263]
[null,"Bear Tooth Pass","AXXRMS2LL040",3029693,"Internal 4-port SAS (6Gb) module 4P SAS with RAID 0,1,1E\nNote:This module can be used on S1200BTLR andS1200BTLRM.",null,126.31578947368422]
[null,"Bear Tooth Pass","AXXRMS2AF040",2731094,"Internal 4-port SAS (6Gb) Entry Module with RAID 0,1,5\nNote:This module can be used on S1200BTLR andS1200BTLRM.",null,200]
[null,"Bear Tooth Pass","AXXRAKSW5",1159847,"Intel ® RAID Activation Key AXXRAKSW5 to enable SW RAID 5 for Embedded SW RAID Technologystackon MB SATA ports (compatible with both S1200BTLR, S1200BTLRM,andS1200BTSR)",null,78.94736842105263]
[null,"Bear Tooth Pass","RMT3PB080",3166380,"HW RAID SATA Module: 8 Port internal SATA-3 version, Full HW RAID, LSI*MegaRAID-based Firmware, 512MB DDR3, RAID0,1,10, 5,50,6,60 Supports Battery Backup. Based on LSI2208.\nPCIecard form factor –compatible with all EPSD boards, requires PCIe x8 slot.\nNote:This module can only be used on S1200BTLRM.",null,410.5263157894737]
[null,"Bear Tooth Pass","RMS25PB080",3166379,"HW RAID SAS Module: 8 port internal SAS-2.1 version, Full HW RAID, LSI*MegaRAID-based Firmware, 1GB DDR3, RAID0,1,10,5, 50,6,60. Supports Battery Backup Unit. Based on LSI2208.\nPCIe card form factor –compatible with all EPSD boards, requires PCIe x8 slot.\nNote:This module can only be used on S1200BTLRM.",null,478.94736842105266]
[null,"Bear Tooth Pass","RMS25PB040",3166378,"HW RAID SAS Module: 4 port internal SAS-2.1 version, Full HW RAID, LSI*MegaRAID-based Firmware, 1GB DDR3, RAID0,1,10,5, 50,6,60. Supports Battery Backup Unit. Based on LSI2208.\nPCIe card form factor –compatible with all EPSD boards, requires PCIe x8 slot.\nNote:This module can only be used on S1200BTLRM.",null,368.42105263157896]
[null,"Bear Tooth Pass","RMS25KB080",3166377,"Entry-raid SAS Module: 8 port - InternalSAS-2.1 version, Entry-level LSI IR-based RAID 0,1,1E/straight SAS based on LSI2308.\nPCIe card form factor –compatible with all EPSD boards, requires PCIe x8 slot.\nNote:This module can only be used on S1200BTLRM.",null,163.15789473684211]
[null,"Bear Tooth Pass","RMS25KB040",3166376,"Entry-raid SAS Module: 8 port - InternalSAS-2.1 version, Entry-level LSI IR-based RAID 0,1,1E/straight SAS based on LSI2308.\nPCIe card form factor –compatible with all EPSD boards, requires PCIe x8 slot.\nNote:This module can only be used on S1200BTLRM.",null,126.31578947368422]
[null,"Bear Tooth Pass","SVCEWRAID",2952540,"Intel ® Server Component Extended Warranty Extended Warranty SKU RAID Extended Warranty from 3 years to 5 years Can be applied to the following SKUs: AXXRAKSW5, AXX4SASMOD, AXXRMS2AF040, AXXRMS2AF080, AXXRMS2LL040, AXXRMS2LL080.",null,80]
[null,"Bear Tooth Pass","RS2BL040",2658847,"Intel ® RAID Controller RS2BL040\nLSI* SAS2108 ROC \n6Gb/s SAS/SATA, x8 PCIe 2.0 \n4 internal ports \n512MB embedded memory \nMD2 Low Profile, half-length form factor \nSupports RAID 0,1,10,5,6,50,60 \nRAID Premium Feature Key supported One MS to 7pin SATA cable included\nNote:This controller can be used on S1200BTLR and S1200BTSR.",null,321.0526315789474]
[null,"Bear Tooth Pass","RS2BL080",2517907,"Intel ® RAID Controller RS2BL080 \nLSI* SAS2108 ROC \n6Gb/s SAS/SATA, x8 PCIe 2.0 \n8 internal ports \n512MB embedded memory \nMD2 Low Profile, half-length form factor \nSupports RAID 0,1,10,5,6,50,60 \nRAID Premium Feature Key supported \nTwo MS to 7pin SATA cables included\nNote:This controllercan be used on S1200BTLR and S1200BTSR.",null,478.94736842105266]
[null,"Bear Tooth Pass","RS2MB044",2654881,"Intel ® RAID Controller RS2MB044 \nLSI* SAS2108 ROC \n6Gb/s SAS/SATA, x8 PCIe 2.0 \n4internal ports and 4 external ports \n512MB embedded memory \nMD2 Low Profile, half-length form factor \nSupports RAID 0,1,10,5,6,50,60 \nRAID Premium Feature Key supported \nOne MS to 7pin SATA cable included\nNote:This controllercan be used on S1200BTLR and S1200BTSR.",null,621.0526315789474]
[null,"Bear Tooth Pass","RS2PI008",2771640,"ntel ® RAID Controller RS2PI008 \nLSI* SAS2108 ROC \n6Gb/s SAS/SATA, x8 PCIe 2.0 \n8 external ports \n512MB embedded memory \nMD2 Low Profile, half-length form factor \nSupports RAID 0,1,10,5,6,50,60 \nRAID Premium Feature Key supported \nCables are not included\nNote:This controllercan be used on S1200BTLR, S1200BTLRM,and S1200BTSR.",null,630.52631578947376]
[null,"Bear Tooth Pass","RS2WC080",2654882,"Intel ® RAID Controller RS2WC080 \nLSI* SAS2008 Processor Chip \n6Gb/s SAS/SATA, x8 PCIe 2.0 \n8 internal ports \n2MB Context, no BBU option \nMD2 Low Profile, half-length form factor \nSupports RAID 0,1,10,5,50 \nTwo MS to 7pin SATA cables included\nNote:This controller can be used on S1200BTLR and S1200BTSR.",null,274.73684210526318]
[null,"Bear Tooth Pass","RS2WC040",2654883,"Intel ® RAID Controller RS2WC080 \nLSI* SAS2008 Processor Chip \n6Gb/s SAS/SATA, x8 PCIe 2.0 \n4 internal ports \n2MB Context, no BBU option \nMD2 Low Profile, half-length form factor \nSupports RAID 0,1,10,5,50 \nOne MS to 7pin SATA cable included\nNote:This controller can be used on S1200BTLR and S1200BTSR.",null,222.10526315789474]
[null,"Bear Tooth Pass","RS25GB008",3060867,"Intel ® RAID Controller RS25GB008 \nLSI* SAS2308 Processor Chip \n6Gb/s SAS/SATA, x8 PCIe 3.0 \n8 external ports \nNo embedded memory \nMD2 Low Profile, half-length form factor \nSupports IT mode only \nCables are not included\nNote:This controllercan be used only on S1200BTLRM.",null,326.31578947368422]
[null,"Bear Tooth Pass","RS25DB080",3060863,"Intel ® RAID Controller RS25DB080 \nLSI* SAS2208 ROC \n6Gb/s SAS/SATA, x8 PCIe 2.0/3.0 \n8 internal ports \n1GB embedded memory \nMD2 Low Profile, half-length form factor \nSupports RAID 0,1,10,5,6,50,60 \nRAID Premium Feature Key supported \nCables are not included\nNote:This controller can be used only on S1200BTLRM.",null,594.73684210526324]
[null,"Bear Tooth Pass","RS2SG244",2771643,"Intel ® RAID Controller RS2SG244 \nLSI* SAS2108 ROC \n6Gb/s SAS/SATA, x8 PCIe 2.0 \n24 internal ports and 4 external ports \n512MB embedded memory \nFull Height, half-length form factor \nSupports RAID 0,1,10,5,6,50,60 \nRAID Premium Feature Key supported \nMS to MS cables included\nNote:This controllercanbe used only on S1200BTLRM.",null,1047.3684210526317]
[null,"Bear Tooth Pass","AXXRMM4LITE",2944100,"Intel ® Remote Management Module RMM4 LITE–RemoteKVM upgrade Module",null,36.842105263157897]
[null,"Bear Tooth Pass","AXXRMM4",2913076,"Intel ® Remote KVM upgrade with Dedicated NIC Module",null,57.894736842105267]
[null,"Bear Tooth Pass","AXXTPME3",2944101,"Intel ® TPM Trusted Platform Module",null,57.894736842105267]
[null,"Bear Tooth Pass","AXXVRAIL",2944099,"Value Rail Kit Works for 438mm wide Intel ® 1U/2U Rack Chassis (R1300, R1200, R2200, R2300). CAUTION:THE MAXIMUM RECOMMENDED SERVER WEIGHT FOR THE RACK RAILS CAN BE FOUND at http://www.intel.com/support/motherb oards/server/sb/CS-033655.htm .EXCEEDING THE MAXIMUM RECOMMENDED WEIGHT OR MISALIGNMENT OF THE SERVER MAY RESULT IN FAILURE OF THE RACK RAILS HOLDING THE SERVER.Use of a mechanical assist to install and align server into the rack rails is recommended. \nNote:It will only support specific rack type with 3/8” square and 7.1mm round holes.",null,36.842105263157897]
[null,"Bear Tooth Pass","AXXPRAIL",3163494,"1U/2U Premium Rail Kit Full extension and toollessrail kit. Supports cable management arm. Rail allows adjustment within 609.6mm~765mm to fit difference depth rack. Maximum extension when installed 800mm\nNote:AXXPRAIL is only supported by systems R1304BTSSFANR(TA#: G65158-002 or later), R1304BTLSHBNR(TA#: G65145-002 or later), and R1304BTLSFANR(TA#: G65155-002 or later)\nCAUTION: THE MAXIMUM RECOMMENDED SERVER WEIGHT FOR THE RACK RAILS CAN BE FOUND at http://www.intel.com/support/motherb oards/server/sb/CS-033655.htm .EXCEEDING THE MAXIMUM RECOMMENDED WEIGHT OR MISALIGNMENT OF THE SERVER MAY RESULT IN FAILURE OF THE RACK RAILS HOLDING THE SERVER.Use of a mechanical assist to install and align server into the rack rails is recommended. \nNote:It will only support specific rack type with 3/8” square and 7.1mm round holes.",null,89.473684210526315]
[null,"Bear Tooth Pass","AXX2POSTBRCKT",3343094,"Fixed mount bracket kit for 2-post racks Note:It will only support specific rack type with 3/8” square and 7.1mm round holes. Not compatible with 2U 24 x 2.5” HDD or 2U 12 x 3.5” HDD systems.",null,52.631578947368425]
[null,"Bear Tooth Pass","FXXFPANEL",3179874,"Front Panel board spare for use on all 1U/2U (R1300, R1200, R2200, R2300) Rack chassis and P4300 Pedestal Chassis",null,10.526315789473685]
[null,"Bear Tooth Pass","FR1304MSK",2944074,"Mechanical Spares Kit for R1304 Rack Chassis",null,52.631578947368425]
[null,"Bear Tooth Pass","FR1304ESK",2944075,"Electrical Spares Kit for R1304 Rack Chassis",null,131.57894736842107]
[null,"Bear Tooth Pass","FUP4X35HSDK",3229257,"Hot Swap Drive Bay Kit for P4304 Pedestal Chassis-Content List",null,105.26315789473685]
[null,"Bear Tooth Pass","FXX35HSADPB",3174236,"3.5” HDD Hot Swap carrier spares for either R1304, R2300, or P4300 chassis",null,7.8947368421052637]
[null,"Bear Tooth Pass","FUPBEZELFIX",2944077,"Bezel spare for P4304server chassis with fixed drives(no door)\nNote:FUPBEZELFIX is compatible to P4304XXSFCN (MM#911754) with TA number G15844-005,-004, -003, -002,and-001 exclusively. All rest chassis with fixed drives are compatible with FUPBEZELFIX2.",null,26.315789473684212]
[null,"Bear Tooth Pass","FUPBEZELFIX2",null,"Bezel spare for P4304server chassis with fixed drives (no door)\nNote:FUPBEZELFIX2 is not compatible to P4304XXSFCN (MM#911754) with TA number G15844-005,-004, -003, -002,and-001",null,26.315789473684212]
[null,"Bear Tooth Pass","FUPBEZELHSD",2944094,"Bezel spare for P4304server chassis with Hot Swap HDDs (with door for hot swap bays)\nNote:FUPBEZELHSDiscompatible to P4304XXSHCN(MM#911765) withTA number G21447-004,-003, -002 and -001exclusively. All rest chassis are compatible with FUPBEZELHSD2",null,26.315789473684212]
[null,"Bear Tooth Pass","FUPBEZELHSD2",null,"Bezel spare for P4304server chassis with Hot Swap HDDs (with door for hot swap bays) (fits P4304, P4308, P4208, and P4216 with hot swap drive bays installed)\nNote:FUPBEZELHSD2 is not compatible to P4304XXSHCN (MM#911765) with TA number G21447-004,-003, -002and-001",null,26.315789473684212]
[null,"Bear Tooth Pass","FUP4X35NHDK",3179881,"Fixed drive carrier for P4304 server chassis (compatible with 2.5” HDDs/SSDs)",null,5.2631578947368425]
[null,"Bear Tooth Pass","FUPSMSK",2944097,"Pedestal Mechanical Spares Kit for P4304 Pedestal Chassi",null,52.631578947368425]
[null,"Bear Tooth Pass","FUPSESK",2944098,"Pedestal Electrical Spares Kit for P4304 Pedestal Chassis",null,100]
[null,"Bear Tooth Pass","FUP4X35HSBP",null,"4 x 3.5” hard drive Hot Swap Backplane spare for P4304 Pedestal chassis",null,32.631578947368425]
[null,"Bear Tooth Pass","AXXSATADVDROM",2085919,"Slim lineSATA DVDROM Accessory",null,52.631578947368425]
[null,"Bear Tooth Pass","AXXSATADVDRWROM",1975837,"Slim SATA DVD+/-RW ROM Accessory",null,73.684210526315795]
[null,"Bear Tooth Pass","FPWRCABLENA",1147081,"North American Power Cord Spar",null,3.1578947368421053]
[null,"Bear Tooth Pass","FR1000FAN",2944093,"R1000 Chassis Family Fan spare kit. 28mm x 40mm for R1304 UP Rack system",null,52.631578947368425]
[null,"Bear Tooth Pass","FXX1304HSBP",null,"Hot Swap Backplane spare for R1304 1U chassis",null,105.26315789473685]
[null,"Bear Tooth Pass","AXXTIO",3703289,"I/O Shield for Intel ® Server Boards S1200BTSR, S1200BTLRand S1200BTLRM.",null,3.1578947368421053]
[null,"Bear Tooth Pass","FUPSNHFANE3",2944096,"92mm rear fan kit (1x92 mm fan, 1xrear vent cover) spare for P4304 Pedestal*Chassis",null,52.631578947368425]
[null,"Bear Tooth Pass","A1UBEZEL",3163496,"1U locking bezel with two branding clip-on inserts for logo, and one snap-on swoosh",null,36.842105263157897]
[null,"Bear Tooth Pass","AXXCBL740MS7P",3002596,"Intel ® RAID/SAS Cable",null,21.05263157894737]
[null,"Bear Tooth Pass","FR1000PS350",2944073,"R1304BT 350W non-redundant power supply spare",null,89.473684210526315]
[null,"Bear Tooth Pass","FR1000PS250",2944072,"R1304BT 250W non-redundant power supply spare",null,68.421052631578945]
[null,"Bear Tooth Pass","FUP365SNRPS",2944076,"P4304  365W non-redundant Power Supply Spare(80 Plus Silver)",null,78.94736842105263]
[null,"Bear Tooth Pass","F1US8RISER",null,"One slot PCI-e Riser.   Riser provides: One full-size x8 physical x8 electrical slot",null,"N/A"]
[]
[null,null,null,null,null,null,null,"Product Brief","Config Guide","TPS 1","TPS 2"]
[null,"Rainbow Pass",null,null,null,null,null,"Link","Link","Link"]
[null,"Code Name","Part #","SKU #","Description",null,"Price"]
[null,"Rainbow Pass","R1304RPOSHBN",3656227,"Intel ® Server System R1304RPOSHBN Includes:   \n■ Intel ® Server Board S1200RPO with Intel ® C224  chipset  \n■ Intel Server Chassis R1304  \n■ One 4-port passive SAS/SATA Backplane  \n■ 4 3.5\" Hot Swap HDD sleds  \n■ 3 non-redundant non-hotswap fans  \n■ 1 full-height riser (one x16 connector), supporting a FHML add-in card  \n■ 1 Silver efficient 350W fixed power supply     \n■ 1 cable for Optical drive bay  \n■ 1 passive processor heatsink  \n■ Documentation (Quick Start Guide, Quick Reference label, Attn Doc, RoHS Declaration)  \n■ Resource CD with utilities, drivers, documentation and technical information  \n■ Intel System Management Software CD  \n■ 2 chassis front handles in the box (ears)  \nNote: Does not include rack rails. AXXVPSRAIL or AXXPRAIL",null,557.89473684210532]
[]
[]
[]
[]
[]
[]
[null,"Rainbow Pass","R1304RPSSFBN",3616984,"Intel ® Server System R1304RPSSFBN Includes:   \n■ Intel ®  Server Board S1200RPS with Intel ® C222 chipset  \n■ Intel Server Chassis R1304 (Fixed HDD)    \n■ 4 fixed 3.5\" HDD sleds\n■ 3 non-redundant non-hotswap fans  \n■ 1 full-height riser (one x16 connector), supporting a FHML addin card  \n■ 1 Silver efficient 350W fixed power supply  \n■ 4 SATAcables for 3.5\" HDD bays  \n■ 1 cable for Optical drive bay  \n■ 1 passive processor heatsink   \n■ Documentation (Quick Start Guide, Quick Reference label, Attn Doc, RoHS Declaration)  \n■ Resource CD with utilities, drivers, documentation and technical information  \n■ 2 chassis front handles in the box (ears)  \nNote: Does not include rack rails. AXXVPSRAIL or AXXPRAIL",null,452.63157894736844]
[]
[]
[]
[]
[]
[]
[null,"Rainbow Pass","R1304RPMSHOR",3616985,"Intel ® Server System R1304RPMSHOR Includes:   \n■ Intel ®  Server Board S1200V3RPM with Intel ® C226 chipset  \n■ Intel Server Chassis R1304 (HS HDD)    \n■ 4 HS 3.5\" HDD Sleds\n■ 3 non-redundant non-hotswap fans \n■ 1 full-height riser (one x16 connector), supporting a FHML addin card  \n■ 2  Gold efficiency 450W HS Redundant power supplies    \n■ 4 SATA cables for 3.5\" HDD bays\n■ 1 cable for Optical drive bay  1 passive processor heatsink  \n■ Documentation (Quick Start Guide, Quick Reference label, Attn Doc, RoHS Declaration)  \n■ Resource CD with utilities, drivers, documentation and technical information  \n■ 2 chassis front handles in the box (ears)  \nNote: Does not include rack rails. AXXVPSRAIL or AXXPRAIL",null,794.73684210526324]
[]
[]
[]
[]
[]
[]
[null,"Rainbow Pass","R1208RPOSHOR",3751181,"Intel ® Server System R1208RPOSHOR Includes: \n■ Intel ®  Server Board S1200RPO with Intel ® C224 chipset  \n■ Intel Server Chassis R1304 (HS HDD)  \n■ 8 HS 2.5\" HDD sleds\n■ 3 non-redundant non-hotswap fans  \n■ 1 full-height riser (one x16 connector), supporting a FHML addin card  \n■ 2  Gold efficiency 450W HS Redundant power supplies  \n■ 1 cable for Optical drive bay  \n■ 1 passive processor heatsink  \n■ Documentation (Quick Start Guide, Quick Reference label, Attn Doc, RoHS Declaration) \n■ Resource CD with utilities, drivers, documentation and technical information \n■ 2 chassis front handles in the box (ears) \nNote: Drive cabling to the backplane is configuration dependent. If configuration is going to use the 6 motherboard SATA ports a cable needs to be sourced. There is a cable in the Electrical Spares Kit (Product Code FR1304E3V3ESK MM# 928728) or can be sourced from Amphenol(PN:RMS36-0997).    When using one of our Intel Storage Modules select one of the 8 drive modules and use the AXXE38DRVCBL cable accessory to connect the module to the backplane.  \nNote: Does not include rack rails. AXXVPSRAIL or AXXPRAIL",null,873.68421052631584]
[]
[]
[]
[]
[]
[]
[]
[null,"Rainbow Pass","R1208RPOSHOR",3751181,"Intel ® Server System R1208RPMSHOR Includes: \n■ Intel ®  Server Board S1200RPM with Intel ® C226 chipset  \n■ Intel Server Chassis R1208 (HS HDD) \n■ 8 HS 2.5\" HDD sldeds\n■ 3 non-redundant non-hotswap fans  \n■ 1 full-height riser (one x16 connector), supporting a FHML addin card  \n■ 2  Gold efficiency 450W HS Redundant power supplies  \n■ 1 cable for Optical drive bay  \n■ 1 passive processor heatsink  \n■ Documentation (Quick Start Guide, Quick Reference label, Attn Doc, RoHS Declaration)  \n■ Resource CD with utilities, drivers, documentation and technical information  \n■ 2 chassis front handles in the box (ears) \nNote: Drive cabling to the backplane is configuration dependent. If configuration is going to use the 6 motherboard SATA ports a cable needs to be sourced. There is a cable in the Electrical Spares Kit (Product Code FR1304E3V3ESK MM# 928728) or can be sourced from Amphenol(PN:RMS36-0997).    When using one of our Intel Storage Modules select one of the 8 drive modules and use the AXXE38DRVCBL cable accessory to connect the module to the backplane.  \nNote: Does not include rack rails. AXXVPSRAIL or AXXPRAIL  ",null,873.68421052631584]
[]
[]
[]
[]
[]
[]
[]
[]
[]
[]
[]
[null,"Rainbow Pass","P4308RPLSHDR",3742595,"Intel® Server System P4308RPLSHDR (Entry Pedestal System w/8 x Hot  Includes:  \n■ Intel ®  Server Board S1200V3RPL (with C226 chipset) \n■ 8 x HS (3.5\") HDD Carriers\n■ 1 rear chassis fan  \n■ 2x 460W HS CRPS power supplies (Cold Redundant Power Supply)\nNote: Heatsink not included, boxed processor comes with appropriate heatsink to use with this chassis.",null,789.47368421052636]
[]
[]
[]
[]
[]
[]
[null,"Rainbow Pass","RMS25JB040",3166374,"Internal 4-port SAS module (JB040)",null,110.52631578947368]
[null,"Rainbow Pass","RMS25JB080",3166375,"Internal 8-port SAS (6Gb)  (JB080) ",null,147.36842105263159]
[null,"Rainbow Pass","RMS25CB040",3166373,"Internal 4-port SAS RAID (CB040)",null,326.31578947368422]
[null,"Rainbow Pass","RMS25CB080",3163508,"Internal 8-port SAS (6Gb)  (CB080) ",null,436.84210526315792]
[null,"Rainbow Pass","RKSATA4R5",3166371,"Intel® RAID Upgrade Key RKSATA4R5 enables LSI SATA SW RAID 5, Black",null,63.15789473684211]
[null,"Rainbow Pass","AXXRMM4LITE",2944100,"Intel® Remote Management Module RMM4 LITE -Remote KVM upgrade Key",null,36.842105263157897]
[null,"Rainbow Pass","AXXRMM4",2913076,"Intel® Remote Management Module RMM5  Remote KVM upgrade with Dedicated NIC Module ",null,57.894736842105267]
[null,"Rainbow Pass","AXXTPME5",3163503,"Intel® TPM Trusted Platform Module ",null,57.894736842105267]
[null,"Rainbow Pass","AXX10GBTWLHW",3478931,"Dual RJ-45 port 10G BASE-T I/O expansion module, based on Intel® Ethernet Controller X540   Includes three screws, port label sticker.  ",null,431.5789473684211]
[null,"Rainbow Pass","AXX4P1GBPWLIOM",3163507,"Quad port 1GbE I/O expansion module based on Intel® Ethernet Controller I350 (PCIe 2.0 (5GT/s))  Includes three screws, port label sticker  ",null,294.73684210526318]
[null,"Rainbow Pass","AXX10GBNIAIOM",3163506,"Dual SFP+ port 10GbE IO module based on Intel® 82599 10 Gigabit Ethernet Controller  Supports direct connect or transceiver.   Cables/transceivers not included.   Includes three screws, port label sticker.",null,515.78947368421052]
[null,"Rainbow Pass","AXXVPSRAIL",null,"Value Rail Kit Works for 438mm wide Intel 1U/2U Rack Chassis (R1300, R1200) \n Note: This kit is NOT compatible with AXX1U2UCMA ",null,42.10526315789474]
[null,"Rainbow Pass","AXXPRAIL",3163494,"1U/2U Premium Rail Kit  Full extension and toolless rail kit. Supports cable management arm   Full extension and toolless rail kit. Supports cable management arm. Rail allows adjustment within 609.6mm~762mm to fit difference depth rack. Maximum extension when installed  (travel distance) 800 mm. \n Note: It will only support specific rack type with 3/8\" square and 7.1mm round holes\n Note: This kit is compatible with AXX1U2UCMA ",null,89.473684210526315]
[null,"Rainbow Pass","AXX1U2UCMA",3163495,"Cable management arm for Premium 1U/2U rail kit\nNote: only works with AXXPRAIL",null,26.315789473684212]
[null,"Rainbow Pass","FXXFPANEL",3179874,"Front Panel board spare for use on all 1U/2U (R1300, R1200, R2200, 2300) Rack chassis and P4300 Pedestal Chassis ",null,10.526315789473685]
[null,"Rainbow Pass","AXXE34DRVCBL",null,"SAS Cable from IOM to backplane, miniSAS 8087 to 4 SATA connectors  Note there are two cables included in package",null,25.263157894736842]
[null,"Rainbow Pass","AXXE38DRVCBL",null,"SAS Cable from IOM to backplane, miniSAS 8087 to mini 8087 ",null,26.315789473684212]
[null,"Rainbow Pass","FR1304E3V3MSK",null,"Mechanical Spares Kit for R1304 Rack Chassis Contains: \n■ IO Bracket Mounting Screw for 8*2.5 Front end \n■ IOM Bracket IO Bracket (without knockouts)\n■ BBU Bracket \n■ CDROM Filler Panel - Screw On for 1U chassis\n■ ODD latch w/2screws \n■ 1U Loop Rack Handles (set) \n■ CPU socket spacer \n■ PSU Cable Clip \n■ Standoff for Zepher board \n■ MB Bumper Pad \n■ SAS module standoff ",null,121.05263157894737]
[null,"Rainbow Pass","FR1304E3V3ESK",null,"Electrical Spares Kit for R1304 Rack Chassis Contains \n■ Front Panel Cable (24pin) \n■ Dual USB 2.0 Cable \n■ Dual USB 3.0 Cable  \n■ 4 x SATA cable for HDDs \n■ SATA cable for ODD (370mm) \n■ Power adapter cable \n■ 3pin to 5pin I2C Cable \n■ SGPIO cable \n■ SATA to Mini-SAS cable",null,63.15789473684211]
[null,"Rainbow Pass","FUP4X35HSDK",3229257,"3.5\" Hot Swap Drive Kit for P4000 server chassis.  \nIncludes: Drive Cage, Hot Swap Back Plane, 4 Hot Swap Drive carriers, data cables, I 2 C cable, and ID filler ",null,105.26315789473685]
[null,"Rainbow Pass","FUP8X35HSDK",3166333,"8x3.5\" Hot Swap Drive Cage Kit for P4000 server chassis.   \nIncludes: Drive Cage, Hot Swap Back Plane, 8 Hot Swap Drive Carriers, data cables, I 2 C cable, and ID filler panel ",null,184.21052631578948]
[null,"Rainbow Pass","FXX35HSADPB",3174236,"3.5\" HDD Hot Swap carrier spares for either R1304, R2300, or P4300 chassis",null,7.8947368421052637]
[null,"Rainbow Pass","FXX25HSCAR",3176593,"2.5\" HDD Hot Swap carrier spares for either R1304, R2300,or P4300 chassis",null,6.5789473684210531]
[null,"Rainbow Pass","A1UBEZEL",3163496,"1U locking bezel with two branding clip-on inserts for logo, and one snap-on swoosh. ",null,36.842105263157897]
[null,"Rainbow Pass","FUPBEZELFIX",2944077,"Pedestal Bezel (Fixed version) (fits P4304) ",null,26.315789473684212]
[null,"Rainbow Pass","FUPBEZELHSD",2944094,"Pedestal Bezel (w/door for HS bays) (fits P4304 with HS drive bays installed)",null,26.315789473684212]
[null,"Rainbow Pass","FUP4X35NHDK",3179881,"Fixed drive carrier for fixed Pedestal chassis (Fits P4304) ",null,5.2631578947368425]
[null,"Rainbow Pass","FUPSMSK",2944097,"Chassis Maintenance kit for P4000S server chassis (Mechanical Spares Kit) Includes:  \n■ IO Bracket (without knockouts) \n■ IO Bracket (w/USB and D Sub knockout)  \n■ Baseboard Insulators  uATX and ATX  \n■ BBU Bracket \n■ Intrusion Switch Bracket  \n■ CDROM Filler Panel  \n■ ODD latch w/2 screws  \n■ Rack Handles (set)  \n■ Fan Holder Assembly  \n■ CPU Ducts ",null,52.631578947368425]
[null,"Rainbow Pass","FUPSESK",2944098,"Chassis Maintenance kit for P4000S  (Electrical Spare Kit)  Includes:  \n■ 1x Front Panel Cable, 920mm  \n■ 1x USB Cable, one 2x5 pin header to two USB type A female headers, 950mm  \n■ 1x intrusion cable, 200mm \n■ 3x SATA power cables, one 4- pin ATX power header to 2 SATA power headers, 150mm  \n■ 1x SATA extend Cable, one right angle header to one vertical header, 600mm  \n■ 1xSGPIO Cable, one 5-pin header to one 5-pin header and one 4-pin header. \n■ 1x I 2 C Cable, one 5-pin header to one 3 pin header, 600mm  \n■ 1xSATA power adaptor extend cable, 24-pin header to 24-pin header, 630mm ",null,100]
[null,"Rainbow Pass","FUP4X35HSBP",null,"4 x 3.5\" hard drive Hot Swap Backplane spare for P4304 Pedestl chassis",null,32.631578947368425]
[null,"Rainbow Pass","FUP8X35HSBP",3166332,"Hot Swap Back Plane spare for 8x3.5\" Drive Cage Kit FUP8X35HSDK for use with P4000 server chassis.\nIncludes: (1) 3.5\" backplane board",null,136.84210526315789]
[null,"Rainbow Pass","AXXSATADVDROM",2085919,"Slimline SATA DVDROM Accessory ",null,52.631578947368425]
[null,"Rainbow Pass","AXXSATADVDRWROM",1975837,"Slim SATA DVD+/-RW ROM Accessory  ",null,73.684210526315795]
[null,"Rainbow Pass","FPWRCABLENA",1147081,"North American Power Cord Spare",null,3.1578947368421053]
[null,"Rainbow Pass","FR1000E3FAN",null,"R1000 Chassis Family Fan spare kit. (Replaces two fans in front of motherboard CPU socket)",null,26.315789473684212]
[null,"Rainbow Pass","FR1000FAN",2944093,"R1000 Chassis Family Fan spare kit. (Replaces fan in front of PCI Slot) ",null,52.631578947368425]
[null,"Rainbow Pass","FXX1304HSBP",null,"Hot Swap Backplane spare for R1304 1U chassis",null,105.26315789473685]
[null,"Rainbow Pass","F1U8X25HSBP",3176592,"Hot swap backplane board spare for 1U 8x2.5\" chassis (R1208 family)  ",null,126.31578947368422]
[null,"Rainbow Pass","AS1200V3RPIOS",null,"I/O Shield for Intel® S1200V3RP Server Boards",null,5.2631578947368425]
[null,"Rainbow Pass","F1UE3PASSHS",null,"Passive Heatsink Spare Includes: 1 passive heatsink and 1 Back Plate",null,42.10526315789474]
[null,"Rainbow Pass","FUP365SNRPS",2944076,"365W Pedestal Fixed PS Spare",null,78.94736842105263]
[null,"Rainbow Pass","FXX460GCRPS",3166344,"460W Cold Redundant Power Supply spare 80Plus Gold efficiency for P4000, R1000, and R2000 server chassis ",null,163.15789473684211]
[null,"Rainbow Pass","FUPPDBLC",3166341,"Power Distribution Board Spare (Low Current) for P4000 server chassis. Recommended to use with FXX460GCRPS or FXX750PCRPS power supplies",null,110.52631578947368]
[null,"Rainbow Pass","FR1000PS350",2944073,"350W Fixed PS Spare for Rack",null,89.473684210526315]
[null,"Rainbow Pass","F1U450WPSU",3740868,"450W AC miniERP 80+ Gold efficiency power supply spare",null,163.15789473684211]
[null,"Rainbow Pass","F1U450WPDB",null,"450W AC miniERP 80+ Gold efficiency power supply PDB and Cage spare",null,136.84210526315789]
[null,"Rainbow Pass","F1US8RISER",null,"1 slot PCI-e  Riser.    \nRiser provides: 1 full-size x16 physical x8 electrical slot ",null,"N/A"]
[null,"Rainbow Pass","SVCEWUPSY",2952536,"Intel ® Server Component Extended Warranty Extended Warranty SKU for UP Systems  Extends Warranty from 3 years to 5 years ",null,168.42105263157896]

{"sheet":"Intel SSD","index":6,"n_rows":258,"n_cols":19,"rows_kept":258,"cut":false,"hidden":false,"merged":[[115,12,116,12],[123,12,124,12],[38,6,45,6],[53,6,54,6],[55,6,56,6],[57,6,58,6],[78,6,80,6],[49,6,50,6],[51,6,52,6],[98,6,99,6],[103,6,112,6],[59,6,60,6],[84,6,86,6],[96,6,97,6],[92,6,95,6],[87,6,89,6],[81,6,83,6],[90,6,91,6],[65,6,66,6],[67,6,68,6],[61,6,62,6],[63,6,64,6],[69,6,74,6],[10,12,11,12],[24,12,25,12],[36,12,37,12],[47,12,48,12],[76,12,77,12],[101,12,102,12],[81,2,83,2],[81,5,83,5],[78,3,99,3],[78,4,99,4],[92,5,95,5],[49,5,50,5],[51,5,52,5],[53,5,54,5],[65,5,66,5],[49,2,50,2],[51,2,52,2],[67,5,68,5],[78,5,80,5],[117,3,120,3],[117,4,120,4],[117,2,118,2],[117,6,120,6],[119,2,120,2],[256,1,257,1],[216,1,219,1],[200,1,202,1],[252,1,255,1],[188,1,191,1],[213,1,215,1],[247,1,251,1],[192,1,199,1],[117,5,120,5],[116,1,120,1],[124,1,132,1],[220,1,246,1],[186,1,187,1],[203,1,212,1],[11,1,21,1],[25,1,33,1],[49,3,74,3],[49,4,74,4],[69,5,74,5],[55,5,56,5],[57,5,58,5],[63,5,64,5],[37,1,45,1],[38,2,39,2],[38,3,45,3],[38,4,45,4],[38,5,45,5],[40,2,41,2],[42,2,43,2],[44,2,45,2],[55,2,56,2],[57,2,58,2],[59,5,60,5],[61,5,62,5],[59,2,60,2],[61,2,62,2],[53,2,54,2],[49,1,74,1],[103,3,112,3],[103,4,112,4],[103,5,112,5],[63,2,64,2],[78,1,99,1],[87,5,89,5],[90,5,91,5],[84,2,86,2],[105,2,106,2],[107,2,108,2],[109,2,110,2],[111,2,112,2],[102,1,112,1],[103,2,104,2],[84,5,86,5],[65,2,66,2],[67,2,68,2],[96,2,97,2],[98,2,99,2],[87,2,89,2],[78,2,80,2],[90,2,91,2],[96,5,97,5],[98,5,99,5]]}
[]
[]
[]
[]
[]
[]
[]
[]
[]
[]
[null,"Intel P3600 Series - Fultondale 3",null,null,null,null,null,null,null,null,null,null,"Intel ITP Points"]
[null,"Fultondale 3","Density","Nm","Speed","FF","Thickness","Pack","Product Code","SKU",null,"Price"]
[null,null,"400GB","20nm","PCIe 3.0","2.5\"","15mm","Generic 1 Pack","SSDPE2ME400G401",3909069,null,770.52631578947376,10]
[null,null,null,"20nm","PCIe 3.0","AIC","15mm","Generic 1 Pack","SSDPEDME400G401",3909074,null,770.52631578947376,10]
[null,null,"800GB","20nm","PCIe 3.0","2.5\"","15mm","Generic 1 Pack","SSDPE2ME800G401",3909070,null,1541.0526315789475,10]
[null,null,null,"20nm","PCIe 3.0","AIC","15mm","Generic 1 Pack","SSDPEDME800G401",3909075,null,1541.0526315789475,10]
[null,null,"1.2TB","20nm","PCIe 3.0","2.5\"","15mm","Generic 1 Pack","SSDPE2ME012T401",3909071,null,2365.2631578947371,10]
[null,null,null,"20nm","PCIe 3.0","AIC","15mm","Generic 1 Pack","SSDPEDME012T401",3909076,null,2365.2631578947371,10]
[null,null,"1.6TB","20nm","PCIe 3.0","2.5\"","15mm","Generic 1 Pack","SSDPE2ME016T401",3909072,null,3155.7894736842109,10]
[null,null,null,"20nm","PCIe 3.0","AIC","15mm","Generic 1 Pack","SSDPEDME016T401",3909077,null,3155.7894736842109,10]
[null,null,"2TB","20nm","PCIe 3.0","2.5\"","15mm","Generic 1 Pack","SSDPE2ME020T401",3909073,null,3945.2631578947371,10]
[null,null,null,"20nm","PCIe 3.0","AIC","15mm","Generic 1 Pack","SSDPEDME020T401",3909078,null,3945.2631578947371,10]
[null,null,null,null,null,null,null,null,null,null,null,null," "]
[null,null,null,null,null,null,null,null,null,null,null,null," "]
[null,"Intel P3700 Series - Fultondale 10",null,null,null,null,null,null,null,null,null,null,"Intel ITP Points"]
[null,"Fultondale 10","Density","Nm","Speed","FF","Thickness","Pack","Product Code","SKU",null,"Price"]
[null,null,"400GB","20nm","PCIe 10","2.5\"","15mm","Generic 1 Pack","SSDPE2MD400G401",3909061,null,1187.3684210526317,10]
[null,null,null,"20nm","PCIe 10","AIC","15mm","Generic 1 Pack","SSDPEDMD400G401",3909065,null,1187.3684210526317,10]
[null,null,"800GB","20nm","PCIe 10","2.5\"","15mm","Generic 1 Pack","SSDPE2MD800G401",3909062,null,2374.7368421052633,10]
[null,null,null,"20nm","PCIe 10","AIC","15mm","Generic 1 Pack","SSDPEDMD800G401",3909066,null,2374.7368421052633,10]
[null,null,"1.6TB","20nm","PCIe 10","2.5\"","15mm","Generic 1 Pack","SSDPE2MD016T401",3909063,null,4862.105263157895,10]
[null,null,null,"20nm","PCIe 10","AIC","15mm","Generic 1 Pack","SSDPEDMD016T401",3909067,null,4862.105263157895,10]
[null,null,"2TB","20nm","PCIe 10","2.5\"","15mm","Generic 1 Pack","SSDPE2MD020T401",3909064,null,6078.9473684210525,10]
[null,null,null,"20nm","PCIe 10","AIC","15mm","Generic 1 Pack","SSDPEDMD020T401",3909068,null,6078.9473684210525,10]
[null,null,null,null,null,null,null,null,null,null,null,null," "]
[null,null,null,null,null,null,null,null,null,null,null,null," "]
[null,"Intel DC S3700 Series - Taylorsville",null,null,null,null,null,null,null,null,null,null,"Intel ITP Points"]
[null,"DC S3700","Density","Nm","Speed","FF","Thickness","Pack","Product Code","SKU",null,"Price"]
[null,null,"100GB","25nm","6Gb/s","2.5\"","7mm","1 Pack OEM Box","SSDSC2BA100G301",3432679,null,231.57894736842107," "]
[null,null,null,null,null,null,null,"50 Pack OEM Box","SSDSC2BA100G3",3624078,null,231.57894736842107," "]
[null,null,"200GB",null,null,null,null,"1 Pack OEM Box","SSDSC2BA200G301",3432681,null,463.15789473684214," "]
[null,null,null,null,null,null,null,"50 Pack OEM Box","SSDSC2BA200G3",3618013,null,463.15789473684214," "]
[null,null,"400GB",null,null,null,null,"1 Pack OEM Box","SSDSC2BA400G301",3432672,null,926.31578947368428," "]
[null,null,null,null,null,null,null,"50 Pack OEM Box","SSDSC2BA400G3",null,null,926.31578947368428," "]
[null,null,"800GB",null,null,null,null,"1 Pack OEM Box","SSDSC2BA800G301",3432683,null,1852.6315789473686," "]
[null,null,null,null,null,null,null,"50 Pack OEM Box","SSDSC2BA800G3",3593104,null,1852.6315789473686," "]
[null,null,null,null,null,null,null,null,null,null,null,null," "]
[null,"Intel DC S3500 Series - Wolfsville",null,null,null,null,null,null,null,null,null,null,"Intel ITP Points"]
[null,"Family","Density","Nm","Spd","FF","Thickness","Pack","Product Code","SKU",null,"Price"]
[null,"S3500","80GB","25 nm","6Gb/s","2.5\"","7mm","50 Pack OEM Box","SSDSC2BB080G4",null,null,94.736842105263165,10]
[null,null,null,null,null,null,null,"1 Pack OEM Box","SSDSC2BB080G401",3544158,null,94.736842105263165,10]
[null,null,"120GB",null,null,"2.5\"","7mm","50 Pack OEM Box","SSDSC2BB120G4",null,null,121.05263157894737,10]
[null,null,null,null,null,null,null,"1 Pack OEM Box","SSDSC2BB120G401",3539928,null,121.05263157894737,10]
[null,null,"160GB",null,null,"2.5\"","7mm","50 Pack OEM Box","SSDSC2BB160G4",3622132,null,152.63157894736844,10]
[null,null,null,null,null,null,null,"1 Pack OEM Box","SSDSC2BB160G401",3539929,null,152.63157894736844,10]
[null,null,"240GB",null,null,"2.5\"","7mm","50 Pack OEM Box","SSDSC2BB240G4",null,null,215.78947368421055,10]
[null,null,null,null,null,null,null,"1 Pack OEM Box","SSDSC2BB240G401",3539930,null,215.78947368421055,10]
[null,null,"300GB",null,null,"2.5\"","7mm","50 Pack OEM Box","SSDSC2BB300G4",3622128,null,268.42105263157896,10]
[null,null,null,null,null,null,null,"1 Pack OEM Box","SSDSC2BB300G401",3539931,null,268.42105263157896,10]
[null,null,"480GB",null,null,"2.5\"","7mm","50 Pack OEM Box","SSDSC2BB480G4",3616140,null,431.5789473684211,10]
[null,null,null,null,null,null,null,"1 Pack OEM Box","SSDSC2BB480G401",3539932,null,431.5789473684211,10]
[null,null,"600GB",null,null,"2.5\"","7mm","50 Pack OEM Box","SSDSC2BB600G4",3622136,null,536.84210526315792,10]
[null,null,null,null,null,null,null,"1 Pack OEM Box","SSDSC2BB600G401",3552358,null,536.84210526315792,10]
[null,null,"800GB",null,null,"2.5\"","7mm","50 Pack OEM Box","SSDSC2BB800G4",3621911,null,715.78947368421052,10]
[null,null,null,null,null,null,null,"1 Pack OEM Box","SSDSC2BB800G401",3552359,null,715.78947368421052,10]
[null,null,"1.2 TB",null,null,"2.5\"","7mm","50 Pack OEM Box","SSDSC2BB012T4",null,null,1078.9473684210527," "]
[null,null,null,null,null,null,null,"1 Pack OEM Box","SSDSC2BB012T401",null,null,1078.9473684210527," "]
[null,null,"1.6 TB",null,null,"2.5\"","7mm","50 Pack OEM Box","SSDSC2BB016T4",null,null,1421.0526315789475," "]
[null,null,null,null,null,null,null,"1 Pack OEM Box","SSDSC2BB016T401",3956523,null,1421.0526315789475," "]
[null,null,"80 GB",null,null,"1.85\"","4.85 mm","1 Pack OEM Box","SSDSC1NB080G401",3539927,null,94.736842105263165,10]
[null,null,"80 GB",null,null,null,null,"50 Pack OEM Box","SSDSC1NB080G4",null,null,94.736842105263165,10]
[null,null,"240 GB",null,null,null,null,"1 Pack OEM Box","SSDSC1NB240G401",3669757,null,215.78947368421055,10]
[null,null,"240 GB",null,null,null,null,"50 Pack OEM Box","SSDSC1NB240G4",null,null,284.21052631578948,10]
[null,null,"800 GB",null,null,null,null,"1 Pack OEM Box","SSDSC1NB800G401",null,null,715.78947368421052," "]
[null,null,"800 GB",null,null,null,null,"50 Pack OEM Box","SSDSC1NB800G4",null,null,715.78947368421052," "]
[null,null,null,null,null,null,null,null,null,null,null,null," "]
[null,"Intel 530 Series - Dale Crest 6Gb/s",null,null,null,null,null,null,null,null,null,null,"Intel ITP Points"]
[null,"Family","Density","Nm","Spd","FF","Thickness","Pack","Product Code","SKU",null,"Price"]
[null,"Dale Crest","80GB","20 nm","6G b/s","2.5\"","7mm","1 Pack OEM Box","SSDSC2BW080A401",3725578,null,78.94736842105263," "]
[null,null,null,null,null,null,null,"50 Pack OEM Box","SSDSC2BW080A4",null,null,78.94736842105263," "]
[null,null,null,null,null,null,null,"5 Pack Reseller Box","SSDSC2BW080A4K5",null,null,89.473684210526315," "]
[null,null,"120GB",null,null,"2.5\"","7mm","1 Pack OEM Box","SSDSC2BW120A401",3707377,null,89.473684210526315," "]
[null,null,null,null,null,null,null,"50 Pack OEM Box","SSDSC2BW120A4",null,null,89.473684210526315," "]
[null,null,null,null,null,null,null,"5 Pack Reseller Box","SSDSC2BW120A4K5",3744141,null,100," "]
[null,null,"180GB",null,null,"2.5\"","7mm","1 Pack OEM Box","SSDSC2BW180A401",3598834,null,126.31578947368422,10]
[null,null,null,null,null,null,null,"50 Pack OEM Box","SSDSC2BW180A4",3598835,null,126.31578947368422,10]
[null,null,null,null,null,null,null,"5 Pack Reseller Box","SSDSC2BW180A4K5",3598836,null,136.84210526315789,10]
[null,null,"240GB",null,null,"2.5\"","7mm","1 Pack OEM Box","SSDSC2BW240A401",3598837,null,157.89473684210526,10]
[null,null,null,null,null,null,null,"50 Pack OEM Box","SSDSC2BW240A4",3598838,null,190,10]
[null,null,null,null,null,null,null,"5 Pack Reseller Box","SSDSC2BW240A4K5",3598839,null,168.42105263157896,10]
[null,null,"480GB",null,null,"2.5\"","7mm","1 Pack OEM Box","SSDSC2BW480A401",3724582,null,310.5263157894737," "]
[null,null,null,null,null,null,null,"5 Pack Reseller Box","SSDSC2BW480A4K5",3744142,null,321.0526315789474," "]
[null,null,"80 GB",null,null,"mSATA","4.85mm","1 Pack OEM Box","SSDMCEAW080A401",3871975,null,78.94736842105263," "]
[null,null,"120 GB",null,null,null,null,"1 Pack OEM Box","SSDMCEAW120A401",3764241,null,89.473684210526315," "]
[null,null,"180 GB",null,null,null,null,"1 Pack OEM Box","SSDMCEAW180A401",3805894,null,126.31578947368422," "]
[null,null,"240 GB",null,null,null,null,"1 Pack OEM Box","SSDMCEAW240A401",3707155,null,157.89473684210526," "]
[null,null,"80 GB",null,null,"m.2",null,"1 Pack OEM Box","SSDSCKGW080A401",3598830,null,78.94736842105263," "]
[null,null,null,null,null,null,null,"100 Pack OEM Box","SSDSCKGW080A4",3598831,null,78.94736842105263," "]
[null,null,"180 GB",null,null,"m.2",null,"1 Pack OEM Box","SSDSCKGW180A401",3598832,null,126.31578947368422,10]
[null,null,null,null,null,null,null,"100 Pack OEM Box","SSDSCKGW180A4",3598833,null,126.31578947368422,10]
[null,null,null,null,null,null,null,null,null,null,null,null," "]
[null,"Intel 525 Series - Lincoln Crest",null,null,null,null,null,null,null,null,null,null,"Intel ITP Points"]
[null,"Lincoln Crest","Density","Nm","Speed","FF","Thickness","Pack","Product Code","SKU",null,"Price"]
[null,null,"30GB","25nm","6Gb/s","mSATA PCIe"," 3.6mm","1 Pack OEM Box","SSDMCEAC030B301",3468692,null,52.631578947368425," "]
[null,null,null,null,null,null,null,"100 Pack OEM Box","SSDMCEAC030B3",null,null,52.631578947368425," "]
[null,null,"60GB",null,null,null,null,"1 Pack OEM Box","SSDMCEAC060B301",3468693,null,100," "]
[null,null,null,null,null,null,null,"100 Pack OEM Box","SSDMCEAC060B3",null,null,100," "]
[null,null,"120GB",null,null,null,null,"1 Pack OEM Box","SSDMCEAC120B301",3468689,null,147.36842105263159," "]
[null,null,null,null,null,null,null,"100 Pack OEM Box","SSDMCEAC120B3",null,null,147.36842105263159," "]
[null,null,"180GB",null,null,null,null,"1 Pack OEM Box","SSDMCEAC180B301",3468690,null,210.5263157894737," "]
[null,null,null,null,null,null,null,"100 Pack OEM Box","SSDMCEAC180B3",null,null,210.5263157894737," "]
[null,null,"240GB",null,null,null,null,"1 Pack OEM Box","SSDMCEAC240B301",3468691,null,273.68421052631578," "]
[null,null,null,null,null,null,null,"100 Pack OEM Box","SSDMCEAC240B3",null,null,273.68421052631578," "]
[null,null,null,null,null,null,null,null,null,null,null,null," "]
[null,null,null,null,null,null,null,null,null,null,null,null," "]
[null,"Intel 730 Series - Jackson Ridge",null,null,null,null,null,null,null,null,null,null,"Intel ITP Points"]
[null,"Jackson Ridge","Density","Nm","Speed","FF","Thickness","Pack","Product Code","SKU",null,"Price"]
[null,null,"240GB","20nm","6Gb/s",2.5,"7mm","5 Pack Reseller Box","SSDSC2BP240G4R5",3786823,null,226.31578947368422,10]
[null,null,null,null,null,null,null,"Generic 10 Pack","SSDSC2BP240G410",3786825,null,215.78947368421055,10]
[null,null,"480GB",null,null,null,null,"5 Pack Reseller Box","SSDSC2BP480G4R5",3786824,null,442.10526315789474,10]
[null,null,null,null,null,null,null,"Generic 10 Pack","SSDSC2BP480G410",3786826,null,431.5789473684211,10]
[null,null,null,null,null,null,null,null,null,null,null,null," "]
[null,null,null,null,null,null,null,null,null,null,null,null," "]
[null,"Intel Pro 2500 Series - Temple Star",null,null,null,null,null,null,null,null,null,null,"Intel ITP Points"]
[null,"Temple Star","Density","Nm","Speed","FF","Thickness","Pack","Product Code","SKU",null,"Price"]
[null,null,"120GB","20nm","6Gb/s",2.5,"7mm","Generic 1 Pack","SSDSC2BF120H501",3935563,null,100,10]
[null,null,null,"20nm","6Gb/s",2.5,"7mm","Generic 50 Pack","SSDSC2BF120H5",3935564,null,100,10]
[null,null,"180GB","20nm","6Gb/s",2.5,"7mm","Generic 1 Pack","SSDSC2BF180H501",3935565,null,136.84210526315789,10]
[null,null,null,"20nm","6Gb/s",2.5,"7mm","Generic 50 Pack","SSDSC2BF180H5",3935566,null,136.84210526315789,10]
[null,null,"240GB","20nm","6Gb/s",2.5,"7mm","Generic 1 Pack","SSDSC2BF240H501",3935567,null,168.42105263157896,10]
[null,null,null,"20nm","6Gb/s",2.5,"7mm","Generic 50 Pack","SSDSC2BF240H5",3935568,null,168.42105263157896,10]
[null,null,"480GB","20nm","6Gb/s",2.5,"7mm","Generic 1 Pack","SSDSC2BF480H501",3935569,null,321.0526315789474,10]
[null,null,null,"20nm","6Gb/s",2.5,"7mm","Generic 50 Pack","SSDSC2BF480H5",3935570,null,321.0526315789474," "]
[]
[]
[]
[]
[]
[]
[]
[]
[]
[]
[]
[]
[]
[]
[]
[]
[]
[]
[]
[]
[]
[]
[]
[]
[]
[]
[]
[]
[]
[]
[]
[]
[]
[]
[]
[]
[]
[]
[]
[]
[]
[]
[]
[]
[]
[]
[]
[]
[]
[]
[]
[]
[]
[]
[]
[null,"S3700 Series Taylorsville","100 GB","SSDSC2BA100G301",3432679,220,{"$f":"IF(ISERROR(F189/(1-'Start Here'!$R$27)),\"\",(F189/(1-'Start Here'!$R$27)))","v":220},"25 nm HET MLC","200 MB/s",null,null,null,null,75000,19000,"SATA3 (6 Gb/s)","2.5\"","7.0 mm","Bulk"]
[]
[null,null,"400 GB","SSDSC2BA400G301",3432672,880,{"$f":"IF(ISERROR(F191/(1-'Start Here'!$R$27)),\"\",(F191/(1-'Start Here'!$R$27)))","v":880},"25 nm HET MLC","460 MB/s",null,null,null,null,75000,36000,"SATA3 (6 Gb/s)","2.5\"","7.0 mm","Bulk"]
[null,null,"800 GB","SSDSC2BA800G301",3432683,1760,{"$f":"IF(ISERROR(F192/(1-'Start Here'!$R$27)),\"\",(F192/(1-'Start Here'!$R$27)))","v":1760},"25 nm HET MLC","460 MB/s",null,null,null,null,75000,36000,"SATA3 (6 Gb/s)","2.5\"","7.0 mm","Bulk"]
[null,"S3500 Series  Wolfsville","80 GB","SSDSC2BB080G401",3544158,95,{"$f":"IF(ISERROR(F193/(1-'Start Here'!$R$27)),\"\",(F193/(1-'Start Here'!$R$27)))","v":95},"20 nm MLC","100 MB/s",null,null,null,null,70000,7000,"SATA3 (6 Gb/s)","2.5\"","7.0 mm","Bulk"]
[null,null,"120 GB","SSDSC2BB120G401",3539928,135,{"$f":"IF(ISERROR(F194/(1-'Start Here'!$R$27)),\"\",(F194/(1-'Start Here'!$R$27)))","v":135},"20 nm MLC","135 MB/s",null,null,null,null,75000,4600,"SATA3 (6 Gb/s)","2.5\"","7.0 mm","Bulk"]
[null,null,"160 GB","SSDSC2BB160G401",3539929,175,{"$f":"IF(ISERROR(F195/(1-'Start Here'!$R$27)),\"\",(F195/(1-'Start Here'!$R$27)))","v":175},"20 nm MLC","175 MB/s",null,null,null,null,75000,7500,"SATA3 (6 Gb/s)","2.5\"","7.0 mm","Bulk"]
[null,null,"240 GB","SSDSC2BB240G401",3539930,260,{"$f":"IF(ISERROR(F196/(1-'Start Here'!$R$27)),\"\",(F196/(1-'Start Here'!$R$27)))","v":260},"20 nm MLC","260 MB/s",null,null,null,null,75000,7500,"SATA3 (6 Gb/s)","2.5\"","7.0 mm","Bulk"]
[null,null,"300 GB","SSDSC2BB300G401",3539931,330,{"$f":"IF(ISERROR(F197/(1-'Start Here'!$R$27)),\"\",(F197/(1-'Start Here'!$R$27)))","v":330},"20 nm MLC","315 MB/s",null,null,null,null,75000,9000,"SATA3 (6 Gb/s)","2.5\"","7.0 mm","Bulk"]
[null,null,"480 GB","SSDSC2BB480G401",3539932,540,{"$f":"IF(ISERROR(F198/(1-'Start Here'!$R$27)),\"\",(F198/(1-'Start Here'!$R$27)))","v":540},"20 nm MLC","410 MB/s",null,null,null,null,75000,11000,"SATA3 (6 Gb/s)","2.5\"","7.0 mm","Bulk"]
[null,null,"600 GB","SSDSC2BB600G401",3552358,675,{"$f":"IF(ISERROR(F199/(1-'Start Here'!$R$27)),\"\",(F199/(1-'Start Here'!$R$27)))","v":675},"20 nm MLC","410 MB/s",null,null,null,null,75000,11000,"SATA3 (6 Gb/s)","2.5\"","7.0 mm","Bulk"]
[null,null,"800 GB","SSDSC2BB800G401",3552359,915,{"$f":"IF(ISERROR(F200/(1-'Start Here'!$R$27)),\"\",(F200/(1-'Start Here'!$R$27)))","v":915},"20 nm MLC","450 MB/s",null,null,null,null,75000,11500,"SATA3 (6 Gb/s)","2.5\"","7.0 mm","Bulk"]
[null,"710 Series Lyndonville","100 GB","SSDSA2BZ100G301",2990696,"$ 370.00",{"$f":"IF(ISERROR(F201/(1-'Start Here'!$R$27)),\"\",(F201/(1-'Start Here'!$R$27)))","v":370},"25 nm HET MLC","170 MB/s",null,null,null,null,38500,2300,"SATA II 3.0 Gb/s","2.5\" ","7.0 mm","Bulk"]
[null,null,"200 GB","SSDSA2BZ200G301",2990698,"$ 740.00",{"$f":"IF(ISERROR(F202/(1-'Start Here'!$R$27)),\"\",(F202/(1-'Start Here'!$R$27)))","v":740},"25 nm HET MLC","210 MB/s",null,null,null,null,38500,2700,"SATA II 3.0 Gb/s","2.5\"","7.0 mm","Bulk"]
[null,null,"300 GB","SSDSA2BZ300G301",2990700,"$ 1110.00",{"$f":"IF(ISERROR(F203/(1-'Start Here'!$R$27)),\"\",(F203/(1-'Start Here'!$R$27)))","v":1110},"25 nm HET MLC","210 MB/s",null,null,null,null,38500,2000,"SATA II 3.0 Gb/s","2.5\"","7.0 mm","Bulk"]
[null,"520 Series Cherryville","60 GB","SSDSC2CW060A310",3146970,"$ 80.00",{"$f":"IF(ISERROR(F204/(1-'Start Here'!$R$27)),\"\",(F204/(1-'Start Here'!$R$27)))","v":80},"25 nm MLC","475 MB/s",null,null,null,23000,null,null,"SATA3 (6 Gb/s)","2.5\"","9.5mm","Bulk"]
[null,null,"60 GB","SSDSC2CW060A3K5",3146968,"$ 90.00",{"$f":"IF(ISERROR(F205/(1-'Start Here'!$R$27)),\"\",(F205/(1-'Start Here'!$R$27)))","v":90},"25 nm MLC","475 MB/s",null,null,null,23000,null,null,"SATA3 (6 Gb/s)","2.5\"","9.5mm","Reseller Box"]
[null,null,"120 GB","SSDSC2CW120A310",3146971,"$ 120.00",{"$f":"IF(ISERROR(F206/(1-'Start Here'!$R$27)),\"\",(F206/(1-'Start Here'!$R$27)))","v":120},"25 nm MLC","500 MB/s",null,null,null,40000,null,null,"SATA3 (6 Gb/s)","2.5\"","9.5mm","Bulk"]
[null,null,"120 GB","SSDSC2CW120A3K5",3146969,"$ 130.00",{"$f":"IF(ISERROR(F207/(1-'Start Here'!$R$27)),\"\",(F207/(1-'Start Here'!$R$27)))","v":130},"25 nm MLC","500 MB/s",null,null,null,40000,null,null,"SATA3 (6 Gb/s)","2.5\"","9.5mm","Reseller Box"]
[null,null,"180 GB","SSDSC2CW180A310",3146977,"$ 175.00",{"$f":"IF(ISERROR(F208/(1-'Start Here'!$R$27)),\"\",(F208/(1-'Start Here'!$R$27)))","v":175},"25 nm MLC","520 MB/s",null,null,null,60000,null,null,"SATA3 (6 Gb/s)","2.5\"","9.5mm","Bulk"]
[null,null,"180 GB","SSDSC2CW180A3K5",3146979,"$ 185.00",{"$f":"IF(ISERROR(F209/(1-'Start Here'!$R$27)),\"\",(F209/(1-'Start Here'!$R$27)))","v":185},"25 nm MLC","520 MB/s",null,null,null,60000,null,null,"SATA3 (6 Gb/s)","2.5\"","9.5mm","Reseller Box"]
[null,null,"240 GB","SSDSC2CW240A310",3146964,"$ 230.00",{"$f":"IF(ISERROR(F210/(1-'Start Here'!$R$27)),\"\",(F210/(1-'Start Here'!$R$27)))","v":230},"25 nm MLC","520 MB/s",null,null,null,60000,null,null,"SATA3 (6 Gb/s)","2.5\"","9.5mm","Bulk"]
[null,null,"240 GB","SSDSC2CW240A3K5",3146962,"$ 240.00",{"$f":"IF(ISERROR(F211/(1-'Start Here'!$R$27)),\"\",(F211/(1-'Start Here'!$R$27)))","v":240},"25 nm MLC","520 MB/s",null,null,null,60000,null,null,"SATA3 (6 Gb/s)","2.5\"","9.5mm","Reseller Box"]
[null,null,"480 GB","SSDSC2CW480A310",3146965,"$ 460.00",{"$f":"IF(ISERROR(F212/(1-'Start Here'!$R$27)),\"\",(F212/(1-'Start Here'!$R$27)))","v":460},"25 nm MLC","520 MB/s",null,null,null,42000,null,null,"SATA3 (6 Gb/s)","2.5\"","9.5mm","Bulk"]
[null,null,"480 GB","SSDSC2CW480A3K5",3146963,"$ 470.00",{"$f":"IF(ISERROR(F213/(1-'Start Here'!$R$27)),\"\",(F213/(1-'Start Here'!$R$27)))","v":470},"25 nm MLC","520 MB/s",null,null,null,42000,null,null,"SATA3 (6 Gb/s)","2.5\"","9.5mm","Reseller Box"]
[null,"335 Series \nJaycrest","80 GB","SSDSC2CT080A4K5",3540371,90,{"$f":"IF(ISERROR(F214/(1-'Start Here'!$R$27)),\"\",(F214/(1-'Start Here'!$R$27)))","v":90},"20 nm MLC",null,null,null,null,null,null,null,"SATA3 (6 Gb/s)","2.5\"","9.5mm","Reseller Box"]
[null,null,"180 GB","SSDSC2CT180A4K5",3458608,156,{"$f":"IF(ISERROR(F215/(1-'Start Here'!$R$27)),\"\",(F215/(1-'Start Here'!$R$27)))","v":156},"20 nm MLC",null,null,null,null,null,null,null,"SATA3 (6 Gb/s)","2.5\"","9.5mm","Reseller Box"]
[null,null,"240 GB","SSDSC2CT240A4K5",3397778,198,{"$f":"IF(ISERROR(F216/(1-'Start Here'!$R$27)),\"\",(F216/(1-'Start Here'!$R$27)))","v":198},"20 nm MLC","450 MB/s",null,null,null,52000,null,null,"SATA3 (6 Gb/s)","2.5\"","9.5mm","Reseller Box"]
[null,"330 Series Maplecrest","60 GB","SSDSC2CT060A3K5",3205137,68,{"$f":"IF(ISERROR(F217/(1-'Start Here'!$R$27)),\"\",(F217/(1-'Start Here'!$R$27)))","v":68},"25 nm MLC","400 MB/s",null,null,null,20500,null,null,"Sata 6 Gb/s","2.5\"","9.5 mm","Reseller Box"]
[null,null,"120 GB","SSDSC2CT120A3K5",3205138,105,{"$f":"IF(ISERROR(F218/(1-'Start Here'!$R$27)),\"\",(F218/(1-'Start Here'!$R$27)))","v":105},"25 nm MLC","450 MB/s",null,null,null,33000,null,null,"Sata 6 Gb/s","2.5\"","9.5 mm","Reseller Box"]
[null,null,"180 GB","SSDSC2CT180A3K5",3205149,156,{"$f":"IF(ISERROR(F219/(1-'Start Here'!$R$27)),\"\",(F219/(1-'Start Here'!$R$27)))","v":156},"25 nm MLC","450 MB/s",null,null,null,52000,null,null,"Sata 6 Gb/s","2.5\"","9.5 mm","Reseller Box"]
[null,null,"240 GB","SSDSC2CT240A3K5",3345342,198,{"$f":"IF(ISERROR(F220/(1-'Start Here'!$R$27)),\"\",(F220/(1-'Start Here'!$R$27)))","v":198},"25 nm MLC","450 MB/s",null,null,null,52000,null,null,"Sata 6 Gb/s","2.5\"","9.5 mm","Reseller Box"]
[null,"320 Series Postville Refresh","40 GB","SSDSA2CT040G310",2916186,"$ 75.00",{"$f":"IF(ISERROR(F221/(1-'Start Here'!$R$27)),\"\",(F221/(1-'Start Here'!$R$27)))","v":75},"25 nm MLC","45 MB/s",null,null,null,3700,30000,300,"SATA II 3.0 Gb/s","2.5\"","9.5 mm","Bulk"]
[null,null,"40 GB","SSDSA2BT040G301",3155644,"$ 75.00",{"$f":"IF(ISERROR(F222/(1-'Start Here'!$R$27)),\"\",(F222/(1-'Start Here'!$R$27)))","v":75},"25 nm MLC","45 MB/s",null,null,null,3700,30000,300,"SATA II 3.0 Gb/s","2.5\"","7.0 mm","Bulk"]
[null,null,"40 GB","SSDSA2CT040G3K5",2916187,"$ 85.00",{"$f":"IF(ISERROR(F223/(1-'Start Here'!$R$27)),\"\",(F223/(1-'Start Here'!$R$27)))","v":85},"25 nm MLC","45 MB/s",null,null,null,3700,30000,300,"SATA II 3.0 Gb/s","2.5\"","9.5 mm","Reseller Box"]
[null,null,"40 GB","SSDSA2CT040G3B5",2916188,"$ 95.00",{"$f":"IF(ISERROR(F224/(1-'Start Here'!$R$27)),\"\",(F224/(1-'Start Here'!$R$27)))","v":95},"25 nm MLC","45 MB/s",null,null,null,3700,30000,300,"SATA II 3.0 Gb/s","2.5\"","9.5 mm","Retail Box"]
[null,null,"80 GB","SSDSA2BW080G301",3106696,"$ 130.00",{"$f":"IF(ISERROR(F225/(1-'Start Here'!$R$27)),\"\",(F225/(1-'Start Here'!$R$27)))","v":130},"25 nm MLC","90 MB/s",null,null,null,10000,38000,300,"SATA II 3.0 Gb/s","2.5\" ","7.0 mm","Bulk"]
[null,null,"80 GB","SSDSA2CW080G310",2916189,"$ 130.00",{"$f":"IF(ISERROR(F226/(1-'Start Here'!$R$27)),\"\",(F226/(1-'Start Here'!$R$27)))","v":130},"25 nm MLC","90 MB/s",null,null,null,10000,38000,300,"SATA II 3.0 Gb/s","2.5\" ","9.5 mm","Bulk"]
[null,null,"80 GB","SSDSA2CW080G3K5",2916190,"$ 140.00",{"$f":"IF(ISERROR(F227/(1-'Start Here'!$R$27)),\"\",(F227/(1-'Start Here'!$R$27)))","v":140},"25 nm MLC","90 MB/s",null,null,null,10000,38000,300,"SATA II 3.0 Gb/s","2.5\"","9.5 mm","Reseller Box"]
[null,null,"80 GB","SSDSA2CW080G3B5",2916191,"$ 150.00",{"$f":"IF(ISERROR(F228/(1-'Start Here'!$R$27)),\"\",(F228/(1-'Start Here'!$R$27)))","v":150},"25 nm MLC","90 MB/s",null,null,null,10000,38000,300,"SATA II 3.0 Gb/s","2.5\"","9.5 mm","Retail Box"]
[null,null,"80 GB","SSDSA1NW080G301",2990695,"$ 175.00",{"$f":"IF(ISERROR(F229/(1-'Start Here'!$R$27)),\"\",(F229/(1-'Start Here'!$R$27)))","v":175},"25 nm MLC","90 MB/s",null,null,null,10000,38000,300,"microSATA 3.0 Gb/s","1.8\"","5.0 mm","Bulk"]
[null,null,"120 GB","SSDSA2BW120G301",2990691,"$ 170.00",{"$f":"IF(ISERROR(F230/(1-'Start Here'!$R$27)),\"\",(F230/(1-'Start Here'!$R$27)))","v":170},"25 nm MLC","130 MB/s",null,null,null,14000,38000,400,"SATA II 3.0 Gb/s","2.5\"","7.0 mm","Bulk"]
[null,null,"120 GB","SSDSA2CW120G310",2916192,"$ 170.00",{"$f":"IF(ISERROR(F231/(1-'Start Here'!$R$27)),\"\",(F231/(1-'Start Here'!$R$27)))","v":170},"25 nm MLC","130 MB/s",null,null,null,14000,38000,400,"SATA II 3.0 Gb/s","2.5\"","9.5 mm","Bulk"]
[null,null,"120 GB","SSDSA2CW120G3K5",2916193,"$ 180.00",{"$f":"IF(ISERROR(F232/(1-'Start Here'!$R$27)),\"\",(F232/(1-'Start Here'!$R$27)))","v":180},"25 nm MLC","130 MB/s",null,null,null,14000,38000,400,"SATA II 3.0 Gb/s","2.5\" ","9.5 mm","Reseller Box"]
[null,null,"120 GB","SSDSA2CW120G3B5",2916194,"$ 190.00",{"$f":"IF(ISERROR(F233/(1-'Start Here'!$R$27)),\"\",(F233/(1-'Start Here'!$R$27)))","v":190},"25 nm MLC","130 MB/s",null,null,null,14000,38000,400,"SATA II 3.0 Gb/s","2.5\"","9.5 mm","Retail Box"]
[null,null,"160 GB","SSDSA2BW160G301",2990692,"$ 250.00",{"$f":"IF(ISERROR(F234/(1-'Start Here'!$R$27)),\"\",(F234/(1-'Start Here'!$R$27)))","v":250},"25 nm MLC","165 MB/s",null,null,null,21000,39000,600,"SATA II 3.0 Gb/s","2.5\"","7.0 mm","Bulk"]
[null,null,"160 GB","SSDSA2CW160G310",2916195,"$ 250.00",{"$f":"IF(ISERROR(F235/(1-'Start Here'!$R$27)),\"\",(F235/(1-'Start Here'!$R$27)))","v":250},"25 nm MLC","165 MB/s",null,null,null,21000,39000,600,"SATA II 3.0 Gb/s","2.5\"","9.5 mm","Bulk"]
[null,null,"160 GB","SSDSA2CW160G3K5",2916196,"$ 260.00",{"$f":"IF(ISERROR(F236/(1-'Start Here'!$R$27)),\"\",(F236/(1-'Start Here'!$R$27)))","v":260},"25 nm MLC","165 MB/s",null,null,null,21000,39000,600,"SATA II 3.0 Gb/s","2.5\"","9.5 mm","Reseller Box"]
[null,null,"160 GB","SSDSA2CW160G3B5",2916197,"$ 270.00",{"$f":"IF(ISERROR(F237/(1-'Start Here'!$R$27)),\"\",(F237/(1-'Start Here'!$R$27)))","v":270},"25 nm MLC","165 MB/s",null,null,null,21000,39000,600,"SATA II 3.0 Gb/s","2.5\" ","9.5 mm","Retail Box"]
[null,null,"160 GB","SSDSA1NW160G301",2990693,"$ 295.00",{"$f":"IF(ISERROR(F238/(1-'Start Here'!$R$27)),\"\",(F238/(1-'Start Here'!$R$27)))","v":295},"25 nm MLC","165 MB/s",null,null,null,21000,39000,600,"microSATA 3.0 Gb/s","1.8\"","5.0 mm","Bulk"]
[null,null,"300 GB","SSDSA2BW300G301",3144592,"$ 415.00",{"$f":"IF(ISERROR(F239/(1-'Start Here'!$R$27)),\"\",(F239/(1-'Start Here'!$R$27)))","v":415},"25 nm MLC","205 MB/s",null,null,null,23000,39500,400,"SATA II 3.0 Gb/s","2.5\"","7.0 mm","Bulk"]
[null,null,"300 GB","SSDSA2CW300G310",2916198,"$ 415.00",{"$f":"IF(ISERROR(F240/(1-'Start Here'!$R$27)),\"\",(F240/(1-'Start Here'!$R$27)))","v":415},"25 nm MLC","205 MB/s",null,null,null,23000,39500,400,"SATA II 3.0 Gb/s","2.5\"","9.5 mm","Bulk"]
[null,null,"300 GB","SSDSA2CW300G3K5",2916199,"$ 425.00",{"$f":"IF(ISERROR(F241/(1-'Start Here'!$R$27)),\"\",(F241/(1-'Start Here'!$R$27)))","v":425},"25 nm MLC","205 MB/s",null,null,null,23000,39500,400,"SATA II 3.0 Gb/s","2.5\"","9.5 mm","Reseller Box"]
[null,null,"300 GB","SSDSA2CW300G3B5",2916200,"$ 435.00",{"$f":"IF(ISERROR(F242/(1-'Start Here'!$R$27)),\"\",(F242/(1-'Start Here'!$R$27)))","v":435},"25 nm MLC","205 MB/s",null,null,null,23000,39500,400,"SATA II 3.0 Gb/s","2.5\"","9.5 mm","Retail Box"]
[null,null,"300 GB","SSDSA1NW300G301",2990694,"$ 520.00",{"$f":"IF(ISERROR(F243/(1-'Start Here'!$R$27)),\"\",(F243/(1-'Start Here'!$R$27)))","v":520},"25 nm MLC","205 MB/s",null,null,null,23000,39500,400,"SATA II 3.0 Gb/s","1.8\"","5.0 mm","Bulk"]
[null,null,"600 GB","SSDSA2BW600G301",3344406,"$ 800.00",{"$f":"IF(ISERROR(F244/(1-'Start Here'!$R$27)),\"\",(F244/(1-'Start Here'!$R$27)))","v":800},"25 nm MLC","220 MB/s",null,null,null,23000,39500,150,"SATA II 3.0 Gb/s","2.5\" ","7.0 mm","Bulk"]
[null,null,"600 GB","SSDSA2CW600G310",2916201,"$ 800.00",{"$f":"IF(ISERROR(F245/(1-'Start Here'!$R$27)),\"\",(F245/(1-'Start Here'!$R$27)))","v":800},"25 nm MLC","220 MB/s",null,null,null,23000,39500,150,"SATA II 3.0 Gb/s","2.5\" ","9.5 mm","Bulk"]
[null,null,"600 GB","SSDSA2CW600G3K5",2916202,"$ 810.00",{"$f":"IF(ISERROR(F246/(1-'Start Here'!$R$27)),\"\",(F246/(1-'Start Here'!$R$27)))","v":810},"25 nm MLC","220 MB/s",null,null,null,23000,39500,150,"SATA II 3.0 Gb/s","2.5\"","9.5 mm","Reseller Box"]
[null,null,"600 GB","SSDSA2CW600G3B5",2916203,"$ 820.00",{"$f":"IF(ISERROR(F247/(1-'Start Here'!$R$27)),\"\",(F247/(1-'Start Here'!$R$27)))","v":820},"25 nm MLC","220 MB/s",null,null,null,23000,39500,150,"microSATA 3.0 Gb/s","2.5\"","9.5 mm","Retail Box"]
[null,"525 Series \nLincoln Crest","30 GB","SSDMCEAC030B301",3468692,50,{"$f":"IF(ISERROR(F248/(1-'Start Here'!$R$27)),\"\",(F248/(1-'Start Here'!$R$27)))","v":50},"25 nm MLC","275 MB/s",null,null,null,10000,null,null,"mSATA 6 Gb/s","1.8\""]
[null,null,"60 GB","SSDMCEAC060B301",3468693,95,{"$f":"IF(ISERROR(F249/(1-'Start Here'!$R$27)),\"\",(F249/(1-'Start Here'!$R$27)))","v":95},"25 nm MLC","475 MB/s",null,null,null,23000,null,null,"mSATA 6 Gb/s","1.8\""]
[null,null,"120 GB","SSDMCEAC120B301",3468689,140,{"$f":"IF(ISERROR(F250/(1-'Start Here'!$R$27)),\"\",(F250/(1-'Start Here'!$R$27)))","v":140},"25 nm MLC","500 MB/s",null,null,null,40000,null,null,"mSATA 6 Gb/s","1.8\""]
[null,null,"180 GB","SSDMCEAC180B301",3468690,200,{"$f":"IF(ISERROR(F251/(1-'Start Here'!$R$27)),\"\",(F251/(1-'Start Here'!$R$27)))","v":200},"25 nm MLC","520 MB/s",null,null,null,60000,null,null,"mSATA 6 Gb/s","1.8\""]
[null,null,"240 GB","SSDMCEAC240B301",3468691,260,{"$f":"IF(ISERROR(F252/(1-'Start Here'!$R$27)),\"\",(F252/(1-'Start Here'!$R$27)))","v":260},"25 nm MLC","520 MB/s",null,null,null,60000,null,null,"mSATA 6 Gb/s","1.8\""]
[null,"313 Series - Hawley Creek","20 GB","SSDSA2VP020G301 ",3229025,90,{"$f":"IF(ISERROR(F253/(1-'Start Here'!$R$27)),\"\",(F253/(1-'Start Here'!$R$27)))","v":90},"25 nm MLC","100 MB/s",null,null,null,3300,null,null,"SATA II 3.0 Gb/s","2.5\"","9.5 mm","Bulk"]
[null,null,"20 GB","SSDMAEXC020G301",null,90,{"$f":"IF(ISERROR(F254/(1-'Start Here'!$R$27)),\"\",(F254/(1-'Start Here'!$R$27)))","v":90},"25 nm MLC","100 MB/s",null,null,null,3300,null,null,"mSATA 3Gb/s",null,"3.6 mm","Bulk"]
[null,null,"24 GB","SSDSA2VP024G301",3229031,110,{"$f":"IF(ISERROR(F255/(1-'Start Here'!$R$27)),\"\",(F255/(1-'Start Here'!$R$27)))","v":110},"25 nm MLC","115 MB/s",null,null,null,4000,null,null,"SATA II 3.0 Gb/s","2.5\"","9.5 mm","Bulk"]
[null,null,"24 GB","SSDMAEXC024G301",null,110,{"$f":"IF(ISERROR(F256/(1-'Start Here'!$R$27)),\"\",(F256/(1-'Start Here'!$R$27)))","v":110},"25 nm MLC","115 MB/s",null,null,null,4000,null,null,"mSATA 3Gb/s",null,"3.6 mm","Bulk"]
[null,"310 Series - Soda Creek","40 GB","SSDMAEMC040G2C1",3160792,"$ 85.00",{"$f":"IF(ISERROR(F257/(1-'Start Here'!$R$27)),\"\",(F257/(1-'Start Here'!$R$27)))","v":85},"34 nm MLC","35 MB/s",null,null,null,2500,null,null,"mSATA 3Gb/s",null,"4.85mm","Bulk"]
[null,null,"80 GB","SSDMAEMC080G2C1",2989821,"$ 160.00",{"$f":"IF(ISERROR(F258/(1-'Start Here'!$R$27)),\"\",(F258/(1-'Start Here'!$R$27)))","v":160},"34 nm MLC","70 MB/s",null,null,null,2500,null,null,"mSATA 3Gb/s",null,"4.85mm","Bulk"]

{"sheet":"Intel Networking","index":7,"n_rows":125,"n_cols":19,"rows_kept":125,"cut":false,"hidden":false,"merged":[[7,18,8,18],[33,9,33,11],[33,12,33,14],[33,15,33,16],[18,9,18,11],[18,12,18,14],[18,15,18,16],[90,1,124,1],[9,15,9,16],[8,15,8,16],[19,15,19,16],[20,15,20,16],[21,15,21,16],[22,15,22,16],[23,15,23,16],[24,15,24,16],[25,15,25,16],[26,15,26,16],[27,15,27,16],[28,15,28,16],[29,15,29,16],[64,15,64,16],[65,15,65,16],[62,15,62,16],[63,15,63,16],[61,15,61,16],[56,15,56,16],[57,15,57,16],[58,15,58,16],[59,15,59,16],[67,15,67,16],[68,15,68,16],[44,15,44,16],[45,15,45,16],[46,15,46,16],[54,15,54,16],[55,15,55,16],[52,15,52,16],[53,15,53,16],[67,12,67,14],[68,12,68,14],[64,12,64,14],[65,12,65,14],[62,12,62,14],[63,12,63,14],[60,12,60,14],[61,12,61,14],[56,12,56,14],[59,12,59,14],[30,15,30,16],[31,15,31,16],[32,15,32,16],[34,15,34,16],[35,15,35,16],[66,12,66,14],[39,15,39,16],[40,15,40,16],[41,15,41,16],[42,15,42,16],[43,15,43,16],[36,15,36,16],[37,15,37,16],[38,15,38,16],[47,15,47,16],[48,15,48,16],[49,15,49,16],[50,15,50,16],[51,15,51,16],[52,12,52,14],[66,15,66,16],[53,12,53,14],[47,12,47,14],[60,15,60,16],[48,12,48,14],[49,12,49,14],[50,12,50,14],[51,12,51,14],[57,12,57,14],[58,12,58,14],[44,12,44,14],[45,12,45,14],[46,12,46,14],[54,12,54,14],[55,12,55,14],[29,12,29,14],[20,12,20,14],[21,12,21,14],[39,12,39,14],[40,12,40,14],[41,12,41,14],[42,12,42,14],[43,12,43,14],[22,12,22,14],[23,12,23,14],[24,12,24,14],[36,12,36,14],[37,12,37,14],[38,12,38,14],[30,12,30,14],[31,12,31,14],[32,12,32,14],[34,12,34,14],[35,12,35,14],[68,9,68,11],[62,9,62,11],[63,9,63,11],[9,9,9,11],[8,9,8,11],[9,12,9,14],[8,12,8,14],[19,12,19,14],[64,9,64,11],[65,9,65,11],[66,9,66,11],[67,9,67,11],[59,9,59,11],[60,9,60,11],[61,9,61,11],[54,9,54,11],[55,9,55,11],[56,9,56,11],[57,9,57,11],[58,9,58,11],[25,12,25,14],[26,12,26,14],[27,12,27,14],[28,12,28,14],[111,2,114,2],[115,2,124,2],[122,9,124,9],[122,10,124,10],[122,11,124,11],[122,15,124,15],[122,16,124,16],[119,14,120,14],[119,15,120,15],[119,16,120,16],[119,9,120,9],[119,10,120,10],[119,11,120,11],[119,12,120,12],[119,13,120,13],[116,9,118,9],[116,10,118,10],[116,11,118,11],[116,12,118,12],[116,13,118,13],[116,14,118,14],[116,15,118,15],[116,16,118,16],[113,14,114,14],[113,15,114,15],[113,16,114,16],[113,9,114,9],[113,10,114,10],[113,11,114,11],[113,12,114,12],[113,13,114,13],[109,9,110,9],[109,10,110,10],[109,11,110,11],[109,12,110,12],[109,13,110,13],[109,14,110,14],[109,15,110,15],[109,16,110,16],[18,1,27,1],[9,1,17,1],[107,14,108,14],[107,15,108,15],[107,16,108,16],[107,9,108,9],[107,10,108,10],[107,11,108,11],[107,12,108,12],[107,13,108,13],[92,9,99,9],[101,9,105,9],[106,2,110,2],[38,9,38,11],[39,9,39,11],[40,9,40,11],[41,9,41,11],[50,9,50,11],[51,9,51,11],[52,9,52,11],[53,9,53,11],[46,9,46,11],[47,9,47,11],[48,9,48,11],[72,1,81,1],[83,1,86,1],[83,2,83,3],[84,2,84,3],[86,2,86,3],[28,1,37,1],[38,1,53,1],[54,1,63,1],[64,1,68,1],[85,2,85,3],[90,2,105,2],[34,9,34,11],[35,9,35,11],[36,9,36,11],[37,9,37,11],[19,9,19,11],[20,9,20,11],[21,9,21,11],[22,9,22,11],[23,9,23,11],[24,9,24,11],[25,9,25,11],[26,9,26,11],[27,9,27,11],[28,9,28,11],[29,9,29,11],[30,9,30,11],[31,9,31,11],[32,9,32,11],[42,9,42,11],[43,9,43,11],[44,9,44,11],[45,9,45,11],[49,9,49,11],[10,15,10,16],[11,15,11,16],[12,15,12,16],[13,15,13,16],[14,15,14,16],[15,15,15,16],[16,15,16,16],[17,15,17,16],[10,12,10,14],[11,12,11,14],[12,12,12,14],[13,12,13,14],[14,12,14,14],[15,12,15,14],[17,12,17,14],[16,12,16,14]]}
[]
[]
[]
[]
[]
[]
[]
[null,null,null,null,null,null,null,null,null,null,null,null,null,null,null,null,null,null,"Intel ITP Points"]
[null,"Bandwidth/Segment\n","Ports\n","Intel Model Name\n","Intel Part #\n","Synnex SKU\n",null,"Price\n","Intel Code Name\n","Intel Ethernet Controller\n",null,null,"Slot type\n",null,null,"Form Factor\n",null,"Packaging\n"]
[null,"New 10/40 Gb Copper",1,"X520-QDA1","X520QDA1",3872603,null,628.42105263157896,"QSFP+ Direct attach","82599 (Niantic)",null,null,"PCIe x8 - 5 GT/s",null,null,"FH & LP",null,"Retail Box",50]
[null,null,1,"XL710-QDA1","XL710QDA1",3963095,null,610.52631578947376,"Spirit Falls QSFP+","XL710 (Fortville)",null,null,"PCIe x8 - 8 GT/s",null,null,"FH & LP",null,"Retail Box",50]
[null,null,1,"XL710-QDA1","XL710QDA1BLK",3963097,null,588.42105263157896,"Spirit Falls QSFP+","XL710 (Fortville)",null,null,"PCIe x8 - 8 GT/s",null,null,"FH & LP",null,"Bulk Pack",50]
[null,null,2,"XL710-QDA2","XL710QDA2",3963096,null,785.26315789473688,"Spirit Falls DP QSFP+","XL710 (Fortville)",null,null,"PCIe x8 - 8 GT/s",null,null,"FH & LP",null,"Retail Box",50]
[null,null,2,"XL710-QDA2","XL710QDA2BLK",3963098,null,756.84210526315792,"Spirit Falls DP QSFP+","XL710 (Fortville)",null,null,"PCIe x8 - 8 GT/s",null,null,"FH & LP",null,"Bulk Pack",50]
[null,null,1,"X710-DA2","X710DA2",3963099,null,348.42105263157896,"Eagle Fountain DP SFP+","X710 (Fortville)",null,null,"PCIe x8 - 8 GT/s",null,null,"FH & LP",null,"Retail Box",50]
[null,null,1,"X710-DA2","X710DA2BLK",3963100,null,335.78947368421052,"Eagle Fountain DP SFP+","X710 (Fortville)",null,null,"PCIe x8 - 8 GT/s",null,null,"FH & LP",null,"Bulk Pack",20]
[null,null,2,"X710-DA4","X710DA4FH",3963101,null,610.52631578947376,"Eagle Fountain QP SFP+","X710 (Fortville)",null,null,"PCIe x8 - 8 GT/s",null,null,"FH",null,"Retail Box",50]
[null,null,2,"X710-DA4","X710DA4FHBLK",3963102,null,588.42105263157896,"Eagle Fountain QP SFP+","X710 (Fortville)",null,null,"PCIe x8 - 8 GT/s",null,null,"FH",null,"Bulk Pack",50]
[null,"10 Gb Copper",2,"X520-T2","E10G42BT",2831607,null,672.63157894736844,"Iron Pond","82599 (Niantic)",null,null,"PCIe x8 - 5 GT/s",null,null,"FH & LP",null,"Retail Box"," "]
[null,null,2,"X520-DA2","E10G42BTDA",2506456,null,420,"Spring Fountain DA","82599 (Niantic)",null,null,"PCIe x8 - 5 GT/s",null,null,"FH & LP",null,"Retail Box",50]
[null,null,2,"X540-T2","X540T2",3172773,null,504.21052631578948,"Twin Pond","X540 (Twinville)",null,null,"PCIe x8 - 5 GT/s",null,null,"FH & LP",null,"Retail Box",50]
[null,null,2,"X540-T2 Bulk Pack","X540T2BLK",3535797,null,500,"Twin Pond","X540 (Twinville)",null,null,"PCIe x8 - 5 GT/s",null,null,"FH & LP",null,"Bulk Pack",50]
[null,null,1,"X540-T1","X540T1",3326354,null,335.78947368421052,"Twin Pond","X540 (Twinville)",null,null,"PCIe x8 - 5 GT/s",null,null,"FH & LP",null,"Retail Box",50]
[null,null,1,"X540-T1 Bulk Pack","X540T1BLK",3623966,null,332.63157894736844,"Twin Pond","X540 (Twinville)",null,null,"PCIe x8 - 5 GT/s",null,null,"FH & LP",null,"Bulk Pack",50]
[null,null,1,"NetEffect™ NE020 10 Gb DA","E10G81G2P",2983619,null,756.84210526315792,"Argus","NetEffect™ NE020",null,null,"PCIe 1.1",null,null,"FH & LP",null,"Retail Box"," "]
[null,null,1,"NetEffect™ NE020 10 Gb CX4","E10G81GT2CX4",2742768,null,848.42105263157896,"Dover","NetEffect™ NE020",null,null,"PCIe 1.1",null,null,"FH & LP",null,"Retail Box"," "]
[null,null,1,"Intel® 10 Gigabit AT2 ","E10G41AT2",2584524,null,504.21052631578948,"Copper Pond 2","82598 (Oplin)",null,null,"PCIe x 8 - 2.5GT/s",null,null,"FH & LP",null,"Retail Box"," "]
[null,null,2,"Intel® 10 Gigabit AF DA","E10G42AFDA",2254523,null,588.42105263157896,"Long Cove","82598 (Oplin)",null,null,"PCIe x 8 - 2.5GT/s",null,null,"FH & LP",null,"Retail Box"," "]
[null,"10 Gb Fiber - Server",1,"X520-SR1","E10G41BFSR",2509638,null,550.52631578947376,"Spring Fountain SR1","82599 (Niantic)",null,null,"PCIe x8 - 5 GT/s",null,null,"FH & LP",null,"Retail Box",50]
[null,null,1,"X520-SR1 - Bulk Pack","E10G41BFSRBLK",3573746,null,536.84210526315792,"Spring Fountain SR1","82599 (Niantic)",null,null,"PCIe x8 - 5 GT/s",null,null,"FH & LP",null,"Bulk Pack",50]
[null,null,2,"X520-SR2","E10G42BFSR",2506457,null,681.0526315789474,"Spring Fountain SR2","82599 (Niantic)",null,null,"PCIe x8 - 5 GT/s",null,null,"FH & LP",null,"Retail Box",50]
[null,null,2,"X520-SR2 - Bulk Pack","E10G42BFSRBLK",3537864,null,662.1052631578948,"Spring Fountain SR2","82599 (Niantic)",null,null,"PCIe x8 - 5 GT/s",null,null,"FH & LP",null,"Bulk Pack",50]
[null,null,1,"X520-LR1","E10G41BFLR",2509640,null,818.94736842105272,"Spring Fountain LR1","82599 (Niantic)",null,null,"PCIe x8 - 5 GT/s",null,null,"FH & LP",null,"Retail Box",50]
[null,null,null,"X520-LR1 Bulk Pack","E10G41BFLRBLK",3751790,null,810.52631578947376,"Spring Fountain LR1","82599 (Niantic)",null,null,"PCIe x8 - 5 GT/s",null,null,"FH & LP",null,"Bulk Pack",50]
[null,null,2,"X520-SR2 Bypass Adapter","X520SR2BP",null,null,1217.8947368421054,"Bandon Beach","82599 (Niantic)",null,null,"PCIe x8 - 5 GT/s",null,null,"Full Height",null,"Retail Box"," "]
[null,null,2,"X520-SR2 Bypass Adapter Bulk","X520SR2BPBLK",null,null,1173.6842105263158,"Bandon Beach","82599 (Niantic)",null,null,"PCIe x8 - 5 GT/s",null,null,"Full Height",null,"Bulk Pack"," "]
[null,null,2,"X520-SR2 Bypass Adapter - LP","X520SR2BPL",null,null,1217.8947368421054,"Bandon Beach LP","82599 (Niantic)",null,null,"PCIe x8 - 5 GT/s",null,null,"Low Profile",null,"Retail Box"," "]
[null,null,2,"X520-SR2 Bypass Adapter - LP Bulk","X520SR2BPLBLK",null,null,1173.6842105263158,"Bandon Beach LP","82599 (Niantic)",null,null,"PCIe x8 - 5 GT/s",null,null,"Low Profile",null,"Bulk Pack"," "]
[null,"1 Gb Copper - Server",1,"I210 - T1","I210T1",3554169,null,66.31578947368422,"Beaver Lake","Springville, A1",null,null,"PCIe x 8 - 2.5GT/s",null,null,"FH & LP",null,"Retail Box",10]
[null,null,1,"I210T - T1 Bulk","I210T1BLK",3554166,null,63.15789473684211,"Beaver Lake","Springville, A1",null,null,"PCIe x 8 - 2.5GT/s",null,null,"FH & LP",null,"Bulk Pack",10]
[null,null,2,"I350-T2","I350T2",3024563,null,133.68421052631581,"Stony Lake T2","I350 (Powerville)",null,null,"PCIe x 8 - 2.5GT/s",null,null,"FH & LP",null,"Retail Box",10]
[null,null,2,"I350-T2","I350T2BLK",3024564,null,125.26315789473685,"Stony Lake T2","I350 (Powerville)",null,null,"PCIe x 8 - 2.5GT/s",null,null,"FH & LP",null,"Bulk Pack",10]
[null,null,4,"I350-T4","I350T4",3024565,null,312.63157894736844,"Stony Lake T4","I350 (Powerville)",null,null,"PCIe x 8 - 2.5GT/s",null,null,"FH & LP",null,"Retail Box",30]
[null,null,4,"I350-T4","I350T4BLK",3024566,null,293.68421052631578,"Stony Lake T4","I350 (Powerville)",null,null,"PCIe x 8 - 2.5GT/s",null,null,"FH & LP",null,"Bulk Pack",30]
[null,null,4,"i340-T4","E1G44HT",2654884,null,308.42105263157896,"Bartonville QT","82580 (Barton Hills)",null,null,"PCIe x4, x2, x1 - 2.5 GT/s",null,null,"FH & LP",null,"Retail Box",10]
[null,null,4,"i340-T4","E1G44HTBLK",2654885,null,293.68421052631578,"Bartonville QT","82580 (Barton Hills)",null,null,"PCIe x4, x2, x1 - 2.5 GT/s",null,null,"FH & LP",null,"Bulk Pack",10]
[null,null,2,"Intel® PRO/1000 PT ","EXPI9402PT",1069879,null,158.94736842105263,"Redwater","82571GB (Ophir)",null,null,"PCIe x4, x2, x1 - 2.5 GT/s",null,null,"FH & LP",null,"Retail Box"," "]
[null,null,2,"Intel® PRO/1000 PT ","EXPI9402PTBLK",1069880,null,144.21052631578948,"Redwater","82571GB (Ophir)",null,null,"PCIe x4, x2, x1 - 2.5 GT/s",null,null,"FH & LP",null,"Bulk Pack"," "]
[null,null,4,"Intel® PRO/1000 PT ","EXPI9404PTL",1821747,null,398.94736842105266,"Kirkwood LP","82571GB (Ophir)",null,null,"PCIe x4, x2, x1 - 2.5 GT/s",null,null,"FH & LP",null,"Retail Box"," "]
[null,null,4,"Intel® PRO/1000 PT ","EXPI9404PTLBLK",1821749,null,387.36842105263162,"Kirkwood LP","82571GB (Ophir)",null,null,"PCIe x4, x2, x1 - 2.5 GT/s",null,null,"FH & LP",null,"Bulk Pack"," "]
[null,null,2,"Intel® Gigabit ET ","E1G42ET",2280013,null,156.84210526315789,"Portville DT","82576  (Kawela)",null,null,"PCIe x4, x2, x1 - 2.5 GT/s",null,null,"FH & LP",null,"Retail Box"," "]
[null,null,2,"Intel® Gigabit ET ","E1G42ETBLK",2245497,null,142.10526315789474,"Portville DT","82576  (Kawela)",null,null,"PCIe x4, x2, x1 - 2.5 GT/s",null,null,"FH & LP",null,"Bulk Pack"," "]
[null,null,4,"Intel® Gigabit ET ","E1G44ET2",2785369,null,394.73684210526318,"Portville QT","82576  (Kawela)",null,null,"PCIe x4, x2, x1 - 2.5 GT/s",null,null,"FH & LP",null,"Retail Box"," "]
[null,null,4,"Intel® Gigabit ET ","E1G44ET2BLK",2785370,null,377.89473684210526,"Portville QT","82576  (Kawela)",null,null,"PCIe x4, x2, x1 - 2.5 GT/s",null,null,"FH & LP",null,"Bulk Pack"," "]
[null,"1 Gb Fiber - Server",2,"I350-F2","I350F2",3799129,null,400,"Stony Lake F2","I350 (Powerville)",null,null,"PCIe x 8 - 2.5GT/s",null,null,"FH & LP",null,"Retail Box",10]
[null,null,2,"I350-F2","I350F2BLK",3144462,null,376.84210526315792,"Stony Lake F2","I350 (Powerville)",null,null,"PCIe x 8 - 2.5GT/s",null,null,"FH & LP",null,"Bulk Pack",10]
[null,null,4,"I350-F4","I350F4",3622556,null,1162.1052631578948,"Stony Lake F4","I350 (Powerville)",null,null,"PCIe x 8 - 2.5GT/s",null,null,"FH & LP",null,"Retail Box",30]
[null,null,4,"I350-F4","I350F4BLK",3144464,null,1093.6842105263158,"Stony Lake F4","I350 (Powerville)",null,null,"PCIe x 8 - 2.5GT/s",null,null,"FH & LP",null,"Bulk Pack",30]
[null,null,2,"I340-F4","E1G44HF",3693989,null,883.1578947368422,"Bartonville QF","82580 (Barton Hills)",null,null,"PCIe x4, x2, x1 - 5 GT/s",null,null,"FH & LP",null,"Retail Box"," "]
[null,null,4,"I340-F4","E1G44HFBLK",3052673,null,841.0526315789474,"Bartonville QF","82580 (Barton Hills)",null,null,"PCIe x4, x2, x1 - 5 GT/s",null,null,"FH & LP",null,"Bulk Pack"," "]
[null,null,2,"Intel® PRO/1000 PF ","EXPI9402PF",1069883,null,683.15789473684208,"Bretona","82571GB (Ophir)",null,null,"PCIe x4, x2  - 2.5 GT/s",null,null,"FH & LP",null,"Retail Box"," "]
[null,null,2,"Intel® PRO/1000 PF ","EXPI9402PFBLK",1069884,null,621.0526315789474,"Bretona","82571GB (Ophir)",null,null,"PCIe x4, x2  - 2.5 GT/s",null,null,"FH & LP",null,"Bulk Pack"," "]
[null,null,2,"Intel® Gigabit EF ","E1G42EF",2245498,null,647.36842105263156,"Lunaville DS","82576 (Kawela)",null,null,"PCIe x4, x2  - 2.5 GT/s",null,null,"Full Height",null,"Retail Box"," "]
[null,null,2,"Intel® Gigabit EF ","E1G42EFBLK",2245499,null,588.42105263157896,"Lunaville DS","82576 (Kawela)",null,null,"PCIe x4, x2, x1 - 2.5 GT/s",null,null,"Full Height",null,"Bulk Pack"," "]
[null,"1 Gb Copper - Desktop",1,"Intel® Gigabit CT","EXPI9301CT",2279955,null,31.578947368421055,"Shelter Island","82574L (Hartwell)",null,null,"PCIe x 8 - 2.5GT/s",null,null,"FH & LP",null,"Retail Box"," "]
[null,null,1,"Intel® Gigabit CT","EXPI9301CTBLK",2279956,null,26.315789473684212,"Shelter Island","82574L (Hartwell)",null,null,"PCIe x 8 - 2.5GT/s",null,null,"FH & LP",null,"Bulk Pack"," "]
[null,null,1,"Intel® PRO/1000 GT ","PWLA8391GT",1021836,null,31.578947368421055,"Stebbins 2","82541PI (Tabor III)",null,null,"PCI",null,null,"Full Height",null,"Retail Box"," "]
[null,null,1,"Intel® PRO/1000 GT ","PWLA8391GTBLK",1021842,null,26.315789473684212,"Stebbins 2","82541PI (Tabor III)",null,null,"PCI",null,null,"Full Height",null,"Bulk Pack"," "]
[null,null,1,"Intel® PRO/1000 GT ","PWLA8391GTLBLK",1021838,null,26.315789473684212,"Stebbins 2","82541PI (Tabor III)",null,null,"PCI",null,null,"Low Profile",null,"Bulk Pack"," "]
[]
[]
[]
[null,"Intel Network Cables","Length","Cable Type","Intel Part #","Synnex SKU",null,"Price"]
[null,null,"1M","10 G SFP+ DA","XDACBL1M",3299294,null,52.631578947368425]
[null,null,"3M","10 G SFP+ DA","XDACBL3M",3299295,null,74.736842105263165]
[null,null,"5M","10 G SFP+ DA","XDACBL5M",3299296,null,96.842105263157904]
[null,null,"1M","QSFP+ Twinax Cable","XLDACBL1",3872606,null,97.894736842105274]
[null,null,"3M","QSFP+ Twinax Cable","XLDACBL3",3872607,null,116.8421052631579]
[null,null,"5M","QSFP+ Twinax Cable","XLDACBL5",3872608,null,195.78947368421055]
[null,null,"1M","QSFP+ Breakout Cable","X4DACBL1",3872609,null,146.31578947368422]
[null,null,"3M","QSFP+ Breakout Cable","X4DACBL3",3872611,null,195.78947368421055]
[null,null,"5M","QSFP+ Breakout Cable","X4DACBL5",3872612,null,323.15789473684214]
[]
[null,"Intel Optical Modules","Description",null,"Intel Part #","Synnex SKU",null,"Price"]
[null,null,"Intel QSFP+ SR Optic",null,"E40GQSFPSR",3872613,null,435.78947368421052]
[null,null,"Intel SFP+ SR Optical Module",null,"E10GSFPSR",2563020,null,156.84210526315789]
[null,null,"Intel SFP+ LR Optical Module",null,"E10GSFPLR",2567243,null,403.15789473684214]
[]
[]
[null,"Intel Wireless",null,"Prod Description","Product Code","SKU",null,"Price","Box/Tray","Base Num","Wi-Fi","BT","BLE","WiDi","Dual Band","vPro","Smart Connect"]
[null,"Intel Wireless Modules","SHARK BAY ULT","HMC Form Factor"]
[null,null,null,"Wilkins Peak 1","3160.HMWG  ",null,null,11.764705882352942,"Tray",3160,"AC","x","x","x","x",null,"x"]
[null,null,null,"Wilkins Peak 2","7260.HMWG",null,null,23.529411764705884,"Tray",7260,"AC","x","x","x","x","x","x"]
[null,null,null,"Wilkins Peak 2","7260.HMWANG",null,null,21.176470588235293,"Tray",null,"AGN","x","x","x","x","x","x"]
[null,null,null,"Wilkins Peak 2","7260.HMWNBG",null,null,17.647058823529413,"Tray",null,"AGN",null,"x","x","x","x","x"]
[null,null,null,"Wilkins Peak 2","7260.HMWBNG ",null,null,11.764705882352942,"Tray",null,"BGN","x",null,"x",null,null,"x"]
[null,null,null,"Wilkins Peak 2","7260.HMWWB",3596406,null,23.529411764705884,"Box",null,"AC","x","x","x","x","x","x"]
[null,null,null,"Wilkins Peak 2","7260.HMWANWB",3596404,null,21.176470588235293,"Box",null,"AGN","x","x","x","x","x","x"]
[null,null,null,"Wilkins Peak 2","7260.HMWNBWB",3703613,null,17.647058823529413,"Box",null,"AGN",null,"x","x","x","x","x"]
[null,null,null,"Wilkins Peak 2","7260.HMWBNWB",3596396,null,11.764705882352942,"Box",null,"BGN","x",null,"x",null,null,"x"]
[null,null,null,"NG Form Factor"]
[null,null,null,"Wilkins Peak 2","7260.NGWG",null,null,23.529411764705884,"Tray",7260,"AC","x","x","x","x","x","x"]
[null,null,null,"Wilkins Peak 2","7260.NGWANG ",null,null,21.176470588235293,"Tray",null,"AGN","x","x","x","x","x","x"]
[null,null,null,"Wilkins Peak 2","7260.NGWBNG ",null,null,11.764705882352942,"Tray",null,"BGN",null,null,"x",null,null,"x"]
[null,null,null,"Wilkins Peak 2","7260.NGWWB",null,null,23.529411764705884,"Box",null,"AC","x","x","x","x","x","x"]
[null,null,null,"Wilkins Peak 2","7260.NGWANWB",null,null,21.176470588235293,"Box",null,"AGN","x","x","x","x","x","x"]
[null,null,"CHIEF RIVER","Jackson Peak"]
[null,null,null,"Jackson Peak 1","2230BN.HMWG",3196818,null,11.764705882352942,"Tray",2230,"BGN","x","x","x",null,null,"x"]
[null,null,null,"Jackson Peak 1","2230BN.HMWWB",3196817,null,11.764705882352942,"Box"]
[null,null,null,"Jackson Peak 2","6235AN.HMWG",3196816,null,21.176470588235293,"Tray",6235,"AGN","x","x","x","x","x","x"]
[null,null,null,"Jackson Peak 2","6235AN.HMWWB",3196815,null,21.176470588235293,"Box"]
[null,null,null,"Taylor Peak"]
[null,null,null,"Taylor Peak 2X2","62205AN.HMWEB",null,null,21.176470588235293,"Box"]
[null,null,null,"Taylor Peak 2X2","62205AN.HMWG",2852358,null,17.647058823529413,"Tray",62205,"AGN",null,null,"x","x",null,"x"]
[null,null,null,"Taylor Peak 2X2","62205AN.HMWWB",2852359,null,17.647058823529413,"Box"]
[null,null,"CALPELLA","Puma Peak"]
[null,null,null,"Generic 3x3 Minicard","633AN.HMWEBC",null,null,32.941176470588239,"Box",633,"AGN",null,null,"x","x","x","x"]
[null,null,null,"Generic 3x3 Minicard","633AN.HMWG",null,null,32.941176470588239,"Tray"]
[null,null,null,"Whitebox 3x3 Minicard","633AN.HMWWB",2661563,null,32.941176470588239,"Box"]
[null,null,null,"Generic 2x2 Minicard","622AN.HMWG",2594631,null,22.352941176470591,"Tray",622,"AGN",null,null,"x","x","x"]
[null,null,null,"Whitebox 2x2 Minicard","622AN.HMWWB",2594628,null,22.352941176470591,"Box"]
[null,null,null,"Condor Peak"]
[null,null,null,"Genric CP Half Minicard","112BN.HMWG",2515915,null,9.4117647058823533,"Tray",112,"BGN",null,null,"x"]
[null,null,null,"Genric CP Minicard BOX","112BN.MMWWB",2515918,null,11.764705882352942,"Box",null,null,null,null,"x"]
[null,null,null,"Genric CP Half Minicard Box","112BN.HMWWB",2515917,null,11.764705882352942,"Box",null,null,null,null,"x"]

{"sheet":"Warranty & Service Plans","index":8,"n_rows":21,"n_cols":7,"rows_kept":21,"cut":false,"hidden":false,"merged":[[7,1,10,4],[12,1,12,2],[13,1,13,2],[17,1,17,2],[18,1,18,2],[21,1,21,2],[20,1,20,2],[14,1,14,2],[15,1,15,2],[16,1,16,2],[19,1,19,2]]}
[]
[]
[]
[]
[]
[]
[]
[null,"Intel® Server Component Extended Warranty adds additional two years to the standard three year product warranty. This is offered for Intel® Server Boards, Intel® RAID controllers, and Intel® Server Systems. This service is purchased like hardware, through a reseller/distributor, and serial number registration is required to activate. "]
[]
[]
[]
[]
[null,"Intel Part number",null,"Synnex SKU","Description",null,"Price"]
[null,"SVCEWUPSY",null,2952536,"Two year extended warranty for Intel® Server Systems or Intel® Server Knock Down Kits + Intel® Server Boards that support one processor. Intel® RAID controller extended warranty is purchased separately.\nApplies to:\nSC5650UP, SC5650UPNA, SR1630GP, SR1630GPNA, SR1630GPRX, SR1630GPRXNA, SR1630HGP, SR1630HGPNA, SR1630HGPRX , SR1630HGPRXNA, SR1640TH, SR1640THNA, SR1695GPRX1AC, SR1695GPRX1ACNA, SR1695GPRX2AC, SR1695GPRX2ACNA, SR1695WBAC, SR1695WBACNA, SR1695WBDC, P4304BTLSFCN, P4304BTLSFCNNA, P4304BTLSHCN, P4304BTLSHCNNA, P4304BTSSFCN, P4304BTSSFCNNA, P4304BTSSFCNNA ,P4304XXSFCN , P4304XXSFCNNA, P4304XXSHCN, P4304XXSHCNNA, R1304BTLSFAN, R1304BTLSFANNA, R1304BTLSHBN, R1304BTLSHBNNA, R1304BTSSFAN, R1304BTSSFANNA",null,168.42105263157896]
[null,"SVCEWDPSY",null,2952538,"Two year extended warranty for Intel® Server Systems or Intel® Server Knock Down Kits + Intel® Server Boards that support two processors. Intel® RAID controller extended warranty is purchased separately.\nApplies to:\nP4208CP4MHGC, P4308CP4MHEN, P4308CP4MHGC, R1208GL4DS, R1208GZ4GC, R1208GZ4GCSAS, R1304GZ4GC, R2208GL4GS, R2208GZ4GC, R2208GZ4GC10G, R2208GZ4GCSAS, R2208GZ4IS, R2216GZ4GC, R2216GZ4GCLX, R2224GZ4GC, R2224GZ4GCSAS, R2308GL4GS, R2308GZ4GC, R2312GL4GS, R2312GZ4GC, R2312GZ4GCSAS, R2308GZ4GCIOC, R2216GZ4GCIOC, R1208GZ4GCIO, SC5650BCDP, SC5650BCDPNA, SC5650BCDPR, SC5650BCDPRNA, SC5650HCBRP, SC5650HCBRPNA,SC5650HCBRPR, SC5650HCBRPRNA, SC5650SCWS, SC5650SCWSR, SC5650SCWSRNA, SR1600UR, SR1600URHS, SR1600URHSNA, SR1600URHSR, SR1600URHSRNA, SR1600URNA, SR1600URR, SR1600URRNA, SR1625UR, SR1625URNA, SR1625URR, SR1625URRNA, SR1625URSAS, SR1625URSASNA, SR1625URSASR, SR1625URSASRNA, SR1630BC, SR1630BCNA, SR1630BCR, SR1630BCRNA, SR1670HV, SR1670HVNA, SR1690WB, SR1690WBNA, SR1690WBR, SR1690WBRNA, SR2600URBRP, SR2600URBRPNA, SR2600URBRPR, SR2600URBRPRNA, SR2600URLX, SR2600URLXNA, SR2600URLXR, SR2600URLXRNA, SR2600URSATA, SR2600URSATANA,SR2600URSATAR, SR2600URSATARNA, SR2612UR, SR2612URNA, SR2612URR,SR2612URRNA,SR2625URBRP, SR2625URBRPNA,SR2625URBRPR, SR2625URBRPRNA,SR2625URLX,SR2625URLXNA, SR2625URLXR, SR2625URLXRNA, SR2625URLXT, SR2625URLXTNA, SC5600BASE, SC5600BASENA, SC5600BRP, SC5600BRPNA, SC5600LX, SC5600LXNA, SC5650BRP, SC5650BRPNA, SC5650DP, SC5650DPNA, SC5650SCWSNA, SC5650WS, SC5650WSNA",null,324.21052631578948]
[null,"SVCEWMFSY",null,2952539,"Two year extended warranty for Intel® Modular Server Systems\nNOTE: please use SVCEWMFCP for each compute module, as described in the next section.\nApplies to:\nMFSYS25V2, MFSYS25V2, MFSYS35",null,942.1052631578948]
[null,"SVCEWMFCP",null,2952541,"Two year extended warranty for Intel® Modular Server Compute Modules.\nApplies to:\nMFS5520VIBR, MFS5520VIR",null,242.10526315789474]
[null,"SVCEWUPBD",null,2952535,"Two year extended warranty for Intel® Server Boards that support one processor.\nApplies to:\nS1200KP, S1200BTL, S1200BTS, S3420GPLC, S3420GPLX, S3420GPRX, S3420GPV, WX58BPR",null,62.10526315789474]
[null,"SVCEWDPBD",null,2952537,"Two year extended warranty for Intel® Server Boards that support two processors.\nApplies to:\nS2600CP2, S2600CP4, S2600GL, S2600GZ, S5500BC, S5500BCR, S5500HCV, S5500HCVR, S5500WB, S5500WB12VR, S5500WBR, S5520HC, S5520HCR, S5520HCT, S5520SC, S5520SCR, S5520URT",null,125.26315789473685]
[null,"SVCEWMPBD",null,null,"Two year extended warranty for Intel® Server Boards that support FOUR processors.",null,284.21052631578948]
[null,"SVCEWRAID",null,2952540,"Two year extended warranty for Intel® RAID controllers. Batteries are not included in the Extended Warranty.\nApplies to:\nRMS25CB080 / RMS25CB040, RMT3CB080, RMS25JB080/ RMS25JB040, RMS25PB080 / RMS25PB040, RMT3PB080, RMS25KB080 / RMS25KB040, RS25SB008, RS25AB080, RES2SV240NC, RES2CV360, RES2CV240, AXX4SASMOD, AXXRAKSAS2, AXXRAKSW5, AXXRMS2AF040, AXXRMS2AF080, AXXRMS2LL040, AXXRMS2LL080, AXXRMS2MH080, AXXROMBSASMR, RES2SV240, RS25GB008, RS2BL040, RS2BL080, RS2BL080D10, RS2BL080DE, RS2BL080SNGL, RS2MB044, RS2PI008, RS2PI008DE, RS2SG244, RS2WC040, RS2WC080 , RS2WG160, RT3WB080, RS2VB080, RS25DB080, SASMF8I, SASUC8I, SASWT4I, SRCSASBB8I, SRCSASLS4I ,SRCSASJV, SRCSASRB, SRCSATAWB",null,80]

{"sheet":"Intel NUC","index":9,"n_rows":218,"n_cols":14,"rows_kept":218,"cut":false,"hidden":false,"merged":[[217,1,217,2],[217,5,217,11],[195,1,195,2],[195,5,195,11],[196,1,196,2],[196,5,196,11],[197,1,197,2],[197,5,197,11],[198,1,198,2],[198,5,198,11],[199,1,199,2],[199,5,199,11],[205,1,205,2],[205,5,205,11],[203,1,203,2],[203,5,203,11],[206,1,206,2],[206,5,206,11],[204,1,204,2],[204,5,204,11],[207,1,207,2],[207,5,207,11],[216,1,216,2],[216,5,216,11],[202,1,202,2],[202,5,202,11],[190,1,190,2],[190,5,190,11],[200,1,200,2],[200,5,200,11],[201,1,201,2],[201,5,201,11],[191,1,191,2],[191,5,191,11],[192,1,192,2],[192,5,192,11],[193,1,193,2],[193,5,193,11],[194,1,194,2],[194,5,194,11],[176,5,176,11],[177,1,177,2],[177,5,177,11],[184,1,184,2],[184,5,184,11],[185,1,185,2],[185,5,185,11],[189,1,189,2],[189,5,189,11],[181,1,181,2],[181,5,181,11],[182,1,182,2],[182,5,182,11],[183,1,183,2],[183,5,183,11],[143,12,151,12],[143,13,151,13],[134,12,142,12],[134,13,142,13],[168,1,168,2],[168,5,168,11],[165,1,165,2],[165,5,165,11],[166,1,166,2],[166,5,166,11],[167,1,167,2],[167,5,167,11],[164,1,164,2],[164,5,164,11],[134,1,142,2],[134,3,142,3],[134,4,142,4],[134,5,142,11],[143,1,151,2],[143,3,151,3],[143,4,151,4],[143,5,151,11],[107,12,115,12],[107,13,115,13],[116,1,124,2],[116,3,124,3],[116,4,124,4],[116,5,124,11],[116,12,124,12],[116,13,124,13],[125,12,133,12],[125,13,133,13],[125,1,133,2],[125,3,133,3],[125,4,133,4],[125,5,133,11],[80,12,87,12],[80,13,87,13],[96,1,103,2],[96,3,103,3],[96,4,103,4],[96,5,103,11],[96,12,103,12],[96,13,103,13],[80,1,87,2],[80,3,87,3],[80,4,87,4],[88,1,95,2],[88,12,95,12],[88,13,95,13],[88,5,95,11],[64,12,71,12],[64,13,71,13],[72,1,79,2],[72,3,79,3],[72,4,79,4],[72,5,79,11],[72,12,79,12],[72,13,79,13],[64,1,71,2],[64,3,71,3],[64,4,71,4],[64,5,71,11],[56,13,63,13],[48,3,55,3],[48,4,55,4],[48,5,55,11],[48,12,55,12],[48,13,55,13],[40,5,47,11],[40,12,47,12],[56,12,63,12],[56,5,63,11],[56,3,63,3],[56,4,63,4],[23,1,23,2],[23,5,23,11],[40,13,47,13],[48,1,55,2],[24,12,31,12],[24,13,31,13],[32,1,39,2],[32,3,39,3],[32,4,39,4],[32,5,39,11],[32,12,39,12],[32,13,39,13],[24,5,31,11],[106,1,106,2],[106,5,106,11],[107,1,115,2],[107,3,115,3],[107,4,115,4],[107,5,115,11],[80,5,87,11],[209,1,209,2],[209,5,209,11],[208,1,208,2],[208,5,208,11],[174,1,174,2],[173,5,173,11],[175,1,175,2],[175,5,175,11],[173,1,173,2],[174,5,174,11],[178,1,178,2],[178,5,178,11],[179,1,179,2],[179,5,179,11],[180,1,180,2],[180,5,180,11],[176,1,176,2],[211,1,211,2],[211,5,211,11],[212,1,212,2],[212,5,212,11],[215,1,215,2],[210,1,210,2],[210,5,210,11],[213,1,213,2],[213,5,213,11],[214,1,214,2],[214,5,214,11],[215,5,215,11],[22,1,22,11],[105,1,105,11],[153,1,153,11],[186,1,186,2],[186,5,186,11],[187,1,187,2],[187,5,187,11],[188,1,188,2],[188,5,188,11],[172,1,172,2],[172,5,172,11],[169,1,169,2],[169,5,169,11],[170,1,170,2],[170,5,170,11],[171,1,171,2],[171,5,171,11],[24,4,31,4],[24,3,31,3],[24,1,31,2],[40,1,47,2],[40,3,47,3],[40,4,47,4],[56,1,63,2]]}
[]
[]
[]
[]
[]
[]
[]
[]
[]
[]
[]
[]
[]
[]
[]
[]
[]
[]
[]
[]
[]
[]
[null,"Intel Next Unit of Computing Barebone Kits"]
[null,"Code name & photo",null,"Part #","SKU #","Description",null,null,null,null,null,null,null,"Price"]
[null,"Forest Canyon",null,"BOXDN2820FYKH0","3743693","The BOXDN2820FYKH0 includes:\n■ Intel Celeron N2820 (up to 2.39 GHz dual-core processor w/1MB Cache - Bay Trail-M)\n■ Intel HD Graphics\n■ One HDMI 1.4a port\n■ One SO-DIMM slot supporting up to 8 GB \n    - 1.35v, 1333/1600 MHz DDR3L (down clocked to 1066 MHz)\n■ Intel Wireless-N 7260BN PCIe mini card pre-installed (802.11bgn, Bluetooth 4.0, Intel WiDi)\n■ 10/100/1000 Ethernet Port\n■ One USB 3.0 (Front panel), Two USB 2.0 (back panel)\n■ Supports One (1) SATA drive for 2.5\" HDD or SSD\n■ Intel HD Audio via HDMI 1.4a output supporting 8 channel (7.1) digital audio\n■ Intel HD Audio via Realtek ALC283 and 1/8\" analog audio jack\n■ Size: 4.59\" x 4.41\" x 2.03\"\n■ Comes with power cord & 12V, 36W wall-mount AC Adapter\n■ VESA mounting bracket (75x77 mm and 100x100mm compatible)",null,null,null,null,null,null,null,129.67368421052632]
[]
[]
[]
[]
[]
[]
[]
[null,"Wilson Canyon",null,"BOXD34010WYK1",3664354,"The BOXD34010WYK1 includes:\n■ Intel 4th Gen Core i3-4010U (1.7 GHz dual-core processor w/ 3MB Cache - Haswell)\n■ Two SO-DIMM slots supporting up to 16 GB \n   - 1.35v, 1333/1600 MHz DDR3L \n■ One mini DisplayPort 1.2 with audio support\n■ One mini HDMI port 1.4a with audio support\n■ Intel High Definition Audio via HDMI 1.4a output and one DisplayPort 1.2 connector\n■ Two USB 3.0 connectors (front Panel), Two USB 3.0 connectors (back panel)\n■ Two USB 2.0 Ports via internal headers\n■ 10/100/1000 Ethernet port\n■ Consumer infrared sensor on the front panel\n■ One full-length mini PCI Express slot with mSATA support\n■ One half-length mini PCI Express slot\n■ Size: 4.59\" x 4.41\" x 1.36\"\n■ VESA mounting bracket\n■ comes with power cord & 19V, 65W power adapter \n",null,null,null,null,null,null,null,277.47368421052636]
[]
[]
[]
[]
[]
[]
[]
[null,"Wilson Canyon",null,"BOXD34010WYKH1",3726276,"The BOXD34010WYK1 includes:\n■ Intel 4th Gen Core i3-4010U (1.7 GHz dual-core processor w/ 3MB Cache - Haswell)\n■ Two SO-DIMM slots supporting up to 16 GB \n   - 1.35v, 1333/1600 MHz DDR3L \n■ One mini DisplayPort 1.2 with audio support\n■ One mini HDMI port 1.4a with audio support\n■ Intel High Definition Audio via HDMI 1.4a output and one DisplayPort 1.2 connector\n■ Two USB 3.0 connectors (front Panel), Two USB 3.0 connectors (back panel)\n■ Two USB 2.0 Ports via internal headers\n■ 10/100/1000 Ethernet port\n■ Consumer infrared sensor on the front panel\n■ One full-length mini PCI Express slot with mSATA support\n■ One half-length mini PCI Express slot\n■ 1 x SATA port for connection to 2.5\" HDD or SSD\n■ Size: 4.59\" x 4.41\" x 1.36\"\n■ VESA mounting bracket\n■ comes with power cord & 19V, 65W power adapter \n",null,null,null,null,null,null,null,277.54736842105268]
[]
[]
[]
[]
[]
[]
[]
[null,"Wilson Canyon",null,"BOXD54250WYK1",3664352,"The BOXD54250WYK1 includes:\n■ Intel 4th Gen Core i5-4250U (1.3 GHz upt o 2.6 GHz in Turbo -  dual-core processor w/ 3MB Cache - Haswell)\n■ Two SO-DIMM slots supporting up to 16 GB \n   - 1.35v, 1333/1600 MHz DDR3L \n■ One mini DisplayPort 1.2 with audio support\n■ One mini HDMI port 1.4a with audio support\n■ Intel High Definition Audio via HDMI 1.4a output and one DisplayPort 1.2 connector\n■ Two USB 3.0 connectors (front Panel), Two USB 3.0 connectors (back panel)\n■ Two USB 2.0 Ports via internal headers\n■ 10/100/1000 Ethernet port\n■ Consumer infrared sensor on the front panel\n■ One full-length mini PCI Express slot with mSATA support\n■ One half-length mini PCI Express slot\n■ Size: 4.59\" x 4.41\" x 1.36\"\n■ VESA mounting bracket\n■ comes with power cord & 19V, 65W power adapter \n",null,null,null,null,null,null,null,362.53684210526319]
[]
[]
[]
[]
[]
[]
[]
[null,"Wilson Canyon",null,"BOXD54250WYKH1",3726275,"The BOXD54250WYKH1 includes:\n■ Intel 4th Gen Core i5-4250U (1.3 GHz upt o 2.6 GHz in Turbo -  dual-core processor w/ 3MB Cache - Haswell)\n■ Two SO-DIMM slots supporting up to 16 GB \n   - 1.35v, 1333/1600 MHz DDR3L \n■ One mini DisplayPort 1.2 with audio support\n■ One mini HDMI port 1.4a with audio support\n■ Intel High Definition Audio via HDMI 1.4a output and one DisplayPort 1.2 connector\n■ Two USB 3.0 connectors (front Panel), Two USB 3.0 connectors (back panel)\n■ Two USB 2.0 Ports via internal headers\n■ 10/100/1000 Ethernet port\n■ Consumer infrared sensor on the front panel\n■ One full-length mini PCI Express slot with mSATA support\n■ One half-length mini PCI Express slot\n■ 1 x SATA port for connection to 2.5\" HDD or SSD\n■ Size: 4.59\" x 4.41\" x 1.36\"\n■ VESA mounting bracket\n■ comes with power cord & 19V, 65W power adapter \n",null,null,null,null,null,null,null,362.6]
[]
[]
[]
[]
[]
[]
[]
[null,"Deep Canyon",null,"BOXDCCP847DYE",3458908,"The BOXDCCP847DYE includes:\n■ Intel Celeron 847 (1.10 GHz, 2M Cache - Sandy Bridge) \n■ Two SO-DIMM slots supporting up to 16 GB \n   - 1.35v and 1.5v DDR3 1333 MHz\n■ Dual HDMI Ports supporting dual independent display capability\n■ Intel HD Graphics\n■ Intel High Definition Audio via HDMI 1.4a supporting 8 channel (7.1) digital audio\n■ Two USB  2.0 ports - back panel\n■ 1 USB 2.0 port - front panel\n■ 10/100/1000 Ethernet port\n■ One full-length mini PCI Express slot with mSATA support\n■ One half-length mini PCI Express slot\n■ Size: 4.59\" x 4.41\" x 1.55\"\n■ VESA mounting bracket\n■ 19V, 65W power adapter  - no power cord\n",null,null,null,null,null,null,null,149.72631578947369]
[]
[]
[]
[]
[]
[]
[]
[null,"Box Lake",null,"BOXDC3217BY",3400797,"The BOXDC3217BY includes:\n■ Intel Core i3 3217U (1.8 GHz, 3M Cache - Ivy Bridge) \n■ Two SO-DIMM slots supporting up to 16 GB \n   - 1.35v and 1.5v DDR3 1333 MHz\n■ HDMI port supporting HDMI 1.4a stanard\n■ Thunderbolt port supporting display port capability\n■ Intel HD Graphics\n■ Intel High Definition Audio via HDMI 1.4a supporting 8 channel (7.1) digital audio\n■ Two USB  2.0 ports - back panel\n■ 1 USB 2.0 port - front panel\n■ 10/100/1000 Ethernet port\n■ One full-length mini PCI Express slot with mSATA support\n■ One half-length mini PCI Express slot\n■ Size: 4.59\" x 4.41\" x 1.55\"\n■ VESA mounting bracket\n■ 19V, 65W power adapter  - no power cord\n",null,null,null,null,null,null,null,160.36842105263159]
[]
[]
[]
[]
[]
[]
[]
[null,"Ice Canyon",null,"BOXDC3217IYE",3400800,"The BOXDC3217IYE includes:\n■ Intel Core i3 3217U (1.8 GHz, 3M Cache - Ivy Bridge) \n■ Two SO-DIMM slots supporting up to 16 GB \n   - 1.35v and 1.5v DDR3 1333/1600 MHz\n■ Dual HDMI ports supporting independent display capability\n■ Intel HD Graphics\n■ Intel High Definition Audio via HDMI 1.4a supporting 8 channel (7.1) digital audio\n■ Two USB  2.0 ports - back panel\n■ 1 USB 2.0 port - front panel\n■ 10/100/1000 Ethernet port\n■ One full-length mini PCI Express slot with mSATA support\n■ One half-length mini PCI Express slot\n■ Size: 4.59\" x 4.41\" x 1.55\"\n■ VESA mounting bracket\n■ 19V, 65W power adapter  - no power cord\n",null,null,null,null,null,null,null,266.70526315789476]
[]
[]
[]
[]
[]
[]
[]
[null,"Thin Canyon",null,"BLKDE3815TYKH0E5","3848277","The BLKDE38515TYKH0E includes:\n■ Intel Atom processor E3815 (1.46 GHz, 512 Cache - Bay Trail) \n■ 1 SO-DIMM slot supporting up to 8 GB\n   - 1.35v DDR3 1333/1600 MHz (downlocked to 1066 MHz)\n■ One HDMI 1.4a port supporting multi Channel digital audio\n■ One Embedded DisplayPort (eDP) 1.3\n■ One VGA port\n■ One USB 3.0 connector - front panel\n■ Two USB  2.0 ports - back panel\n■ Three internal USB 2.0 ports (2x5 + 1x5 headers)\n■ 10/100/1000 Ethernet port\n■ One half-length mini PCI Express slot (for wireless card support)\n■ Size: 190mm x 116mm x 40mm\n■ VESA mounting bracket\n■ 12V, 36W wall-mount AC-DC power adapter (12-19V DC back panel power connector)\n■ NOTE: THIS SKU IS FOR QTY 5 OF THIS SYSTEM. CANNOT BE PURCHASED AS INDIVIDUAL UNITS.\n",null,null,null,null,null,null,null,646.52631578947376]
[]
[]
[]
[]
[]
[]
[]
[null,"Horse Canyon",null,"BOXDC53427HYE",3530060,"The BOXDC53427HYE includes:\n■ Intel Core i5 3427U (1.8 GHz, up to 2.8 GHz in Turbo mode, 3M Cache - Ivy Bridge) \n■ Two SO-DIMM slots supporting up to 16 GB \n   - 1.35v and 1.5v DDR3 1066/1333/1600 MHz\n■ One HDMI Port and Two Mini Display ports supporting triple independent display capability.\n■ Intel HD Graphics\n■ Intel High Definition Audio via HDMI 1.4a supporting 8 channel (7.1) digital audio\n■ Four (4) USB 2.0 ports (2 back panel, and 2 via internal header)\n■ One (1) USB 3.0 Port (front panel)\n■ 10/100/1000 Ethernet port\n■ One full-length mini PCI Express slot with mSATA support\n■ One half-length mini PCI Express slot\n■ Size: 4.59\" x 4.41\" x 1.55\"\n■ VESA mounting bracket\n■ 19V, 65W power adapter  - no power cord\n",null,null,null,null,null,null,null,383.68421052631578]
[]
[]
[]
[]
[]
[]
[]
[]
[null,"Intel Next Unit of Computing (NUC) Motherboards"]
[null,"Code Name & Photo",null,"Part #","SKU #","Description",null,null,null,null,null,null,null,"Price"]
[null,"Wilson Canyon i5",null,"BLKD54250WYB10",3664346,"Bulk-packed Wilson i5 Canyon NUC board-only features:\n■ UCFF Form factor\n■ 4th generation Intel® Core™ i5-4250U processor (soldered down) with active fan heatsink\n■ Two SO-DIMM slots supporting up to 16 GB of 1600/1333 MHz 1.35V DDR3L memory (NOTE: 1.5V DDR3 memory is not supported)\n■ One mini DisplayPort* 1.2 with audio support\n■ One mini HDMI* port 1.4a with audio support\n■ Intel® High Definition Audio (Intel® HD Audio)1 subsystem in the following configuration: \n   - 8-channel (7.1) digital audio via HDMI 1.4a output and via one   \n       DisplayPort 1.2 connector\n   - Headphone/microphone jack on the front panel\n■ Two USB 3.0 connectors (front panel)\n ■ Two USB 3.0 connectors (back panel)\n ■ Two USB 2.0 ports (internal headers)\n ■ One SATA port (internal header)\n■ Consumer infrared sensor on the front panel\n■ Fan heatsink (integrated onto board)\n■ Intel Core i5 logo\nNOTE: Price quoted is for a bulk 10-pack. This product must be ordered and shipped in boxes of qty 10 at a time",null,null,null,null,null,null,null,3305.2631578947371]
[]
[]
[]
[]
[]
[]
[]
[]
[null,"Wilson Canyon i3",null,"BLKD34010WYB10",3664350,"Bulk-packed Wilson Canyon i3 NUC board-only features:\n■ UCFF Form factor\n■ 4th generation Intel® Core™ i3-4010U processor (soldered down) with active fan heatsink\n■ Two SO-DIMM slots supporting up to 16 GB of 1600/1333 MHz 1.35V DDR3L memory (NOTE: 1.5V DDR3 memory is not supported)\n■ One mini DisplayPort* 1.2 with audio support\n■ One mini HDMI* port 1.4a with audio support\n■ Intel® High Definition Audio (Intel® HD Audio)1 subsystem in the following configuration: \n   - 8-channel (7.1) digital audio via HDMI 1.4a output and via one   \n       DisplayPort 1.2 connector\n   - Headphone/microphone jack on the front panel\n■ Two USB 3.0 connectors (front panel)\n ■ Two USB 3.0 connectors (back panel)\n ■ Two USB 2.0 ports (internal headers)\n ■ One SATA port (internal header)\n■ Consumer infrared sensor on the front panel\n■ Fan heatsink (integrated onto board)\n■ Intel Core i3 logo\nNOTE: Price quoted is for a bulk 10-pack. This product must be ordered and shipped in boxes of qty 10 at a time",null,null,null,null,null,null,null,2536.8421052631579]
[]
[]
[]
[]
[]
[]
[]
[]
[null,"Rend Lake",null,"BLKD53427RKE10",3543174,"Bulk-packed Rend Lake NUC board-only features:\n■ UCFF Form factor\n■  3rd generation Intel® Core™ i5 processor 3427U (soldered down) with active fan heatsink \n■ Two SO-DIMM slots supporting up to 16 GB of 1333/1600MHz DDR-3 memory\n■ Intel® QS77 Express Chipset\n■ Dual Mini DisplayPort 1.1a ports\n■ High definition multimedia interface (HDMI*) port supporting 1.4a\n■ Supporting triple independent display capability\n■ Intel® High Definition Audio2 subsystem in the following configuration: \n    - 8-channel (7.1) digital audio via HDMI 1.4a output \n    - one DisplayPort 1.1a connector\n■ Intel® Gigabit Ethernet Controller\n■ Full-sized mini PCI Express* (PCIe) with mSATA support\n■ Half-sized mini PCIe\n■ Fan heatsink (integrated onto board)\n■ Intel Core i5 logo\nNOTE: Price quoted is for a bulk 10-pack. This product must be ordered and shipped in boxes of qty 10 at a time",null,null,null,null,null,null,null,3515.7894736842109]
[]
[]
[]
[]
[]
[]
[]
[]
[null,"Thin Canyon",null,"BLKDE3815TYBE10","3848280","Bulk-packed Thin Canyon NUC board-only features:\n■ UCFF Form factor\n■  Intel® Atom™ E3815 (soldered down) with passive sink\n■ One SO-DIMM slots supporting up to 8 GB of 1.35V 1333/1600 MHz (downlocked to 1066 MHz) DDR3L memory\n■ 4 GB eMMC device built in\n■ One HDMI 1.4a port\n■ One eDP 1.3 (2-lane with backlight)\n■ One VGA port \n■ Intel® High Definition Audio (Intel® HD Audio) in the following \n■ Integrated Intel® PRO 10/100/1000 Network Connection\n■ One Super Speed USB 3.0 Port. Two USB 2.0 Ports plus 3 additional USB 2.0 Ports via internal header\n■ Two Serial ports (header)\n■ Half-size mini PCI Express\nNOTE: Price quoted is for a bulk 10-pack. This product must be ordered and shipped in boxes of qty 10 at a time",null,null,null,null,null,null,null,2357.8947368421054]
[]
[]
[]
[]
[]
[]
[]
[]
[null,"Golden Lake",null,"BLKD33217GKE10",3387540,"Bulk-packed Golden Lake NUC board-only features:\n■ UCFF Form factor\n■  Intel® Core™ i3 3217-U (soldered down) with active heat sink\n■ Two SO-DIMM slots supporting up to 16 GB of 1333/1600MHz DDR-3 memory\n■ Intel® QS77 Express Chipset\n■ Dual HDMI* ports supporting HDMI 1.4a outputs for dual independent display\n■ Intel® High Definition Audio (Intel® HD Audio) in the following configuration: \n   - Eight-channel (7.1) digital audio via two HDMI 1.4a outputs\n■ Integrated Intel® PRO 10/100/1000 Network Connection\n■ Five USB 2.0 ports (three external ports, two via internal header)\n■ Full-size mini PCI Express* with mSATA support\n■ Half-size mini PCI Express\n■ Fan heat sink\nNOTE: Price quoted is for a bulk 10-pack. This product must be ordered and shipped in boxes of qty 10 at a time",null,null,null,null,null,null,null,2357.8947368421054]
[]
[]
[]
[]
[]
[]
[]
[]
[]
[null,"Additional Hardware for NUCs (HDD, SSD, Memory, OS)"]
[]
[]
[]
[]
[]
[]
[]
[]
[]
[]
[null,"Manufacturer",null,"Part #","SKU #","Description",null,null,null,null,null,null,null,"Price"]
[null,"Kingston",null,"KVR16LS11/8 ",3554866,"8GB 1600MHZ DDR3L NON-ECC CL11 SODIMM 1.35 V",null,null,null,null,null,null,null,72.631578947368425]
[null,"Kingston",null,"KVR16LS11/4 ",3554865,"4GB 1600MHZ DDR3L NON-ECC CL11 SODIMM 1.35 V",null,null,null,null,null,null,null,37.894736842105267]
[null,"Kingston",null,"KVR16LS11S6/2  ","3751758","2GB 1600MHZ DDR3L NON-ECC CL11 SODIMM 1.35 V",null,null,null,null,null,null,null,21.05263157894737]
[null,"Crucial",null,"CT102464BF160B",3315030,"8 GB DDR3 PC3-12800 • CL=11 Unbuffered NON-ECC DDR3-1600 1.35V",null,null,null,null,null,null,null,72.631578947368425]
[null,"Crucial",null,"CT51264BF1339J",3372534,"4 GB DDR3 PC3-10600 • CL=9  Unbuffered NON-ECC DDR3-1333 1.35V",null,null,null,null,null,null,null,40]
[null,"Crucial",null,"CT51264BF160BJ",3751673,"4 GB DDR3 PC3-12800 • CL=11 Unbuffered NON-ECC DDR3-1600 1.35V",null,null,null,null,null,null,null,41.05263157894737]
[null,"Crucial",null,"CT25664BF160B",3730315,"2 GB DDR3 PC3-12800 • CL=11 Unbuffered NON-ECC DDR3-1600 1.35V ",null,null,null,null,null,null,null,21.05263157894737]
[null,"Crucial",null,"CT12864BF1339",3616159,"1 GB DDR3 PC3-10600 • CL=9 Unbuffered NON-ECC DDR3-1333 1.35V",null,null,null,null,null,null,null,16.842105263157894]
[null,"Intel Wireless",null,"7260.HMWBNWB ",3596396,"Intel Dual Band Wireless-N 7260 - supports 802.11a/b/g/n, 2x2, Bluetooth 4.0, Half-Mini PCIe card",null,null,null,null,null,null,null,12.941176470588236]
[null,"Intel Wireless",null,"7260.HMWWB ",3596406,"Intel Dual Band Wireless-AC 7260 802.11ac, 2x2, Bluetooth 4.0, Half-Mini PCIe card - Also supports 802.11a/b/g/n",null,null,null,null,null,null,null,25.882352941176471]
[null,"Intel Wireless",null,"6235AN.HMWWB",3196815,"Intel Centrino Wi-Fi Advanced-N 6235 Dual Band, Supports 802.11a/b/g/n. 2x2, Bluetooth 4.0, Half-Mini PCIe card.",null,null,null,null,null,null,null,22.352941176470591]
[null,"Intel   ",null,"SSDMCEAW080A401","3871975","Intel 530 Series 80 GB mSATA SSD",null,null,null,null,null,null,null,89.411764705882362]
[null,"Intel   ",null,"SSDMCEAW120A401",3764241,"Intel 530 series 120 GB mSATA SSD",null,null,null,null,null,null,null,101.17647058823529]
[null,"Intel   ",null,"SSDMCEAW180A401","3805894","Intel 530 series 180 GB mSATA SSD",null,null,null,null,null,null,null,143.52941176470588]
[null,"Intel   ",null,"SSDMCEAW240A401",3707155,"Intel 530 series 240 GB mSATA SSD",null,null,null,null,null,null,null,178.82352941176472]
[null,"Kingston",null,"SMS200S3/30G",3591491,"Kingston SSDNow 30 GB mSATA SSD",null,null,null,null,null,null,null,45.882352941176471]
[null,"Kingston",null,"SMS200S3/60G ",3551822,"Kingston SSDNow 60 GB mSATA SSD",null,null,null,null,null,null,null,71.764705882352942]
[null,"Kingston",null,"SMS200S3/120G ",3536943,"Kingston SSDNow 120 GB mSATA SSD",null,null,null,null,null,null,null,120]
[null,"Crucial",null,"CT120M500SSD3.01",3487365,"Crucial M500 120 GB mSATA SSD",null,null,null,null,null,null,null,82.352941176470594]
[null,"Crucial",null,"CT240M500SSD3.01  ",3487366,"Crucial M500 240 GB mSATA SSD",null,null,null,null,null,null,null,132.94117647058823]
[null,"Crucial",null,"CT480M500SSD3.01",3487367,"Crucial M500 480 GB mSATA SSD",null,null,null,null,null,null,null,263.52941176470591]
[null,"Crucial",null,"CT128M550SSD3","3835830","Crucial M550 128 GB mSATA SSD",null,null,null,null,null,null,null,97.64705882352942]
[null,"Crucial",null,"CT256M550SSD3  ","3835831","Crucial M550 256 GB mSATA SSD",null,null,null,null,null,null,null,168.23529411764707]
[null,"Crucial",null,"CT512M550SSD3","3835832","Crucial M550 512 GB mSATA SSD",null,null,null,null,null,null,null,304.70588235294116]
[null,"Transcend",null,"TS32GMSA740",3475831,"Transcend MSA740 32 Gb mSATA SSD",null,null,null,null,null,null,null,51.764705882352942]
[null,"Transcend",null,"TS64GMSA740",3475832,"Transcend MSA740 64 Gb mSATA SSD",null,null,null,null,null,null,null,88.235294117647058]
[null,"Sandisk",null,"SD6SF1M-032G-1022I","3714130","Sandisk X110 32 GB mSATA",null,null,null,null,null,null,null,64.705882352941174]
[null,"Sandisk",null,"SD6SF1M-064G-1022I","3714131","Sandisk X110 64 GB mSATA",null,null,null,null,null,null,null,80]
[null,"Sandisk",null,"SD6SF1M-128G-1022I","3714132","Sandisk X110 128 GB mSATA",null,null,null,null,null,null,null,111.76470588235294]
[null,"Sandisk",null,"SD6SF1M-256G-1022I","3714133","Sandisk X110 256 GB mSATA",null,null,null,null,null,null,null,197.64705882352942]
[null,"Intel",null,"SSDSC2BW080A401",3725578,"Intel 530 Series 80 GB 2.5\" SSD - SATA 6 Gb/s",null,null,null,null,null,null,null,88.235294117647058]
[null,"Intel",null,"SSDSC2BW120A401",3707377,"Intel 530 Series 120 GB 2.5\" SSD - SATA 6 Gb/s",null,null,null,null,null,null,null,100]
[null,"Intel",null,"SSDSC2BW180A401",3598834,"Intel 530 Series 180 GB 2.5\" SSD - SATA 6 Gb/s",null,null,null,null,null,null,null,141.1764705882353]
[null,"Intel",null,"SSDSC2BW240A401",3598837,"Intel 530 Series 240 GB 2.5\" SSD - SATA 6 Gb/s",null,null,null,null,null,null,null,176.47058823529412]
[null,"Intel",null,"SSDSC2BW480A401",3724582,"Intel 530 Series 480 GB 2.5\" SSD - SATA 6 Gb/s",null,null,null,null,null,null,null,347.05882352941177]
[null,"Western Digital",null,"WD1001X06XDTL",3714390,"WD Black 120 GB SSD+1TB HDD 2.5\" SATA kit Black",null,null,null,null,null,null,null,241.1764705882353]
[null,"Western Digital",null,"WD7500BPKX",3601908,"WD Black 750 GB HDD 2.5\" 7200 RPM SATA 6 Gb/s",null,null,null,null,null,null,null,70.588235294117652]
[null,"Western Digital",null,"WD5000BPKX",3601909,"WDBlack 500 GB HDD 2.5\" 7200 RPM SATA 6 Gb/s",null,null,null,null,null,null,null,62.352941176470587]
[null,"Western Digital",null,"WD10SPCX",3617372,"WD Scorpio Blue 1 TB HDD - 2.5\" 5400 RPM 16M SATA 6 Gb/s",null,null,null,null,null,null,null,90.526315789473685]
[null,"Western Digital",null,"WD7500LPCX",3617459,"WD Scorpio Blue 750 GB HDD - 2.5\" 5400 RPM 16M SATA 6 Gb/s",null,null,null,null,null,null,null,74.736842105263165]
[null,"Western Digital",null,"WD10JPVX",3533996,"WD Caviar BLE 1 TB HDD - 2.5\" 5400 RPM 8M SATA 6 Gb/s",null,null,null,null,null,null,null,66.31578947368422]
[null,"Western Digital",null,"WD7500BPVX",3533997,"WD Caviar BLE 750 GB HDD - 2.5\" 5400 RPM 8M SATA 6 Gb/s",null,null,null,null,null,null,null,50.526315789473685]
[null,"Western Digital",null,"WD5000LPVX",3533998,"WD Caviar BLE 500 GB HDD - 2.5\" 5400 RPM 8M SATA 6 Gb/s",null,null,null,null,null,null,null,46.315789473684212]
[null,"Seagate",null,"ST1000LM014",3472902,"Seagate 1 TB HDD - 2.5\" 5400 RPM 64M SATA 6 Gb/s",null,null,null,null,null,null,null,98.94736842105263]
[null,"Seagate",null,"ST500LM000",3472901,"Seagate 500 GB HDD - 2.5\" 5400 RPM 64M SATA 6 Gb/s",null,null,null,null,null,null,null,70.526315789473685]
[null,"Seagate",null,"ST500LT012",3199618,"Seagate 500 GB HDD - 2.5\" 5400 RPM 16M SATA 6 Gb/s",null,null,null,null,null,null,null,48.421052631578952]
[null,"Samsung",null,"STH-HN-M101MBB",3296031,"Samsung 1 TB HDD - 2.5\" 5400 RPM 8M SATA 6 Gb/s",null,null,null,null,null,null,null,67.368421052631575]
[null,"Samsung",null,"STH-HN-M500MBB",3206068,"Samsung 500 GB HDD - 2.5\" 5400 RPM 8M SATA 6 Gb/s",null,null,null,null,null,null,null,45.263157894736842]
[null,"Cables To Go",null,"CTG-27400   ",1612558,"Power cord - 6 feet (not required with 4th Gen NUC SKUs)",null,null,null,null,null,null,null,3.1578947368421053]
[null,"Microsoft",null,"FQC-06988",3663568,"Win Pro 8.1 x32 English 1pk DSP OEI DVD",null,null,null,null,null,null,null,141.05263157894737]
[null,"Microsoft",null,"FQC-06950",3663589,"Win Pro 8.1 x64 English 1pk DSP OEI DVD",null,null,null,null,null,null,null,141.05263157894737]
[null,"Microsoft",null,"FQC-08279",3718878,"Win Pro 7 SP1 32-bit English 1pk DSP OEI DVD LCP",null,null,null,null,null,null,null,141.05263157894737]
[null,"Microsoft",null,"FQC-08289",3718879,"Win Pro 7 SP1 64-bit English 1pk DSP OEI DVD LCP",null,null,null,null,null,null,null,141.05263157894737]

{"sheet":"NUC Configurator","index":10,"n_rows":142,"n_cols":78,"rows_kept":142,"cut":false,"hidden":false,"merged":[[38,3,38,4],[37,3,37,4],[14,9,31,14],[37,5,37,8],[38,5,38,8],[39,3,39,4],[39,5,39,8],[40,3,40,4],[40,5,40,8],[41,3,41,4],[41,5,41,8],[42,3,42,4],[42,5,42,8],[43,3,43,4],[43,5,43,8],[47,9,47,10],[44,3,44,4],[44,5,44,8],[45,3,45,4],[45,5,45,8],[46,3,46,4],[46,5,46,8]]}
[]
[]
[]
[]
[]
[]
[]
[null,null,null,null,null,null,null,null,null,null,null,null,null,null,null,null,null,null,null,null,null,null,"NUC"]
[null,null,null,null,null,null,null,null,null,null,null,null,null,null,null,null,null,null,null,null,null,null,null,null,null,null,null,"Memory",null,null,null,null,null,"mSATA drives",null,null,null,null,null,"2.5\" SATA drive support",null,null,null,null,null,null,null,"Wireless",null,null,null,null,null,"OS",null,null,null,null,null,"Power Cord",null,null,null,null,null,"HWInstall",null,null,null,null,null,"SWInstall",null,null,null,null,null,"Swinstalllist"]
[]
[null,null,null,null,null,null,null,null,null,null,null,null,null,null,null,null,null,null,null,null,null,null,"Part #","SKU #","Price","Description",null,null,null,null,null,null,null,null,null,null,null,null,null,null,null,null,null,null,null,null,null,"BOXDN2820FYKH0wifi",null,null,null,null,null,"         ******** IMPORTANT NOTE ********",null,null,null,null,null,"BOXDN2820FYKH0power",null,null,null,null,null,"YES","ITG-INTEL-NU",3592872,"Installation & Testing for Hardware",15,null,"YES","ITG-INTEL-NU",3592872,"Install Microsoft Operating System",15,null,{"$f":"IF(F28>0,\"YES\",\"No OS selected\")","v":"No OS selected"}]
[null,null,null,null,null,null,null,null,null,null,null,null,null,null,null,null,null,null,null,null,null,null,null,null,null,null,null,null,null,null,null,null,null,null,null,null,null,null,null,null,null,null,null,null,null,null,null,null,null,null,null,null,null,"This system has no Optical drive. To install the",null,null,null,null,null,null,null,null,null,null,null,"NO",null,null,"No assembly/testing",0,null,"No",null,null,"No software installation",0,null,{"$f":"IF(F28>0,\"NO\",0)","v":0}]
[null,null,null,null,null,null,null,null,null,null,null,null,null,null,null,null,null,null,null,null,null,null,"Choose one of the NUCs below",null,null,null,null,null,null,null,null,null,null,"mSataList",null,null,null,null,null,"BOXDN2820FYKH025SAT",null,null,null,null,null,null,null,"This system has The Intel 7260BN Wi-Fi",null,null,null,null,null,"OS, you will need an external USB Optical drive",null,null,null,null,null,"This system comes with a power cord."]
[null,null,null,null,null,null,null,null,null,null,null,null,null,null,null,null,null,null,null,null,null,null,null,null,null,null,null,"BOXDN2820FYKH0mem",null,null,null,null,null,null,null,null,null,null,null,null,null,null,null,null,null,null,null," card installed into the Half-Mini PCIe slot. ",null,null,null,null,null,null,null,null,null,null,null,"No need to purchase one!"]
[null,null,"Build your own NUC by following the simple steps below!",null,null,null,null,null,null,{"$f":"IF(ISERROR(VLOOKUP(F18,'Intel NUC'!$D$25:$F$5002,3,FALSE)),\"\",(VLOOKUP(F18,'Intel NUC'!$D$25:$F$5002,3,FALSE)))","v":""},null,null,null,null,null,null,null,null,null,null,null,null,"BOXDN2820FYKH0",{"$f":"IF(ISERROR(VLOOKUP(W15,'Intel NUC'!$D$25:$N$5002,2,FALSE)),\"\",(VLOOKUP(W15,'Intel NUC'!$D$25:$N$5002,2,FALSE)))","v":"3743693"},{"$f":"IF(ISERROR(VLOOKUP(W15,'Intel NUC'!$D$25:$N$5002,11,FALSE)),\"\",(VLOOKUP(W15,'Intel NUC'!$D$25:$N$5002,11,FALSE)))","v":129.67368421052632},"Intel Forest Canyon with  Intel Celeron N2820",null,"This NUC supports up to 8 GB of",null,null,null,null,null,"This System supports one (1) mSATA drive",null,null,null,null,null,"This system supports one (1) ",null,null,null,null,null,null,null,"However you can choose to upgrade it to",null,null,null,null,null,"This system does not come with an OS. Please "]
[null,null,null,null,null,null,null,null,null,null,null,null,null,null,null,null,null,null,null,null,null,null,"BOXD34010WYK1",{"$f":"IF(ISERROR(VLOOKUP(W16,'Intel NUC'!$D$25:$N$5002,2,FALSE)),\"\",(VLOOKUP(W16,'Intel NUC'!$D$25:$N$5002,2,FALSE)))","v":3664354},{"$f":"IF(ISERROR(VLOOKUP(W16,'Intel NUC'!$D$25:$N$5002,11,FALSE)),\"\",(VLOOKUP(W16,'Intel NUC'!$D$25:$N$5002,11,FALSE)))","v":277.47368421052636},"Intel Wilson Canyon with Intel 4th Gen Core i3-4010U",null,"DDR3 Memory.",null,null,null,null,null,"Select from the list below",null,null,null,null,null,"additional 2.5\" drive. Please select",null,null,null,null,null,null,null,"the Intel 7260 AC if you choose below",null,null,null,null,null,"choose one below if desired."]
[null,null,null,null,null,null,null,null,null,null,null,null,null,null,null,null,null,null,null,null,null,null,"BOXD34010WYKH1",{"$f":"IF(ISERROR(VLOOKUP(W17,'Intel NUC'!$D$25:$N$5002,2,FALSE)),\"\",(VLOOKUP(W17,'Intel NUC'!$D$25:$N$5002,2,FALSE)))","v":3726276},{"$f":"IF(ISERROR(VLOOKUP(W17,'Intel NUC'!$D$25:$N$5002,11,FALSE)),\"\",(VLOOKUP(W17,'Intel NUC'!$D$25:$N$5002,11,FALSE)))","v":277.54736842105268},"Intel Wilson Canyon with Intel 4th Gen Core i3-4010U & 2.5\" HDD bay",null,null,null,null,null,null,null,null,null,null,null,null,null,"from the list below",null,null,null,null,null,null,null,null,null,null,null,null,null,null,null,null,null,null,null,"BOXD34010WYK1power"]
[null,"■","Choose the NUC you want HERE",null,null,null,null,null,{"$f":"IF(F18>0,1,0)","v":0},null,null,null,null,null,null,null,null,null,null,null,null,null,"BOXD54250WYK1",{"$f":"IF(ISERROR(VLOOKUP(W18,'Intel NUC'!$D$25:$N$5002,2,FALSE)),\"\",(VLOOKUP(W18,'Intel NUC'!$D$25:$N$5002,2,FALSE)))","v":3664352},{"$f":"IF(ISERROR(VLOOKUP(W18,'Intel NUC'!$D$25:$N$5002,11,FALSE)),\"\",(VLOOKUP(W18,'Intel NUC'!$D$25:$N$5002,11,FALSE)))","v":362.53684210526319},"Intel Wilson Canyon with Intel 4th Gen Core i5-4250U",null,"Kingston 8GB 1600MHZ DDR3L","KVR16LS11/8 ",3554866,"Kingston 8GB 1600MHZ DDR3L NON-ECC CL11 SODIMM 1.35 V",{"$f":"IF(ISERROR(VLOOKUP(AC18,'Intel NUC'!$D$166:$N$5002,11,FALSE)),\"\",(VLOOKUP(AC18,'Intel NUC'!$D$166:$N$5002,11,FALSE)))","v":72.631578947368425},null,"Intel 530 Series 80 GB mSATA SSD","SSDMCEAW080A401",3871975,"Intel 530 Series 80 GB mSATA SSD",{"$f":"IF(ISERROR(VLOOKUP(AI18,'Intel NUC'!$D$166:$N$5002,11,FALSE)),\"\",(VLOOKUP(AI18,'Intel NUC'!$D$166:$N$5002,11,FALSE)))","v":89.411764705882362},null,null,null,null,null,null,null,null,null,"Intel Dual Band Wireless-AC 7260","7260.HMWWB ",3596406,"Intel Dual Band Wireless-AC 7260 802.11ac, 2x2, Bluetooth 4.0, Half-Mini PCIe card - Also supports 802.11a/b/g/n",{"$f":"IF(ISERROR(VLOOKUP(AW18,'Intel NUC'!$D$166:$N$5002,11,FALSE)),\"\",(VLOOKUP(AW18,'Intel NUC'!$D$166:$N$5002,11,FALSE)))","v":25.882352941176471},null,"Win Pro 8.1 32-bit - DVD","FQC-06988",3663568,"Win Pro 8.1 x32 English 1pk DSP OEI DVD",{"$f":"IF(ISERROR(VLOOKUP(BC18,'Intel NUC'!$D$166:$N$5002,11,FALSE)),\"\",(VLOOKUP(BC18,'Intel NUC'!$D$166:$N$5002,11,FALSE)))","v":141.05263157894737}]
[null,null,null,null,null,null,null,null,null,null,null,null,null,null,null,null,null,null,null,null,null,null,"BOXD54250WYKH1",{"$f":"IF(ISERROR(VLOOKUP(W19,'Intel NUC'!$D$25:$N$5002,2,FALSE)),\"\",(VLOOKUP(W19,'Intel NUC'!$D$25:$N$5002,2,FALSE)))","v":3726275},{"$f":"IF(ISERROR(VLOOKUP(W19,'Intel NUC'!$D$25:$N$5002,11,FALSE)),\"\",(VLOOKUP(W19,'Intel NUC'!$D$25:$N$5002,11,FALSE)))","v":362.6},"Intel Wilson Canyon with Intel 4th Gen Core i5-4250U 2.5\" HDD bay",null,"Kingston 4GB 1600MHZ DDR3L ","KVR16LS11/4 ",3554865,"Kingston 4GB 1600MHZ DDR3L NON-ECC CL11 SODIMM 1.35 V",{"$f":"IF(ISERROR(VLOOKUP(AC19,'Intel NUC'!$D$166:$N$5002,11,FALSE)),\"\",(VLOOKUP(AC19,'Intel NUC'!$D$166:$N$5002,11,FALSE)))","v":37.894736842105267},null,"Intel 530 series 120 GB mSATA SSD","SSDMCEAW120A401",3764241,"Intel 530 series 120 GB mSATA SSD",{"$f":"IF(ISERROR(VLOOKUP(AI19,'Intel NUC'!$D$166:$N$5002,11,FALSE)),\"\",(VLOOKUP(AI19,'Intel NUC'!$D$166:$N$5002,11,FALSE)))","v":101.17647058823529},null,"*** Select from this list for 2.5\" SSD ***",null,null,null,null,null,null,null,null,null,null,null,null,null,"Win Pro 8.1 64-bit - DVD","FQC-06950",3663569,"Win Pro 8.1 x64 English 1pk DSP OEI DVD",{"$f":"IF(ISERROR(VLOOKUP(BC19,'Intel NUC'!$D$166:$N$5002,11,FALSE)),\"\",(VLOOKUP(BC19,'Intel NUC'!$D$166:$N$5002,11,FALSE)))","v":141.05263157894737},null,"This system comes with a power cord."]
[null,"■","Choose the amount of RAM HERE",null,null,null,"Qty",null,null,null,null,null,null,null,null,null,null,null,null,null,null,null,"BOXDCCP847DYE",{"$f":"IF(ISERROR(VLOOKUP(W20,'Intel NUC'!$D$25:$N$5002,2,FALSE)),\"\",(VLOOKUP(W20,'Intel NUC'!$D$25:$N$5002,2,FALSE)))","v":3458908},{"$f":"IF(ISERROR(VLOOKUP(W20,'Intel NUC'!$D$25:$N$5002,11,FALSE)),\"\",(VLOOKUP(W20,'Intel NUC'!$D$25:$N$5002,11,FALSE)))","v":149.72631578947369},"Intel Deep Canyon with Intel Celeron 847",null,"Kingston 2GB 1600MHZ DDR3L ","KVR16LS11S6/2  ","3751758","Kingston 2GB 1600MHZ DDR3L NON-ECC CL11 SODIMM 1.35 V",{"$f":"IF(ISERROR(VLOOKUP(AC20,'Intel NUC'!$D$166:$N$5002,11,FALSE)),\"\",(VLOOKUP(AC20,'Intel NUC'!$D$166:$N$5002,11,FALSE)))","v":21.05263157894737},null,"Intel 530 series 180 GB mSATA SSD","SSDMCEAW180A401",3805894,"Intel 530 series 180 GB mSATA SSD",{"$f":"IF(ISERROR(VLOOKUP(AI20,'Intel NUC'!$D$166:$N$5002,11,FALSE)),\"\",(VLOOKUP(AI20,'Intel NUC'!$D$166:$N$5002,11,FALSE)))","v":143.52941176470588},null,null,null,null,null,null,null,null,null,null,null,null,null,null,null,"Win Pro 7 SP1 32-bit - DVD","FQC-08279",3718878,"Win Pro 7 SP1 32-bit English 1pk DSP OEI DVD LCP",{"$f":"IF(ISERROR(VLOOKUP(BC20,'Intel NUC'!$D$166:$N$5002,11,FALSE)),\"\",(VLOOKUP(BC20,'Intel NUC'!$D$166:$N$5002,11,FALSE)))","v":141.05263157894737},null,"No need to purchase one!"]
[null,null,null,null,null,null,null,null,null,null,null,null,null,null,null,null,null,null,null,null,null,null,"BOXDC3217BY",{"$f":"IF(ISERROR(VLOOKUP(W21,'Intel NUC'!$D$25:$N$5002,2,FALSE)),\"\",(VLOOKUP(W21,'Intel NUC'!$D$25:$N$5002,2,FALSE)))","v":3400797},{"$f":"IF(ISERROR(VLOOKUP(W21,'Intel NUC'!$D$25:$N$5002,11,FALSE)),\"\",(VLOOKUP(W21,'Intel NUC'!$D$25:$N$5002,11,FALSE)))","v":160.36842105263159},"Intel Box Lake with Intel Core i3 3217U ",null,"Crucial 8 GB DDR3 PC3-12800 ","CT102464BF160B",3315030,"Crucial 8 GB DDR3 PC3-12800 • CL=11 Unbuffered NON-ECC DDR3-1600 1.35V",{"$f":"IF(ISERROR(VLOOKUP(AC21,'Intel NUC'!$D$166:$N$5002,11,FALSE)),\"\",(VLOOKUP(AC21,'Intel NUC'!$D$166:$N$5002,11,FALSE)))","v":72.631578947368425},null,"Intel 530 series 240 GB mSATA SSD","SSDMCEAW240A401",3707155,"Intel 530 series 240 GB mSATA SSD",{"$f":"IF(ISERROR(VLOOKUP(AI21,'Intel NUC'!$D$166:$N$5002,11,FALSE)),\"\",(VLOOKUP(AI21,'Intel NUC'!$D$166:$N$5002,11,FALSE)))","v":178.82352941176472},null,"Intel 530 Series 80 GB 2.5\" SSD","SSDSC2BW080A401",3725578,"Intel 530 Series 80 GB 2.5\" SSD - SATA 6 Gb/s",{"$f":"IF(ISERROR(VLOOKUP(AO21,'Intel NUC'!$D$166:$N$5002,11,FALSE)),\"\",(VLOOKUP(AO21,'Intel NUC'!$D$166:$N$5002,11,FALSE)))","v":88.235294117647058},null,null,null,"BOXD34010WYK1wifi",null,null,null,null,null,"Win Pro 7 SP1 64-bit - DVD","FQC-08289",3718879,"Win Pro 7 SP1 64-bit English 1pk DSP OEI DVD LCP",{"$f":"IF(ISERROR(VLOOKUP(BC21,'Intel NUC'!$D$166:$N$5002,11,FALSE)),\"\",(VLOOKUP(BC21,'Intel NUC'!$D$166:$N$5002,11,FALSE)))","v":141.05263157894737}]
[null,"■","Choose the mSATA drive HERE",null,null,null,null,null,{"$f":"IF(F22>0,1,0)","v":0},null,null,null,null,null,null,null,null,null,null,null,null,null,"BOXDC3217IYE",{"$f":"IF(ISERROR(VLOOKUP(W22,'Intel NUC'!$D$25:$N$5002,2,FALSE)),\"\",(VLOOKUP(W22,'Intel NUC'!$D$25:$N$5002,2,FALSE)))","v":3400800},{"$f":"IF(ISERROR(VLOOKUP(W22,'Intel NUC'!$D$25:$N$5002,11,FALSE)),\"\",(VLOOKUP(W22,'Intel NUC'!$D$25:$N$5002,11,FALSE)))","v":266.70526315789476},"Intel Ice Canyon with Intel Core i3 3217U ",null,"Crucial 4 GB DDR3 PC3-10600 ","CT51264BF1339J",3372534,"Crucial 4 GB DDR3 PC3-10600 • CL=9  Unbuffered NON-ECC DDR3-1333 1.35V",{"$f":"IF(ISERROR(VLOOKUP(AC22,'Intel NUC'!$D$166:$N$5002,11,FALSE)),\"\",(VLOOKUP(AC22,'Intel NUC'!$D$166:$N$5002,11,FALSE)))","v":40},null,"Kingston SSDNow 30 GB mSATA SSD","SMS200S3/30G",3591491,"Kingston SSDNow 30 GB mSATA SSD",{"$f":"IF(ISERROR(VLOOKUP(AI22,'Intel NUC'!$D$166:$N$5002,11,FALSE)),\"\",(VLOOKUP(AI22,'Intel NUC'!$D$166:$N$5002,11,FALSE)))","v":45.882352941176471},null,"Intel 530 Series 120 GB 2.5\" SSD","SSDSC2BW120A401",3707377,"Intel 530 Series 120 GB 2.5\" SSD - SATA 6 Gb/s",{"$f":"IF(ISERROR(VLOOKUP(AO22,'Intel NUC'!$D$166:$N$5002,11,FALSE)),\"\",(VLOOKUP(AO22,'Intel NUC'!$D$166:$N$5002,11,FALSE)))","v":100},null,null,null,null,null,null,null,null,null,null,null,null,null,null,null,"BOXD34010WYKH1power"]
[null,null,null,null,null,null,null,null,null,null,null,null,null,null,null,null,null,null,null,null,null,null,"BOXDC53427HYE",{"$f":"IF(ISERROR(VLOOKUP(W23,'Intel NUC'!$D$25:$N$5002,2,FALSE)),\"\",(VLOOKUP(W23,'Intel NUC'!$D$25:$N$5002,2,FALSE)))","v":3530060},{"$f":"IF(ISERROR(VLOOKUP(W23,'Intel NUC'!$D$25:$N$5002,11,FALSE)),\"\",(VLOOKUP(W23,'Intel NUC'!$D$25:$N$5002,11,FALSE)))","v":383.68421052631578},"Intel Horse Canyon with Intel Core i5 3427U ",null,"Crucial 4 GB DDR3 PC3-12800 ","CT51264BF160BJ",3751673,"Crucial 4 GB DDR3 PC3-12800 • CL=11 Unbuffered NON-ECC DDR3-1600 1.35V",{"$f":"IF(ISERROR(VLOOKUP(AC23,'Intel NUC'!$D$166:$N$5002,11,FALSE)),\"\",(VLOOKUP(AC23,'Intel NUC'!$D$166:$N$5002,11,FALSE)))","v":41.05263157894737},null,"Kingston SSDNow 60 GB mSATA SSD","SMS200S3/60G ",3551822,"Kingston SSDNow 60 GB mSATA SSD",{"$f":"IF(ISERROR(VLOOKUP(AI23,'Intel NUC'!$D$166:$N$5002,11,FALSE)),\"\",(VLOOKUP(AI23,'Intel NUC'!$D$166:$N$5002,11,FALSE)))","v":71.764705882352942},null,"Intel 530 Series 180 GB 2.5\" SSD ","SSDSC2BW180A401",3598834,"Intel 530 Series 180 GB 2.5\" SSD - SATA 6 Gb/s",{"$f":"IF(ISERROR(VLOOKUP(AO23,'Intel NUC'!$D$166:$N$5002,11,FALSE)),\"\",(VLOOKUP(AO23,'Intel NUC'!$D$166:$N$5002,11,FALSE)))","v":141.1764705882353},null,null,null,"This system has a Half-Mini PCIe"]
[null,"■","Choose the additional 2.5\" HDD HERE",null,null,null,null,null,{"$f":"IF(F24>0,1,0)","v":0},null,null,null,null,null,null,null,null,null,null,null,null,null,null,null,null,null,null,"Crucial 2 GB DDR3 PC3-12800 ","CT25664BF160B",3730315,"Crucial 2 GB DDR3 PC3-12800 • CL=11 Unbuffered NON-ECC DDR3-1600 1.35V ",{"$f":"IF(ISERROR(VLOOKUP(AC24,'Intel NUC'!$D$166:$N$5002,11,FALSE)),\"\",(VLOOKUP(AC24,'Intel NUC'!$D$166:$N$5002,11,FALSE)))","v":21.05263157894737},null,"Kingston SSDNow 120 GB mSATA SSD","SMS200S3/120G ",3536943,"Kingston SSDNow 120 GB mSATA SSD",{"$f":"IF(ISERROR(VLOOKUP(AI24,'Intel NUC'!$D$166:$N$5002,11,FALSE)),\"\",(VLOOKUP(AI24,'Intel NUC'!$D$166:$N$5002,11,FALSE)))","v":120},null,"Intel 530 Series 240 GB 2.5\" SSD ","SSDSC2BW240A401",3598837,"Intel 530 Series 240 GB 2.5\" SSD - SATA 6 Gb/s",{"$f":"IF(ISERROR(VLOOKUP(AO24,'Intel NUC'!$D$166:$N$5002,11,FALSE)),\"\",(VLOOKUP(AO24,'Intel NUC'!$D$166:$N$5002,11,FALSE)))","v":176.47058823529412},null,null,null,"slot to support a wireless NIC.",null,null,null,null,null,null,null,null,null,null,null,"This system comes with a power cord."]
[null,null,"(if supported)",null,null,null,null,null,null,null,null,null,null,null,null,null,null,null,null,null,null,null,null,null,null,null,null,"Crucial 1 GB DDR3 PC3-10600","CT12864BF1339",3616159,"Crucial 1 GB DDR3 PC3-10600 • CL=9 Unbuffered NON-ECC DDR3-1333 1.35V",{"$f":"IF(ISERROR(VLOOKUP(AC25,'Intel NUC'!$D$166:$N$5002,11,FALSE)),\"\",(VLOOKUP(AC25,'Intel NUC'!$D$166:$N$5002,11,FALSE)))","v":16.842105263157894},null,"Crucial M500 120 GB mSATA SSD","CT120M500SSD3.01",3487365,"Crucial M500 120 GB mSATA SSD",{"$f":"IF(ISERROR(VLOOKUP(AI25,'Intel NUC'!$D$166:$N$5002,11,FALSE)),\"\",(VLOOKUP(AI25,'Intel NUC'!$D$166:$N$5002,11,FALSE)))","v":82.352941176470594},null,"Intel 530 Series 480 GB 2.5\" SSD","SSDSC2BW480A401",3724582,"Intel 530 Series 480 GB 2.5\" SSD - SATA 6 Gb/s",{"$f":"IF(ISERROR(VLOOKUP(AO25,'Intel NUC'!$D$166:$N$5002,11,FALSE)),\"\",(VLOOKUP(AO25,'Intel NUC'!$D$166:$N$5002,11,FALSE)))","v":347.05882352941177},null,null,null,"Select from the options below:",null,null,null,null,null,null,null,null,null,null,null,"No need to purchase one!"]
[null,"■","Choose the Wireless NIC  HERE",null,null,null,null,null,{"$f":"IF(F26>0,1,0)","v":0},null,null,null,null,null,null,null,null,null,null,null,null,null,null,null,null,null,null,null,null,null,null,null,null,"Crucial M500 240 GB mSATA SSD","CT240M500SSD3.01  ",3487366,"Crucial M500 240 GB mSATA SSD",{"$f":"IF(ISERROR(VLOOKUP(AI26,'Intel NUC'!$D$166:$N$5002,11,FALSE)),\"\",(VLOOKUP(AI26,'Intel NUC'!$D$166:$N$5002,11,FALSE)))","v":132.94117647058823}]
[null,null,null,null,null,null,null,null,null,null,null,null,null,null,null,null,null,null,null,null,null,null,null,null,null,null,null,"BOXD34010WYK1mem",null,null,null,null,null,"Crucial M500 480 GB mSATA SSD","CT480M500SSD3.01",3487367,"Crucial M500 480 GB mSATA SSD",{"$f":"IF(ISERROR(VLOOKUP(AI27,'Intel NUC'!$D$166:$N$5002,11,FALSE)),\"\",(VLOOKUP(AI27,'Intel NUC'!$D$166:$N$5002,11,FALSE)))","v":263.52941176470591},null,null,null,null,null,null,null,null,null,"Intel Dual Band Wireless-N 7260","7260.HMWBNWB ",3596396,"Intel Dual Band Wireless-N 7260 - supports 802.11a/b/g/n, 2x2, Bluetooth 4.0, Half-Mini PCIe card",{"$f":"IF(ISERROR(VLOOKUP(AW27,'Intel NUC'!$D$166:$N$5002,11,FALSE)),\"\",(VLOOKUP(AW27,'Intel NUC'!$D$166:$N$5002,11,FALSE)))","v":12.941176470588236},null,null,null,null,null,null,null,"BOXD54250WYK1power"]
[null,"■","Choose the Operating System HERE",null,null,null,null,null,{"$f":"IF(F28>0,1,0)","v":0},null,null,null,null,null,null,null,null,null,null,null,null,null,"BOXDN2820FYKH0memqty",null,null,null,null,"This NUC supports up to 16 GB of",null,null,null,null,null,"Crucial M550 128 GB mSATA SSD","CT128M550SSD3","3835830","Crucial M550 128 GB mSATA SSD",{"$f":"IF(ISERROR(VLOOKUP(AI28,'Intel NUC'!$D$166:$N$5002,11,FALSE)),\"\",(VLOOKUP(AI28,'Intel NUC'!$D$166:$N$5002,11,FALSE)))","v":97.64705882352942},null,"*** Select from this list for 2.5\" Hard Drive\"",null,null,null,null,null,null,null,"Intel Dual Band Wireless-AC 7260","7260.HMWWB ",3596406,"Intel Dual Band Wireless-AC 7260 802.11ac, 2x2, Bluetooth 4.0, Half-Mini PCIe card - Also supports 802.11a/b/g/n",{"$f":"IF(ISERROR(VLOOKUP(AW28,'Intel NUC'!$D$166:$N$5002,11,FALSE)),\"\",(VLOOKUP(AW28,'Intel NUC'!$D$166:$N$5002,11,FALSE)))","v":25.882352941176471}]
[null,null,null,null,null,null,null,null,null,null,null,null,null,null,null,null,null,null,null,null,null,null,0,null,null,null,null,"DDR3 Memory.",null,null,null,null,null,"Crucial M550 256 GB mSATA SSD","CT256M550SSD3  ","3835831","Crucial M550 256 GB mSATA SSD",{"$f":"IF(ISERROR(VLOOKUP(AI29,'Intel NUC'!$D$166:$N$5002,11,FALSE)),\"\",(VLOOKUP(AI29,'Intel NUC'!$D$166:$N$5002,11,FALSE)))","v":168.23529411764707},null,null,null,null,null,null,null,null,null,"Intel Centrino Wi-Fi Advanced-N 6235","6235AN.HMWWB",3196815,"Intel Centrino Wi-Fi Advanced-N 6235 Dual Band, Supports 802.11a/b/g/n. 2x2, Bluetooth 4.0, Half-Mini PCIe card.",{"$f":"IF(ISERROR(VLOOKUP(AW29,'Intel NUC'!$D$166:$N$5002,11,FALSE)),\"\",(VLOOKUP(AW29,'Intel NUC'!$D$166:$N$5002,11,FALSE)))","v":22.352941176470591},null,null,null,null,null,null,null,"This system comes with a power cord."]
[null,"■","Need a power cord?",null,null,null,null,null,{"$f":"IF(F30>0,1,0)","v":0},null,null,null,null,null,null,null,null,null,null,null,null,null,1,null,null,null,null,null,null,null,null,null,null,"Crucial M550 512 GB mSATA SSD","CT512M550SSD3","3835832","Crucial M550 512 GB mSATA SSD",{"$f":"IF(ISERROR(VLOOKUP(AI30,'Intel NUC'!$D$166:$N$5002,11,FALSE)),\"\",(VLOOKUP(AI30,'Intel NUC'!$D$166:$N$5002,11,FALSE)))","v":304.70588235294116},null,"WD Black 120 GB SSD+1TB HDD 2.5\" SATA","WD1001X06XDTL",3714390,"WD Black 120 GB SSD+1TB HDD 2.5\" SATA kit Black",{"$f":"IF(ISERROR(VLOOKUP(AO30,'Intel NUC'!$D$166:$N$5002,11,FALSE)),\"\",(VLOOKUP(AO30,'Intel NUC'!$D$166:$N$5002,11,FALSE)))","v":241.1764705882353},null,null,null,null,null,null,null,null,null,null,null,null,null,null,null,"No need to purchase one!"]
[null,null,null,null,null,null,null,null,null,null,null,null,null,null,null,null,null,null,null,null,null,null,null,null,null,null,null,"Kingston 8GB 1600MHZ DDR3L","KVR16LS11/8 ",3554866,"Kingston 8GB 1600MHZ DDR3L NON-ECC CL11 SODIMM 1.35 V",{"$f":"IF(ISERROR(VLOOKUP(AC31,'Intel NUC'!$D$166:$N$5002,11,FALSE)),\"\",(VLOOKUP(AC31,'Intel NUC'!$D$166:$N$5002,11,FALSE)))","v":72.631578947368425},null,"Transcend MSA740 32 Gb mSATA SSD","TS32GMSA740",3475831,"Transcend MSA740 32 Gb mSATA SSD",{"$f":"IF(ISERROR(VLOOKUP(AI31,'Intel NUC'!$D$166:$N$5002,11,FALSE)),\"\",(VLOOKUP(AI31,'Intel NUC'!$D$166:$N$5002,11,FALSE)))","v":51.764705882352942},null,"WD Black 750 GB HDD 2.5\" 7200 RPM","WD7500BPKX",3601908,"WD Black 750 GB HDD 2.5\" 7200 RPM SATA 6 Gb/s",{"$f":"IF(ISERROR(VLOOKUP(AO31,'Intel NUC'!$D$166:$N$5002,11,FALSE)),\"\",(VLOOKUP(AO31,'Intel NUC'!$D$166:$N$5002,11,FALSE)))","v":70.588235294117652}]
[null,"■","Need the hardware assembled/tested?",null,null,null,null,null,{"$f":"IF(F32=\"Yes\",1,0)","v":0},null,null,null,null,null,null,null,null,null,null,null,null,null,"BOXD34010WYK1memqty",null,null,null,null,"Kingston 4GB 1600MHZ DDR3L ","KVR16LS11/4 ",3554865,"Kingston 4GB 1600MHZ DDR3L NON-ECC CL11 SODIMM 1.35 V",{"$f":"IF(ISERROR(VLOOKUP(AC32,'Intel NUC'!$D$166:$N$5002,11,FALSE)),\"\",(VLOOKUP(AC32,'Intel NUC'!$D$166:$N$5002,11,FALSE)))","v":37.894736842105267},null,"Transcend MSA740 64 Gb mSATA SSD","TS64GMSA740",3475832,"Transcend MSA740 64 Gb mSATA SSD",{"$f":"IF(ISERROR(VLOOKUP(AI32,'Intel NUC'!$D$166:$N$5002,11,FALSE)),\"\",(VLOOKUP(AI32,'Intel NUC'!$D$166:$N$5002,11,FALSE)))","v":88.235294117647058},null,"WDBlack 500 GB HDD 2.5\" 7200 RPM","WD5000BPKX",3601909,"WDBlack 500 GB HDD 2.5\" 7200 RPM SATA 6 Gb/s",{"$f":"IF(ISERROR(VLOOKUP(AO32,'Intel NUC'!$D$166:$N$5002,11,FALSE)),\"\",(VLOOKUP(AO32,'Intel NUC'!$D$166:$N$5002,11,FALSE)))","v":62.352941176470587},null,null,null,"BOXD34010WYKH1wifi",null,null,null,null,null,null,null,null,null,null,null,"BOXD54250WYKH1power"]
[null,null,null,null,null,null,null,null,null,null,null,null,null,null,null,null,null,null,null,null,null,null,0,null,null,null,null,"Kingston 2GB 1600MHZ DDR3L ","KVR16LS11S6/2  ","3751758","Kingston 2GB 1600MHZ DDR3L NON-ECC CL11 SODIMM 1.35 V",{"$f":"IF(ISERROR(VLOOKUP(AC33,'Intel NUC'!$D$166:$N$5002,11,FALSE)),\"\",(VLOOKUP(AC33,'Intel NUC'!$D$166:$N$5002,11,FALSE)))","v":21.05263157894737},null,null,null,null,null,null,null,"WD Scorpio Blue 1 TB HDD - 2.5\" 5400 RPM 16M","WD10SPCX",3617372,"WD Scorpio Blue 1 TB HDD - 2.5\" 5400 RPM 16M SATA 6 Gb/s",{"$f":"IF(ISERROR(VLOOKUP(AO33,'Intel NUC'!$D$166:$N$5002,11,FALSE)),\"\",(VLOOKUP(AO33,'Intel NUC'!$D$166:$N$5002,11,FALSE)))","v":90.526315789473685}]
[null,"■","Need the Operating System installed?",null,null,null,{"$f":"IF(F34=\"YES\",1,0)","v":0},"*Note, if no OS selected, then no OS will be installed",null,null,null,null,null,null,null,null,null,null,null,null,null,null,1,null,null,null,null,"Crucial 8 GB DDR3 PC3-12800 ","CT102464BF160B",3315030,"Crucial 8 GB DDR3 PC3-12800 • CL=11 Unbuffered NON-ECC DDR3-1600 1.35V",{"$f":"IF(ISERROR(VLOOKUP(AC34,'Intel NUC'!$D$166:$N$5002,11,FALSE)),\"\",(VLOOKUP(AC34,'Intel NUC'!$D$166:$N$5002,11,FALSE)))","v":72.631578947368425},null,null,null,null,null,null,null,"WD Scorpio Blue 750 GB HDD - 2.5\" 5400 RPM 16M","WD7500LPCX",3617459,"WD Scorpio Blue 750 GB HDD - 2.5\" 5400 RPM 16M SATA 6 Gb/s",{"$f":"IF(ISERROR(VLOOKUP(AO34,'Intel NUC'!$D$166:$N$5002,11,FALSE)),\"\",(VLOOKUP(AO34,'Intel NUC'!$D$166:$N$5002,11,FALSE)))","v":74.736842105263165},null,null,null,"This system has a Half-Mini PCIe",null,null,null,null,null,null,null,null,null,null,null,"This system comes with a power cord."]
[null,null,null,null,null,null,null,null,null,null,null,null,null,null,null,null,null,null,null,null,null,null,2,null,null,null,null,"Crucial 4 GB DDR3 PC3-10600 ","CT51264BF1339J",3372534,"Crucial 4 GB DDR3 PC3-10600 • CL=9  Unbuffered NON-ECC DDR3-1333 1.35V",{"$f":"IF(ISERROR(VLOOKUP(AC35,'Intel NUC'!$D$166:$N$5002,11,FALSE)),\"\",(VLOOKUP(AC35,'Intel NUC'!$D$166:$N$5002,11,FALSE)))","v":40},null,null,null,null,null,null,null,"WD Caviar BLE 1 TB HDD - 2.5\" 5400 RPM 8M","WD10JPVX",3533996,"WD Caviar BLE 1 TB HDD - 2.5\" 5400 RPM 8M SATA 6 Gb/s",{"$f":"IF(ISERROR(VLOOKUP(AO35,'Intel NUC'!$D$166:$N$5002,11,FALSE)),\"\",(VLOOKUP(AO35,'Intel NUC'!$D$166:$N$5002,11,FALSE)))","v":66.31578947368422},null,null,null,"slot to support a wireless NIC.",null,null,null,null,null,null,null,null,null,null,null,"No need to purchase one!"]
[null,null,"Copy/Paste the BOM below to your sales rep for the most current pricing",null,null,null,null,null,null,null,null,null,null,null,null,null,null,null,null,null,null,null,null,null,null,null,null,"Crucial 4 GB DDR3 PC3-12800 ","CT51264BF160BJ",3751673,"Crucial 4 GB DDR3 PC3-12800 • CL=11 Unbuffered NON-ECC DDR3-1600 1.35V",{"$f":"IF(ISERROR(VLOOKUP(AC36,'Intel NUC'!$D$166:$N$5002,11,FALSE)),\"\",(VLOOKUP(AC36,'Intel NUC'!$D$166:$N$5002,11,FALSE)))","v":41.05263157894737},null,null,null,null,null,null,null,"WD Caviar BLE 750 GB HDD - 2.5\" 5400 RPM 8M","WD7500BPVX",3533997,"WD Caviar BLE 750 GB HDD - 2.5\" 5400 RPM 8M SATA 6 Gb/s",{"$f":"IF(ISERROR(VLOOKUP(AO36,'Intel NUC'!$D$166:$N$5002,11,FALSE)),\"\",(VLOOKUP(AO36,'Intel NUC'!$D$166:$N$5002,11,FALSE)))","v":50.526315789473685},null,null,null,"Select from the options below:"]
[null,null,null,null,null,null,null,null,null,null,null,null,null,null,null,null,null,null,null,null,null,null,"BOXD34010WYKH1memqty",null,null,null,null,"Crucial 2 GB DDR3 PC3-12800 ","CT25664BF160B",3730315,"Crucial 2 GB DDR3 PC3-12800 • CL=11 Unbuffered NON-ECC DDR3-1600 1.35V ",{"$f":"IF(ISERROR(VLOOKUP(AC37,'Intel NUC'!$D$166:$N$5002,11,FALSE)),\"\",(VLOOKUP(AC37,'Intel NUC'!$D$166:$N$5002,11,FALSE)))","v":21.05263157894737},null,null,null,null,null,null,null,"WD Caviar BLE 500 GB HDD - 2.5\" 5400 RPM 8M","WD5000LPVX",3533998,"WD Caviar BLE 500 GB HDD - 2.5\" 5400 RPM 8M SATA 6 Gb/s",{"$f":"IF(ISERROR(VLOOKUP(AO37,'Intel NUC'!$D$166:$N$5002,11,FALSE)),\"\",(VLOOKUP(AO37,'Intel NUC'!$D$166:$N$5002,11,FALSE)))","v":46.315789473684212}]
[null,null,"Part #","SKU #",null,"Basic Description",null,null,null,"Cost Ea","Qty","Total",null,null,null,null,null,null,null,null,null,null,0,null,null,null,null,"Crucial 1 GB DDR3 PC3-10600","CT12864BF1339",3616159,"Crucial 1 GB DDR3 PC3-10600 • CL=9 Unbuffered NON-ECC DDR3-1333 1.35V",{"$f":"IF(ISERROR(VLOOKUP(AC38,'Intel NUC'!$D$166:$N$5002,11,FALSE)),\"\",(VLOOKUP(AC38,'Intel NUC'!$D$166:$N$5002,11,FALSE)))","v":16.842105263157894},null,null,null,null,null,null,null,"Seagate 1 TB HDD - 2.5\" 5400 RPM 64M","ST1000LM014",3472902,"Seagate 1 TB HDD - 2.5\" 5400 RPM 64M SATA 6 Gb/s",{"$f":"IF(ISERROR(VLOOKUP(AO38,'Intel NUC'!$D$166:$N$5002,11,FALSE)),\"\",(VLOOKUP(AO38,'Intel NUC'!$D$166:$N$5002,11,FALSE)))","v":98.94736842105263},null,null,null,"Intel Dual Band Wireless-N 7260","7260.HMWBNWB ",3596396,"Intel Dual Band Wireless-N 7260 - supports 802.11a/b/g/n, 2x2, Bluetooth 4.0, Half-Mini PCIe card",{"$f":"IF(ISERROR(VLOOKUP(AW38,'Intel NUC'!$D$166:$N$5002,11,FALSE)),\"\",(VLOOKUP(AW38,'Intel NUC'!$D$166:$N$5002,11,FALSE)))","v":12.941176470588236},null,null,null,null,null,null,null,"BOXDCCP847DYEpower"]
[null,null,{"$f":"IF(ISERROR(F18),\"0\",(F18))","v":0},{"$f":"IF(ISERROR(VLOOKUP(C39,$W$15:$Z$5101,2,FALSE)),\"\",(VLOOKUP(C39,$W$15:$Z$5101,2,FALSE)))","v":0},null,{"$f":"IF(ISERROR(VLOOKUP(C39,$W$15:$Z$5101,4,FALSE)),\"\",(VLOOKUP(C39,$W$15:$Z$5101,4,FALSE)))","v":0},null,null,null,{"$f":"IF(ISERROR(VLOOKUP(C39,$W$15:$Z$5101,3,FALSE)),\"\",(VLOOKUP(C39,$W$15:$Z$5101,3,FALSE)))","v":0},{"$f":"IF(I18>0,1,0)","v":0},{"$f":"IF(ISERROR(K39*J39),\"\",(K39*J39))","v":0},null,null,null,null,null,null,null,null,null,null,1,null,null,null,null,null,null,null,null,null,null,null,null,null,null,null,null,"Seagate 500 GB HDD - 2.5\" 5400 RPM 64M","ST500LM000",3472901,"Seagate 500 GB HDD - 2.5\" 5400 RPM 64M SATA 6 Gb/s",{"$f":"IF(ISERROR(VLOOKUP(AO39,'Intel NUC'!$D$166:$N$5002,11,FALSE)),\"\",(VLOOKUP(AO39,'Intel NUC'!$D$166:$N$5002,11,FALSE)))","v":70.526315789473685},null,null,null,"Intel Dual Band Wireless-AC 7260","7260.HMWWB ",3596406,"Intel Dual Band Wireless-AC 7260 802.11ac, 2x2, Bluetooth 4.0, Half-Mini PCIe card - Also supports 802.11a/b/g/n",{"$f":"IF(ISERROR(VLOOKUP(AW39,'Intel NUC'!$D$166:$N$5002,11,FALSE)),\"\",(VLOOKUP(AW39,'Intel NUC'!$D$166:$N$5002,11,FALSE)))","v":25.882352941176471}]
[null,null,{"$f":"IF(ISERROR(VLOOKUP(F20,$AB$18:$AF$901,2,FALSE)),\"\",(VLOOKUP(F20,$AB$18:$AF$901,2,FALSE)))","v":""},{"$f":"IF(ISERROR(VLOOKUP(F20,$AB$18:$AF$901,3,FALSE)),\"\",(VLOOKUP(F20,$AB$18:$AF$901,3,FALSE)))","v":""},null,{"$f":"IF(ISERROR(VLOOKUP(F20,$AB$18:$AF$901,4,FALSE)),\"\",(VLOOKUP(F20,$AB$18:$AF$901,4,FALSE)))","v":""},null,null,null,{"$f":"IF(ISERROR(VLOOKUP(F20,$AB$18:$AF$901,5,FALSE)),\"\",(VLOOKUP(F20,$AB$18:$AF$901,5,FALSE)))","v":""},{"$f":"IF(ISERROR(H20),\"\",(H20))","v":0},"",null,null,null,null,null,null,null,null,null,null,2,null,null,null,null,null,null,null,null,null,null,null,null,null,null,null,null,"Seagate 500 GB HDD - 2.5\" 5400 RPM 16M","ST500LT012",3199618,"Seagate 500 GB HDD - 2.5\" 5400 RPM 16M SATA 6 Gb/s",{"$f":"IF(ISERROR(VLOOKUP(AO40,'Intel NUC'!$D$166:$N$5002,11,FALSE)),\"\",(VLOOKUP(AO40,'Intel NUC'!$D$166:$N$5002,11,FALSE)))","v":48.421052631578952},null,null,null,"Intel Centrino Wi-Fi Advanced-N 6235","6235AN.HMWWB",3196815,"Intel Centrino Wi-Fi Advanced-N 6235 Dual Band, Supports 802.11a/b/g/n. 2x2, Bluetooth 4.0, Half-Mini PCIe card.",{"$f":"IF(ISERROR(VLOOKUP(AW40,'Intel NUC'!$D$166:$N$5002,11,FALSE)),\"\",(VLOOKUP(AW40,'Intel NUC'!$D$166:$N$5002,11,FALSE)))","v":22.352941176470591},null,null,null,null,null,null,null,"This system does NOT come with a power cord."]
[null,null,{"$f":"IF(ISERROR(VLOOKUP(F22,$AH$18:$AK$102,2,FALSE)),\"\",(VLOOKUP(F22,$AH$18:$AK$102,2,FALSE)))","v":""},{"$f":"IF(ISERROR(VLOOKUP(F22,$AH$18:$AK$102,3,FALSE)),\"\",(VLOOKUP(F22,$AH$18:$AK$102,3,FALSE)))","v":""},null,{"$f":"IF(ISERROR(VLOOKUP(F22,$AH$18:$AK$102,4,FALSE)),\"\",(VLOOKUP(F22,$AH$18:$AK$102,4,FALSE)))","v":""},null,null,null,{"$f":"IF(ISERROR(VLOOKUP(F22,$AH$18:$AKQ$101,5,FALSE)),\"\",(VLOOKUP(F22,$AH$18:$AL$102,5,FALSE)))","v":""},{"$f":"IF(I22>0,1,0)","v":0},"",null,null,null,null,null,null,null,null,null,null,null,null,null,null,null,null,null,null,null,null,null,null,null,null,null,null,null,"Samsung 1 TB HDD - 2.5\" 5400 RPM 8M","STH-HN-M101MBB",3296031,"Samsung 1 TB HDD - 2.5\" 5400 RPM 8M SATA 6 Gb/s",{"$f":"IF(ISERROR(VLOOKUP(AO41,'Intel NUC'!$D$166:$N$5002,11,FALSE)),\"\",(VLOOKUP(AO41,'Intel NUC'!$D$166:$N$5002,11,FALSE)))","v":67.368421052631575},null,null,null,null,null,null,null,null,null,null,null,null,null,null,null,"You can purchase a 3rd party cord in the length"]
[null,null,{"$f":"IF(ISERROR(VLOOKUP(F24,$AN$18:$AR$870,2,FALSE)),\"\",(VLOOKUP(F24,$AN$18:$AR$870,2,FALSE)))","v":""},{"$f":"IF(ISERROR(VLOOKUP(F24,$AN$18:$AR$870,3,FALSE)),\"\",(VLOOKUP(F24,$AN$18:$AR$870,3,FALSE)))","v":""},null,{"$f":"IF(ISERROR(VLOOKUP(F24,$AN$18:$AR$870,4,FALSE)),\"\",(VLOOKUP(F24,$AN$18:$AR$870,4,FALSE)))","v":""},null,null,null,{"$f":"IF(ISERROR(VLOOKUP(F24,$AN$18:$AR$870,5,FALSE)),\"\",(VLOOKUP(F24,$AN$18:$AR$870,5,FALSE)))","v":""},{"$f":"IF(I24>0,1,0)","v":0},"",null,null,null,null,null,null,null,null,null,null,null,null,null,null,null,"BOXD34010WYKH1mem",null,null,null,null,null,null,null,null,null,null,null,"Samsung 500 GB HDD - 2.5\" 5400 RPM 8M SATA 6 Gb/s","STH-HN-M500MBB",3206068,"Samsung 500 GB HDD - 2.5\" 5400 RPM 8M SATA 6 Gb/s",{"$f":"IF(ISERROR(VLOOKUP(AO42,'Intel NUC'!$D$166:$N$5002,11,FALSE)),\"\",(VLOOKUP(AO42,'Intel NUC'!$D$166:$N$5002,11,FALSE)))","v":45.263157894736842},null,null,null,null,null,null,null,null,null,null,null,null,null,null,null,"you need. Or, you can choose the one below."]
[null,null,{"$f":"IF(ISERROR(VLOOKUP(F26,$AV$15:$AZ$501,2,FALSE)),\"\",(VLOOKUP(F26,$AV$15:$AZ$501,2,FALSE)))","v":""},{"$f":"IF(ISERROR(VLOOKUP(F26,$AV$15:$AZ$501,3,FALSE)),\"\",(VLOOKUP(F26,$AV$15:$AZ$501,3,FALSE)))","v":""},null,{"$f":"IF(ISERROR(VLOOKUP(F26,$AV$15:$AZ$501,4,FALSE)),\"\",(VLOOKUP(F26,$AV$15:$AZ$501,4,FALSE)))","v":""},null,null,null,{"$f":"IF(ISERROR(VLOOKUP(F26,$AV$15:$AZ$501,5,FALSE)),\"\",(VLOOKUP(F26,$AV$15:$AZ$501,5,FALSE)))","v":""},{"$f":"IF(I26>0,1,0)","v":0},"",null,null,null,null,null,null,null,null,null,null,"BOXD54250WYK1memqty",null,null,null,null,"This NUC supports up to 16 GB of",null,null,null,null,null,null,null,null,null,null,null,null,null,null,null,null,null,null,null,"BOXD54250WYK1wifi"]
[null,null,{"$f":"IF(ISERROR(VLOOKUP(F28,$BB$18:$BF$30,2,FALSE)),\"\",(VLOOKUP(F28,$BB$18:$BF$30,2,FALSE)))","v":""},{"$f":"IF(ISERROR(VLOOKUP(F28,$BB$18:$BF$30,3,FALSE)),\"\",(VLOOKUP(F28,$BB$18:$BF$30,3,FALSE)))","v":""},null,{"$f":"IF(ISERROR(VLOOKUP(F28,$BB$18:$BF$30,4,FALSE)),\"\",(VLOOKUP(F28,$BB$18:$BF$30,4,FALSE)))","v":""},null,null,null,{"$f":"IF(ISERROR(VLOOKUP(F28,$BB$18:$BF$30,5,FALSE)),\"\",(VLOOKUP(F28,$BB$18:$BF$30,5,FALSE)))","v":""},{"$f":"IF(I28>0,1,0)","v":0},"",null,null,null,null,null,null,null,null,null,null,0,null,null,null,null,"DDR3 Memory.",null,null,null,null,null,null,null,null,null,null,null,null,null,null,null,null,null,null,null,null,null,null,null,null,null,null,null,null,null,null,null,"6 Foot Power Cord for NUC","CTG-27400   ",1612558,"Power cord - 6 feet (not required with 4th Gen NUC SKUs)",4]
[null,null,{"$f":"IF(ISERROR(VLOOKUP(F30,$BH$18:$BL$301,2,FALSE)),\"\",(VLOOKUP(F30,$BH$18:$BL$301,2,FALSE)))","v":""},{"$f":"IF(ISERROR(VLOOKUP(F30,$BH$18:$BL$301,3,FALSE)),\"\",(VLOOKUP(F30,$BH$18:$BL$301,3,FALSE)))","v":""},null,{"$f":"IF(ISERROR(VLOOKUP(F30,$BH$18:$BL$301,4,FALSE)),\"\",(VLOOKUP(F30,$BH$18:$BL$301,4,FALSE)))","v":""},null,null,null,{"$f":"IF(ISERROR(VLOOKUP(F30,$BH$18:$BL$301,5,FALSE)),\"\",(VLOOKUP(F30,$BH$18:$BL$301,5,FALSE)))","v":""},{"$f":"IF(I30>0,1,0)","v":0},"",null,null,null,null,null,null,null,null,null,null,1,null,null,null,null,null,null,null,null,null,null,null,null,null,null,null,null,null,null,null,null,null,null,null,null,"This system has a Half-Mini PCIe"]
[null,null,{"$f":"IF(ISERROR(VLOOKUP(F32,$BN$10:$BR$301,2,FALSE)),\"\",(VLOOKUP(F32,$BN$10:$BR$301,2,FALSE)))","v":""},{"$f":"IF(ISERROR(VLOOKUP(F32,$BN$10:$BR$301,3,FALSE)),\"\",(VLOOKUP(F32,$BN$10:$BR$301,3,FALSE)))","v":""},null,{"$f":"IF(ISERROR(VLOOKUP(F32,$BN$10:$BR$301,4,FALSE)),\"\",(VLOOKUP(F32,$BN$10:$BR$301,4,FALSE)))","v":""},null,null,null,{"$f":"IF(ISERROR(VLOOKUP(F32,$BN$10:$BR$301,5,FALSE)),\"\",(VLOOKUP(F32,$BN$10:$BR$301,5,FALSE)))","v":""},{"$f":"IF(I32>0,1,0)","v":0},"",null,null,null,null,null,null,null,null,null,null,2,null,null,null,null,"Kingston 8GB 1600MHZ DDR3L","KVR16LS11/8 ",3554866,"Kingston 8GB 1600MHZ DDR3L NON-ECC CL11 SODIMM 1.35 V",{"$f":"IF(ISERROR(VLOOKUP(AC46,'Intel NUC'!$D$166:$N$5002,11,FALSE)),\"\",(VLOOKUP(AC46,'Intel NUC'!$D$166:$N$5002,11,FALSE)))","v":72.631578947368425},null,null,null,null,null,null,null,"BOXD34010WYK125sat",null,null,null,null,null,null,null,"slot to support a wireless NIC."]
[null,null,{"$f":"IF(ISERROR(VLOOKUP(F34,$BT$10:$BX$301,2,FALSE)),\"\",(VLOOKUP(F34,$BT$10:$BX$301,2,FALSE)))","v":""},{"$f":"IF(ISERROR(VLOOKUP(F34,$BT$10:$BX$301,3,FALSE)),\"\",(VLOOKUP(F34,$BT$10:$BX$301,3,FALSE)))","v":""},null,{"$f":"IF(ISERROR(VLOOKUP(F34,$BT$10:$BX$301,4,FALSE)),\"\",(VLOOKUP(F34,$BT$10:$BX$301,4,FALSE)))","v":""},null,null,null,{"$f":"IF(ISERROR(VLOOKUP(F34,$BT$10:$BX$301,5,FALSE)),\"\",(VLOOKUP(F34,$BT$10:$BX$301,5,FALSE)))","v":""},{"$f":"IF(G34>0,1,0)","v":0},"",null,null,null,null,null,null,null,null,null,null,null,null,null,null,null,"Kingston 4GB 1600MHZ DDR3L ","KVR16LS11/4 ",3554865,"Kingston 4GB 1600MHZ DDR3L NON-ECC CL11 SODIMM 1.35 V",{"$f":"IF(ISERROR(VLOOKUP(AC47,'Intel NUC'!$D$166:$N$5002,11,FALSE)),\"\",(VLOOKUP(AC47,'Intel NUC'!$D$166:$N$5002,11,FALSE)))","v":37.894736842105267}]
[null,null,null,null,null,null,null,null,null,"Grand Total",null,{"$f":"SUM(L39:L47)","v":0},null,null,null,null,null,null,null,null,null,null,null,null,null,null,null,"Kingston 2GB 1600MHZ DDR3L ","KVR16LS11S6/2  ","3751758","Kingston 2GB 1600MHZ DDR3L NON-ECC CL11 SODIMM 1.35 V",{"$f":"IF(ISERROR(VLOOKUP(AC48,'Intel NUC'!$D$166:$N$5002,11,FALSE)),\"\",(VLOOKUP(AC48,'Intel NUC'!$D$166:$N$5002,11,FALSE)))","v":21.05263157894737},null,null,null,null,null,null,null,"This system does NOT support",null,null,null,null,null,null,null,"Select from the options below:",null,null,null,null,null,null,null,null,null,null,null,"BOXDC3217BYpower"]
[null,null,null,null,null,null,null,null,null,null,null,null,null,null,null,null,null,null,null,null,null,null,"BOXD54250WYKH1memqty",null,null,null,null,"Crucial 8 GB DDR3 PC3-12800 ","CT102464BF160B",3315030,"Crucial 8 GB DDR3 PC3-12800 • CL=11 Unbuffered NON-ECC DDR3-1600 1.35V",{"$f":"IF(ISERROR(VLOOKUP(AC49,'Intel NUC'!$D$166:$N$5002,11,FALSE)),\"\",(VLOOKUP(AC49,'Intel NUC'!$D$166:$N$5002,11,FALSE)))","v":72.631578947368425},null,null,null,null,null,null,null,"an additional 2.5\" drive"]
[null,null,null,null,null,null,null,null,null,null,null,null,null,null,null,null,null,null,null,null,null,null,0,null,null,null,null,"Crucial 4 GB DDR3 PC3-10600 ","CT51264BF1339J",3372534,"Crucial 4 GB DDR3 PC3-10600 • CL=9  Unbuffered NON-ECC DDR3-1333 1.35V",{"$f":"IF(ISERROR(VLOOKUP(AC50,'Intel NUC'!$D$166:$N$5002,11,FALSE)),\"\",(VLOOKUP(AC50,'Intel NUC'!$D$166:$N$5002,11,FALSE)))","v":40},null,null,null,null,null,null,null,null,null,null,null,null,null,null,null,"Intel Dual Band Wireless-N 7260","7260.HMWBNWB ",3596396,"Intel Dual Band Wireless-N 7260 - supports 802.11a/b/g/n, 2x2, Bluetooth 4.0, Half-Mini PCIe card",{"$f":"IF(ISERROR(VLOOKUP(AW50,'Intel NUC'!$D$166:$N$5002,11,FALSE)),\"\",(VLOOKUP(AW50,'Intel NUC'!$D$166:$N$5002,11,FALSE)))","v":12.941176470588236},null,null,null,null,null,null,null,"This system does NOT come with a power cord."]
[null,null,null,null,null,null,null,null,null,null,null,null,null,null,null,null,null,null,null,null,null,null,1,null,null,null,null,"Crucial 4 GB DDR3 PC3-12800 ","CT51264BF160BJ",3751673,"Crucial 4 GB DDR3 PC3-12800 • CL=11 Unbuffered NON-ECC DDR3-1600 1.35V",{"$f":"IF(ISERROR(VLOOKUP(AC51,'Intel NUC'!$D$166:$N$5002,11,FALSE)),\"\",(VLOOKUP(AC51,'Intel NUC'!$D$166:$N$5002,11,FALSE)))","v":41.05263157894737},null,null,null,null,null,null,null,"BOXD34010WYKH125sat",null,null,null,null,null,null,null,"Intel Dual Band Wireless-AC 7260","7260.HMWWB ",3596406,"Intel Dual Band Wireless-AC 7260 802.11ac, 2x2, Bluetooth 4.0, Half-Mini PCIe card - Also supports 802.11a/b/g/n",{"$f":"IF(ISERROR(VLOOKUP(AW51,'Intel NUC'!$D$166:$N$5002,11,FALSE)),\"\",(VLOOKUP(AW51,'Intel NUC'!$D$166:$N$5002,11,FALSE)))","v":25.882352941176471},null,null,null,null,null,null,null,"You can purchase a 3rd party cord in the length"]
[null,null,null,null,null,null,null,null,null,null,null,null,null,null,null,null,null,null,null,null,null,null,2,null,null,null,null,"Crucial 2 GB DDR3 PC3-12800 ","CT25664BF160B",3730315,"Crucial 2 GB DDR3 PC3-12800 • CL=11 Unbuffered NON-ECC DDR3-1600 1.35V ",{"$f":"IF(ISERROR(VLOOKUP(AC52,'Intel NUC'!$D$166:$N$5002,11,FALSE)),\"\",(VLOOKUP(AC52,'Intel NUC'!$D$166:$N$5002,11,FALSE)))","v":21.05263157894737},null,null,null,null,null,null,null,null,null,null,null,null,null,null,null,"Intel Centrino Wi-Fi Advanced-N 6235","6235AN.HMWWB",3196815,"Intel Centrino Wi-Fi Advanced-N 6235 Dual Band, Supports 802.11a/b/g/n. 2x2, Bluetooth 4.0, Half-Mini PCIe card.",{"$f":"IF(ISERROR(VLOOKUP(AW52,'Intel NUC'!$D$166:$N$5002,11,FALSE)),\"\",(VLOOKUP(AW52,'Intel NUC'!$D$166:$N$5002,11,FALSE)))","v":22.352941176470591},null,null,null,null,null,null,null,"you need. Or, you can choose the one below."]
[null,null,null,null,null,null,null,null,null,null,null,null,null,null,null,null,null,null,null,null,null,null,null,null,null,null,null,"Crucial 1 GB DDR3 PC3-10600","CT12864BF1339",3616159,"Crucial 1 GB DDR3 PC3-10600 • CL=9 Unbuffered NON-ECC DDR3-1333 1.35V",{"$f":"IF(ISERROR(VLOOKUP(AC53,'Intel NUC'!$D$166:$N$5002,11,FALSE)),\"\",(VLOOKUP(AC53,'Intel NUC'!$D$166:$N$5002,11,FALSE)))","v":16.842105263157894},null,null,null,null,null,null,null,"This system supports one (1) "]
[null,null,null,null,null,null,null,null,null,null,null,null,null,null,null,null,null,null,null,null,null,null,null,null,null,null,null,null,null,null,null,null,null,null,null,null,null,null,null,"additional 2.5\" drive. Please select",null,null,null,null,null,null,null,null,null,null,null,null,null,null,null,null,null,null,null,"6 Foot Power Cord for NUC","CTG-27400   ",1612558,"Power cord - 6 feet (not required with 4th Gen NUC SKUs)",4]
[null,null,null,null,null,null,null,null,null,null,null,null,null,null,null,null,null,null,null,null,null,null,"BOXDCCP847DYEmemqty",null,null,null,null,null,null,null,null,null,null,null,null,null,null,null,null,"from the list below",null,null,null,null,null,null,null,"BOXD54250WYKH1wifi"]
[null,null,null,null,null,null,null,null,null,null,null,null,null,null,null,null,null,null,null,null,null,null,0,null,null,null,null,null,null,null,null,{"$f":"IF(ISERROR(VLOOKUP(AC56,'Intel NUC'!$D$166:$N$5002,11,FALSE)),\"\",(VLOOKUP(AC56,'Intel NUC'!$D$166:$N$5002,11,FALSE)))","v":""}]
[null,null,null,null,null,null,null,null,null,null,null,null,null,null,null,null,null,null,null,null,null,null,1,null,null,null,null,"BOXD54250WYK1mem",null,null,null,{"$f":"IF(ISERROR(VLOOKUP(AC57,'Intel NUC'!$D$166:$N$5002,11,FALSE)),\"\",(VLOOKUP(AC57,'Intel NUC'!$D$166:$N$5002,11,FALSE)))","v":""},null,null,null,null,null,null,null,"*** Select from this list for 2.5\" SSD ***",null,null,null,null,null,null,null,"This system has a Half-Mini PCIe",null,null,null,null,null,null,null,null,null,null,null,"BOXDC3217IYEpower"]
[null,null,null,null,null,null,null,null,null,null,null,null,null,null,null,null,null,null,null,null,null,null,2,null,null,null,null,"This NUC supports up to 16 GB of",null,null,null,null,null,null,null,null,null,null,null,null,null,null,null,null,null,null,null,"slot to support a wireless NIC."]
[null,null,null,null,null,null,null,null,null,null,null,null,null,null,null,null,null,null,null,null,null,null,null,null,null,null,null,"DDR3 Memory.",null,null,null,null,null,null,null,null,null,null,null,"Intel 530 Series 80 GB 2.5\" SSD","SSDSC2BW080A401",3725578,"Intel 530 Series 80 GB 2.5\" SSD - SATA 6 Gb/s",{"$f":"IF(ISERROR(VLOOKUP(AO59,'Intel NUC'!$D$166:$N$5002,11,FALSE)),\"\",(VLOOKUP(AO59,'Intel NUC'!$D$166:$N$5002,11,FALSE)))","v":88.235294117647058},null,null,null,"Select from the options below:",null,null,null,null,null,null,null,null,null,null,null,"This system does NOT come with a power cord."]
[null,null,null,null,null,null,null,null,null,null,null,null,null,null,null,null,null,null,null,null,null,null,null,null,null,null,null,null,null,null,null,null,null,null,null,null,null,null,null,"Intel 530 Series 120 GB 2.5\" SSD","SSDSC2BW120A401",3707377,"Intel 530 Series 120 GB 2.5\" SSD - SATA 6 Gb/s",{"$f":"IF(ISERROR(VLOOKUP(AO60,'Intel NUC'!$D$166:$N$5002,11,FALSE)),\"\",(VLOOKUP(AO60,'Intel NUC'!$D$166:$N$5002,11,FALSE)))","v":100},null,null,null,null,null,null,null,null,null,null,null,null,null,null,null,"You can purchase a 3rd party cord in the length"]
[null,null,null,null,null,null,null,null,null,null,null,null,null,null,null,null,null,null,null,null,null,null,"BOXDC3217BYmemqty",null,null,null,null,"Kingston 8GB 1600MHZ DDR3L","KVR16LS11/8 ",3554866,"Kingston 8GB 1600MHZ DDR3L NON-ECC CL11 SODIMM 1.35 V",{"$f":"IF(ISERROR(VLOOKUP(AC61,'Intel NUC'!$D$166:$N$5002,11,FALSE)),\"\",(VLOOKUP(AC61,'Intel NUC'!$D$166:$N$5002,11,FALSE)))","v":72.631578947368425},null,null,null,null,null,null,null,"Intel 530 Series 180 GB 2.5\" SSD ","SSDSC2BW180A401",3598834,"Intel 530 Series 180 GB 2.5\" SSD - SATA 6 Gb/s",{"$f":"IF(ISERROR(VLOOKUP(AO61,'Intel NUC'!$D$166:$N$5002,11,FALSE)),\"\",(VLOOKUP(AO61,'Intel NUC'!$D$166:$N$5002,11,FALSE)))","v":141.1764705882353},null,null,null,"Intel Dual Band Wireless-N 7260","7260.HMWBNWB ",3596396,"Intel Dual Band Wireless-N 7260 - supports 802.11a/b/g/n, 2x2, Bluetooth 4.0, Half-Mini PCIe card",{"$f":"IF(ISERROR(VLOOKUP(AW61,'Intel NUC'!$D$166:$N$5002,11,FALSE)),\"\",(VLOOKUP(AW61,'Intel NUC'!$D$166:$N$5002,11,FALSE)))","v":12.941176470588236},null,null,null,null,null,null,null,"you need. Or, you can choose the one below."]
[null,null,null,null,null,null,null,null,null,null,null,null,null,null,null,null,null,null,null,null,null,null,0,null,null,null,null,"Kingston 4GB 1600MHZ DDR3L ","KVR16LS11/4 ",3554865,"Kingston 4GB 1600MHZ DDR3L NON-ECC CL11 SODIMM 1.35 V",{"$f":"IF(ISERROR(VLOOKUP(AC62,'Intel NUC'!$D$166:$N$5002,11,FALSE)),\"\",(VLOOKUP(AC62,'Intel NUC'!$D$166:$N$5002,11,FALSE)))","v":37.894736842105267},null,null,null,null,null,null,null,"Intel 530 Series 240 GB 2.5\" SSD ","SSDSC2BW240A401",3598837,"Intel 530 Series 240 GB 2.5\" SSD - SATA 6 Gb/s",{"$f":"IF(ISERROR(VLOOKUP(AO62,'Intel NUC'!$D$166:$N$5002,11,FALSE)),\"\",(VLOOKUP(AO62,'Intel NUC'!$D$166:$N$5002,11,FALSE)))","v":176.47058823529412},null,null,null,"Intel Dual Band Wireless-AC 7260","7260.HMWWB ",3596406,"Intel Dual Band Wireless-AC 7260 802.11ac, 2x2, Bluetooth 4.0, Half-Mini PCIe card - Also supports 802.11a/b/g/n",{"$f":"IF(ISERROR(VLOOKUP(AW62,'Intel NUC'!$D$166:$N$5002,11,FALSE)),\"\",(VLOOKUP(AW62,'Intel NUC'!$D$166:$N$5002,11,FALSE)))","v":25.882352941176471}]
[null,null,null,null,null,null,null,null,null,null,null,null,null,null,null,null,null,null,null,null,null,null,1,null,null,null,null,"Kingston 2GB 1600MHZ DDR3L ","KVR16LS11S6/2  ","3751758","Kingston 2GB 1600MHZ DDR3L NON-ECC CL11 SODIMM 1.35 V",{"$f":"IF(ISERROR(VLOOKUP(AC63,'Intel NUC'!$D$166:$N$5002,11,FALSE)),\"\",(VLOOKUP(AC63,'Intel NUC'!$D$166:$N$5002,11,FALSE)))","v":21.05263157894737},null,null,null,null,null,null,null,"Intel 530 Series 480 GB 2.5\" SSD","SSDSC2BW480A401",3724582,"Intel 530 Series 480 GB 2.5\" SSD - SATA 6 Gb/s",{"$f":"IF(ISERROR(VLOOKUP(AO63,'Intel NUC'!$D$166:$N$5002,11,FALSE)),\"\",(VLOOKUP(AO63,'Intel NUC'!$D$166:$N$5002,11,FALSE)))","v":347.05882352941177},null,null,null,"Intel Centrino Wi-Fi Advanced-N 6235","6235AN.HMWWB",3196815,"Intel Centrino Wi-Fi Advanced-N 6235 Dual Band, Supports 802.11a/b/g/n. 2x2, Bluetooth 4.0, Half-Mini PCIe card.",{"$f":"IF(ISERROR(VLOOKUP(AW63,'Intel NUC'!$D$166:$N$5002,11,FALSE)),\"\",(VLOOKUP(AW63,'Intel NUC'!$D$166:$N$5002,11,FALSE)))","v":22.352941176470591},null,null,null,null,null,null,null,"6 Foot Power Cord for NUC","CTG-27400   ",1612558,"Power cord - 6 feet (not required with 4th Gen NUC SKUs)",4]
[null,null,null,null,null,null,null,null,null,null,null,null,null,null,null,null,null,null,null,null,null,null,2,null,null,null,null,"Crucial 8 GB DDR3 PC3-12800 ","CT102464BF160B",3315030,"Crucial 8 GB DDR3 PC3-12800 • CL=11 Unbuffered NON-ECC DDR3-1600 1.35V",{"$f":"IF(ISERROR(VLOOKUP(AC64,'Intel NUC'!$D$166:$N$5002,11,FALSE)),\"\",(VLOOKUP(AC64,'Intel NUC'!$D$166:$N$5002,11,FALSE)))","v":72.631578947368425}]
[null,null,null,null,null,null,null,null,null,null,null,null,null,null,null,null,null,null,null,null,null,null,null,null,null,null,null,"Crucial 4 GB DDR3 PC3-10600 ","CT51264BF1339J",3372534,"Crucial 4 GB DDR3 PC3-10600 • CL=9  Unbuffered NON-ECC DDR3-1333 1.35V",{"$f":"IF(ISERROR(VLOOKUP(AC65,'Intel NUC'!$D$166:$N$5002,11,FALSE)),\"\",(VLOOKUP(AC65,'Intel NUC'!$D$166:$N$5002,11,FALSE)))","v":40}]
[null,null,null,null,null,null,null,null,null,null,null,null,null,null,null,null,null,null,null,null,null,null,null,null,null,null,null,"Crucial 4 GB DDR3 PC3-12800 ","CT51264BF160BJ",3751673,"Crucial 4 GB DDR3 PC3-12800 • CL=11 Unbuffered NON-ECC DDR3-1600 1.35V",{"$f":"IF(ISERROR(VLOOKUP(AC66,'Intel NUC'!$D$166:$N$5002,11,FALSE)),\"\",(VLOOKUP(AC66,'Intel NUC'!$D$166:$N$5002,11,FALSE)))","v":41.05263157894737},null,null,null,null,null,null,null,"*** Select from this list for 2.5\" Hard Drive\"",null,null,null,null,null,null,null,"BOXDCCP847DYEwifi",null,null,null,null,null,null,null,null,null,null,null,"BOXDC53427HYEpower"]
[null,null,null,null,null,null,null,null,null,null,null,null,null,null,null,null,null,null,null,null,null,null,"BOXDC3217IYEmemqty",null,null,null,null,"Crucial 2 GB DDR3 PC3-12800 ","CT25664BF160B",3730315,"Crucial 2 GB DDR3 PC3-12800 • CL=11 Unbuffered NON-ECC DDR3-1600 1.35V ",{"$f":"IF(ISERROR(VLOOKUP(AC67,'Intel NUC'!$D$166:$N$5002,11,FALSE)),\"\",(VLOOKUP(AC67,'Intel NUC'!$D$166:$N$5002,11,FALSE)))","v":21.05263157894737}]
[null,null,null,null,null,null,null,null,null,null,null,null,null,null,null,null,null,null,null,null,null,null,0,null,null,null,null,"Crucial 1 GB DDR3 PC3-10600","CT12864BF1339",3616159,"Crucial 1 GB DDR3 PC3-10600 • CL=9 Unbuffered NON-ECC DDR3-1333 1.35V",{"$f":"IF(ISERROR(VLOOKUP(AC68,'Intel NUC'!$D$166:$N$5002,11,FALSE)),\"\",(VLOOKUP(AC68,'Intel NUC'!$D$166:$N$5002,11,FALSE)))","v":16.842105263157894},null,null,null,null,null,null,null,"WD Black 120 GB SSD+1TB HDD 2.5\" SATA","WD1001X06XDTL",3714390,"WD Black 120 GB SSD+1TB HDD 2.5\" SATA kit Black",{"$f":"IF(ISERROR(VLOOKUP(AO68,'Intel NUC'!$D$166:$N$5002,11,FALSE)),\"\",(VLOOKUP(AO68,'Intel NUC'!$D$166:$N$5002,11,FALSE)))","v":241.1764705882353},null,null,null,"This system has a Half-Mini PCIe",null,null,null,null,null,null,null,null,null,null,null,"This system does NOT come with a power cord."]
[null,null,null,null,null,null,null,null,null,null,null,null,null,null,null,null,null,null,null,null,null,null,1,null,null,null,null,null,null,null,null,null,null,null,null,null,null,null,null,"WD Black 750 GB HDD 2.5\" 7200 RPM","WD7500BPKX",3601908,"WD Black 750 GB HDD 2.5\" 7200 RPM SATA 6 Gb/s",{"$f":"IF(ISERROR(VLOOKUP(AO69,'Intel NUC'!$D$166:$N$5002,11,FALSE)),\"\",(VLOOKUP(AO69,'Intel NUC'!$D$166:$N$5002,11,FALSE)))","v":70.588235294117652},null,null,null,"slot to support a wireless NIC.",null,null,null,null,null,null,null,null,null,null,null,"You can purchase a 3rd party cord in the length"]
[null,null,null,null,null,null,null,null,null,null,null,null,null,null,null,null,null,null,null,null,null,null,2,null,null,null,null,null,null,null,null,{"$f":"IF(ISERROR(VLOOKUP(AC70,'Intel NUC'!$D$166:$N$5002,11,FALSE)),\"\",(VLOOKUP(AC70,'Intel NUC'!$D$166:$N$5002,11,FALSE)))","v":""},null,null,null,null,null,null,null,"WDBlack 500 GB HDD 2.5\" 7200 RPM","WD5000BPKX",3601909,"WDBlack 500 GB HDD 2.5\" 7200 RPM SATA 6 Gb/s",{"$f":"IF(ISERROR(VLOOKUP(AO70,'Intel NUC'!$D$166:$N$5002,11,FALSE)),\"\",(VLOOKUP(AO70,'Intel NUC'!$D$166:$N$5002,11,FALSE)))","v":62.352941176470587},null,null,null,"Select from the options below:",null,null,null,null,null,null,null,null,null,null,null,"you need. Or, you can choose the one below."]
[null,null,null,null,null,null,null,null,null,null,null,null,null,null,null,null,null,null,null,null,null,null,null,null,null,null,null,"BOXD54250WYKH1mem",null,null,null,{"$f":"IF(ISERROR(VLOOKUP(AC71,'Intel NUC'!$D$166:$N$5002,11,FALSE)),\"\",(VLOOKUP(AC71,'Intel NUC'!$D$166:$N$5002,11,FALSE)))","v":""},null,null,null,null,null,null,null,"WD Scorpio Blue 1 TB HDD - 2.5\" 5400 RPM 16M","WD10SPCX",3617372,"WD Scorpio Blue 1 TB HDD - 2.5\" 5400 RPM 16M SATA 6 Gb/s",{"$f":"IF(ISERROR(VLOOKUP(AO71,'Intel NUC'!$D$166:$N$5002,11,FALSE)),\"\",(VLOOKUP(AO71,'Intel NUC'!$D$166:$N$5002,11,FALSE)))","v":90.526315789473685}]
[null,null,null,null,null,null,null,null,null,null,null,null,null,null,null,null,null,null,null,null,null,null,null,null,null,null,null,"This NUC supports up to 16 GB of",null,null,null,null,null,null,null,null,null,null,null,"WD Scorpio Blue 750 GB HDD - 2.5\" 5400 RPM 16M","WD7500LPCX",3617459,"WD Scorpio Blue 750 GB HDD - 2.5\" 5400 RPM 16M SATA 6 Gb/s",{"$f":"IF(ISERROR(VLOOKUP(AO72,'Intel NUC'!$D$166:$N$5002,11,FALSE)),\"\",(VLOOKUP(AO72,'Intel NUC'!$D$166:$N$5002,11,FALSE)))","v":74.736842105263165},null,null,null,"Intel Dual Band Wireless-N 7260","7260.HMWBNWB ",3596396,"Intel Dual Band Wireless-N 7260 - supports 802.11a/b/g/n, 2x2, Bluetooth 4.0, Half-Mini PCIe card",{"$f":"IF(ISERROR(VLOOKUP(AW72,'Intel NUC'!$D$166:$N$5002,11,FALSE)),\"\",(VLOOKUP(AW72,'Intel NUC'!$D$166:$N$5002,11,FALSE)))","v":12.941176470588236},null,null,null,null,null,null,null,"6 Foot Power Cord for NUC","CTG-27400   ",1612558,"Power cord - 6 feet (not required with 4th Gen NUC SKUs)",4]
[null,null,null,null,null,null,null,null,null,null,null,null,null,null,null,null,null,null,null,null,null,null,"BOXDC53427HYEmemqty",null,null,null,null,"DDR3 Memory.",null,null,null,null,null,null,null,null,null,null,null,"WD Caviar BLE 1 TB HDD - 2.5\" 5400 RPM 8M","WD10JPVX",3533996,"WD Caviar BLE 1 TB HDD - 2.5\" 5400 RPM 8M SATA 6 Gb/s",{"$f":"IF(ISERROR(VLOOKUP(AO73,'Intel NUC'!$D$166:$N$5002,11,FALSE)),\"\",(VLOOKUP(AO73,'Intel NUC'!$D$166:$N$5002,11,FALSE)))","v":66.31578947368422},null,null,null,"Intel Dual Band Wireless-AC 7260","7260.HMWWB ",3596406,"Intel Dual Band Wireless-AC 7260 802.11ac, 2x2, Bluetooth 4.0, Half-Mini PCIe card - Also supports 802.11a/b/g/n",{"$f":"IF(ISERROR(VLOOKUP(AW73,'Intel NUC'!$D$166:$N$5002,11,FALSE)),\"\",(VLOOKUP(AW73,'Intel NUC'!$D$166:$N$5002,11,FALSE)))","v":25.882352941176471}]
[null,null,null,null,null,null,null,null,null,null,null,null,null,null,null,null,null,null,null,null,null,null,0,null,null,null,null,null,null,null,null,null,null,null,null,null,null,null,null,"WD Caviar BLE 750 GB HDD - 2.5\" 5400 RPM 8M","WD7500BPVX",3533997,"WD Caviar BLE 750 GB HDD - 2.5\" 5400 RPM 8M SATA 6 Gb/s",{"$f":"IF(ISERROR(VLOOKUP(AO74,'Intel NUC'!$D$166:$N$5002,11,FALSE)),\"\",(VLOOKUP(AO74,'Intel NUC'!$D$166:$N$5002,11,FALSE)))","v":50.526315789473685},null,null,null,"Intel Centrino Wi-Fi Advanced-N 6235","6235AN.HMWWB",3196815,"Intel Centrino Wi-Fi Advanced-N 6235 Dual Band, Supports 802.11a/b/g/n. 2x2, Bluetooth 4.0, Half-Mini PCIe card.",{"$f":"IF(ISERROR(VLOOKUP(AW74,'Intel NUC'!$D$166:$N$5002,11,FALSE)),\"\",(VLOOKUP(AW74,'Intel NUC'!$D$166:$N$5002,11,FALSE)))","v":22.352941176470591}]
[null,null,null,null,null,null,null,null,null,null,null,null,null,null,null,null,null,null,null,null,null,null,1,null,null,null,null,"Kingston 8GB 1600MHZ DDR3L","KVR16LS11/8 ",3554866,"Kingston 8GB 1600MHZ DDR3L NON-ECC CL11 SODIMM 1.35 V",{"$f":"IF(ISERROR(VLOOKUP(AC75,'Intel NUC'!$D$166:$N$5002,11,FALSE)),\"\",(VLOOKUP(AC75,'Intel NUC'!$D$166:$N$5002,11,FALSE)))","v":72.631578947368425},null,null,null,null,null,null,null,"WD Caviar BLE 500 GB HDD - 2.5\" 5400 RPM 8M","WD5000LPVX",3533998,"WD Caviar BLE 500 GB HDD - 2.5\" 5400 RPM 8M SATA 6 Gb/s",{"$f":"IF(ISERROR(VLOOKUP(AO75,'Intel NUC'!$D$166:$N$5002,11,FALSE)),\"\",(VLOOKUP(AO75,'Intel NUC'!$D$166:$N$5002,11,FALSE)))","v":46.315789473684212}]
[null,null,null,null,null,null,null,null,null,null,null,null,null,null,null,null,null,null,null,null,null,null,2,null,null,null,null,"Kingston 4GB 1600MHZ DDR3L ","KVR16LS11/4 ",3554865,"Kingston 4GB 1600MHZ DDR3L NON-ECC CL11 SODIMM 1.35 V",{"$f":"IF(ISERROR(VLOOKUP(AC76,'Intel NUC'!$D$166:$N$5002,11,FALSE)),\"\",(VLOOKUP(AC76,'Intel NUC'!$D$166:$N$5002,11,FALSE)))","v":37.894736842105267},null,null,null,null,null,null,null,"Seagate 1 TB HDD - 2.5\" 5400 RPM 64M","ST1000LM014",3472902,"Seagate 1 TB HDD - 2.5\" 5400 RPM 64M SATA 6 Gb/s",{"$f":"IF(ISERROR(VLOOKUP(AO76,'Intel NUC'!$D$166:$N$5002,11,FALSE)),\"\",(VLOOKUP(AO76,'Intel NUC'!$D$166:$N$5002,11,FALSE)))","v":98.94736842105263}]
[null,null,null,null,null,null,null,null,null,null,null,null,null,null,null,null,null,null,null,null,null,null,null,null,null,null,null,"Kingston 2GB 1600MHZ DDR3L ","KVR16LS11S6/2  ","3751758","Kingston 2GB 1600MHZ DDR3L NON-ECC CL11 SODIMM 1.35 V",{"$f":"IF(ISERROR(VLOOKUP(AC77,'Intel NUC'!$D$166:$N$5002,11,FALSE)),\"\",(VLOOKUP(AC77,'Intel NUC'!$D$166:$N$5002,11,FALSE)))","v":21.05263157894737},null,null,null,null,null,null,null,"Seagate 500 GB HDD - 2.5\" 5400 RPM 64M","ST500LM000",3472901,"Seagate 500 GB HDD - 2.5\" 5400 RPM 64M SATA 6 Gb/s",{"$f":"IF(ISERROR(VLOOKUP(AO77,'Intel NUC'!$D$166:$N$5002,11,FALSE)),\"\",(VLOOKUP(AO77,'Intel NUC'!$D$166:$N$5002,11,FALSE)))","v":70.526315789473685},null,null,null,"BOXDC3217BYwifi"]
[null,null,null,null,null,null,null,null,null,null,null,null,null,null,null,null,null,null,null,null,null,null,null,null,null,null,null,"Crucial 8 GB DDR3 PC3-12800 ","CT102464BF160B",3315030,"Crucial 8 GB DDR3 PC3-12800 • CL=11 Unbuffered NON-ECC DDR3-1600 1.35V",{"$f":"IF(ISERROR(VLOOKUP(AC78,'Intel NUC'!$D$166:$N$5002,11,FALSE)),\"\",(VLOOKUP(AC78,'Intel NUC'!$D$166:$N$5002,11,FALSE)))","v":72.631578947368425},null,null,null,null,null,null,null,"Seagate 500 GB HDD - 2.5\" 5400 RPM 16M","ST500LT012",3199618,"Seagate 500 GB HDD - 2.5\" 5400 RPM 16M SATA 6 Gb/s",{"$f":"IF(ISERROR(VLOOKUP(AO78,'Intel NUC'!$D$166:$N$5002,11,FALSE)),\"\",(VLOOKUP(AO78,'Intel NUC'!$D$166:$N$5002,11,FALSE)))","v":48.421052631578952}]
[null,null,null,null,null,null,null,null,null,null,null,null,null,null,null,null,null,null,null,null,null,null,null,null,null,null,null,"Crucial 4 GB DDR3 PC3-10600 ","CT51264BF1339J",3372534,"Crucial 4 GB DDR3 PC3-10600 • CL=9  Unbuffered NON-ECC DDR3-1333 1.35V",{"$f":"IF(ISERROR(VLOOKUP(AC79,'Intel NUC'!$D$166:$N$5002,11,FALSE)),\"\",(VLOOKUP(AC79,'Intel NUC'!$D$166:$N$5002,11,FALSE)))","v":40},null,null,null,null,null,null,null,"Samsung 1 TB HDD - 2.5\" 5400 RPM 8M","STH-HN-M101MBB",3296031,"Samsung 1 TB HDD - 2.5\" 5400 RPM 8M SATA 6 Gb/s",{"$f":"IF(ISERROR(VLOOKUP(AO79,'Intel NUC'!$D$166:$N$5002,11,FALSE)),\"\",(VLOOKUP(AO79,'Intel NUC'!$D$166:$N$5002,11,FALSE)))","v":67.368421052631575},null,null,null,"This system has a Half-Mini PCIe"]
[null,null,null,null,null,null,null,null,null,null,null,null,null,null,null,null,null,null,null,null,null,null,null,null,null,null,null,"Crucial 4 GB DDR3 PC3-12800 ","CT51264BF160BJ",3751673,"Crucial 4 GB DDR3 PC3-12800 • CL=11 Unbuffered NON-ECC DDR3-1600 1.35V",{"$f":"IF(ISERROR(VLOOKUP(AC80,'Intel NUC'!$D$166:$N$5002,11,FALSE)),\"\",(VLOOKUP(AC80,'Intel NUC'!$D$166:$N$5002,11,FALSE)))","v":41.05263157894737},null,null,null,null,null,null,null,"Samsung 500 GB HDD - 2.5\" 5400 RPM 8M SATA 6 Gb/s","STH-HN-M500MBB",3206068,"Samsung 500 GB HDD - 2.5\" 5400 RPM 8M SATA 6 Gb/s",{"$f":"IF(ISERROR(VLOOKUP(AO80,'Intel NUC'!$D$166:$N$5002,11,FALSE)),\"\",(VLOOKUP(AO80,'Intel NUC'!$D$166:$N$5002,11,FALSE)))","v":45.263157894736842},null,null,null,"slot to support a wireless NIC."]
[null,null,null,null,null,null,null,null,null,null,null,null,null,null,null,null,null,null,null,null,null,null,null,null,null,null,null,"Crucial 2 GB DDR3 PC3-12800 ","CT25664BF160B",3730315,"Crucial 2 GB DDR3 PC3-12800 • CL=11 Unbuffered NON-ECC DDR3-1600 1.35V ",{"$f":"IF(ISERROR(VLOOKUP(AC81,'Intel NUC'!$D$166:$N$5002,11,FALSE)),\"\",(VLOOKUP(AC81,'Intel NUC'!$D$166:$N$5002,11,FALSE)))","v":21.05263157894737},null,null,null,null,null,null,null,null,null,null,null,null,null,null,null,"Select from the options below:"]
[null,null,null,null,null,null,null,null,null,null,null,null,null,null,null,null,null,null,null,null,null,null,null,null,null,null,null,"Crucial 1 GB DDR3 PC3-10600","CT12864BF1339",3616159,"Crucial 1 GB DDR3 PC3-10600 • CL=9 Unbuffered NON-ECC DDR3-1333 1.35V",{"$f":"IF(ISERROR(VLOOKUP(AC82,'Intel NUC'!$D$166:$N$5002,11,FALSE)),\"\",(VLOOKUP(AC82,'Intel NUC'!$D$166:$N$5002,11,FALSE)))","v":16.842105263157894}]
[null,null,null,null,null,null,null,null,null,null,null,null,null,null,null,null,null,null,null,null,null,null,null,null,null,null,null,null,null,null,null,null,null,null,null,null,null,null,null,"BOXD54250WYK125sat",null,null,null,null,null,null,null,"Intel Dual Band Wireless-N 7260","7260.HMWBNWB ",3596396,"Intel Dual Band Wireless-N 7260 - supports 802.11a/b/g/n, 2x2, Bluetooth 4.0, Half-Mini PCIe card",{"$f":"IF(ISERROR(VLOOKUP(AW83,'Intel NUC'!$D$166:$N$5002,11,FALSE)),\"\",(VLOOKUP(AW83,'Intel NUC'!$D$166:$N$5002,11,FALSE)))","v":12.941176470588236}]
[null,null,null,null,null,null,null,null,null,null,null,null,null,null,null,null,null,null,null,null,null,null,null,null,null,null,null,null,null,null,null,{"$f":"IF(ISERROR(VLOOKUP(AC84,'Intel NUC'!$D$166:$N$5002,11,FALSE)),\"\",(VLOOKUP(AC84,'Intel NUC'!$D$166:$N$5002,11,FALSE)))","v":""},null,null,null,null,null,null,null,null,null,null,null,null,null,null,null,"Intel Dual Band Wireless-AC 7260","7260.HMWWB ",3596406,"Intel Dual Band Wireless-AC 7260 802.11ac, 2x2, Bluetooth 4.0, Half-Mini PCIe card - Also supports 802.11a/b/g/n",{"$f":"IF(ISERROR(VLOOKUP(AW84,'Intel NUC'!$D$166:$N$5002,11,FALSE)),\"\",(VLOOKUP(AW84,'Intel NUC'!$D$166:$N$5002,11,FALSE)))","v":25.882352941176471}]
[null,null,null,null,null,null,null,null,null,null,null,null,null,null,null,null,null,null,null,null,null,null,null,null,null,null,null,"BOXDCCP847DYEmem",null,null,null,{"$f":"IF(ISERROR(VLOOKUP(AC85,'Intel NUC'!$D$166:$N$5002,11,FALSE)),\"\",(VLOOKUP(AC85,'Intel NUC'!$D$166:$N$5002,11,FALSE)))","v":""},null,null,null,null,null,null,null,"This system does NOT support",null,null,null,null,null,null,null,"Intel Centrino Wi-Fi Advanced-N 6235","6235AN.HMWWB",3196815,"Intel Centrino Wi-Fi Advanced-N 6235 Dual Band, Supports 802.11a/b/g/n. 2x2, Bluetooth 4.0, Half-Mini PCIe card.",{"$f":"IF(ISERROR(VLOOKUP(AW85,'Intel NUC'!$D$166:$N$5002,11,FALSE)),\"\",(VLOOKUP(AW85,'Intel NUC'!$D$166:$N$5002,11,FALSE)))","v":22.352941176470591}]
[null,null,null,null,null,null,null,null,null,null,null,null,null,null,null,null,null,null,null,null,null,null,null,null,null,null,null,"This NUC supports up to 16 GB of",null,null,null,null,null,null,null,null,null,null,null,"an additional 2.5\" drive"]
[null,null,null,null,null,null,null,null,null,null,null,null,null,null,null,null,null,null,null,null,null,null,null,null,null,null,null,"DDR3 Memory."]
[null,null,null,null,null,null,null,null,null,null,null,null,null,null,null,null,null,null,null,null,null,null,null,null,null,null,null,null,null,null,null,null,null,null,null,null,null,null,null,null,null,null,null,null,null,null,null,"BOXDC3217IYEwifi"]
[null,null,null,null,null,null,null,null,null,null,null,null,null,null,null,null,null,null,null,null,null,null,null,null,null,null,null,"Kingston 8GB 1600MHZ DDR3L","KVR16LS11/8 ",3554866,"Kingston 8GB 1600MHZ DDR3L NON-ECC CL11 SODIMM 1.35 V",{"$f":"IF(ISERROR(VLOOKUP(AC89,'Intel NUC'!$D$166:$N$5002,11,FALSE)),\"\",(VLOOKUP(AC89,'Intel NUC'!$D$166:$N$5002,11,FALSE)))","v":72.631578947368425},null,null,null,null,null,null,null,"BOXD54250WYKH125sat"]
[null,null,null,null,null,null,null,null,null,null,null,null,null,null,null,null,null,null,null,null,null,null,null,null,null,null,null,"Kingston 4GB 1600MHZ DDR3L ","KVR16LS11/4 ",3554865,"Kingston 4GB 1600MHZ DDR3L NON-ECC CL11 SODIMM 1.35 V",{"$f":"IF(ISERROR(VLOOKUP(AC90,'Intel NUC'!$D$166:$N$5002,11,FALSE)),\"\",(VLOOKUP(AC90,'Intel NUC'!$D$166:$N$5002,11,FALSE)))","v":37.894736842105267},null,null,null,null,null,null,null,null,null,null,null,null,null,null,null,"This system has a Half-Mini PCIe"]
[null,null,null,null,null,null,null,null,null,null,null,null,null,null,null,null,null,null,null,null,null,null,null,null,null,null,null,"Kingston 2GB 1600MHZ DDR3L ","KVR16LS11S6/2  ","3751758","Kingston 2GB 1600MHZ DDR3L NON-ECC CL11 SODIMM 1.35 V",{"$f":"IF(ISERROR(VLOOKUP(AC91,'Intel NUC'!$D$166:$N$5002,11,FALSE)),\"\",(VLOOKUP(AC91,'Intel NUC'!$D$166:$N$5002,11,FALSE)))","v":21.05263157894737},null,null,null,null,null,null,null,"This system supports one (1) ",null,null,null,null,null,null,null,"slot to support a wireless NIC."]
[null,null,null,null,null,null,null,null,null,null,null,null,null,null,null,null,null,null,null,null,null,null,null,null,null,null,null,"Crucial 8 GB DDR3 PC3-12800 ","CT102464BF160B",3315030,"Crucial 8 GB DDR3 PC3-12800 • CL=11 Unbuffered NON-ECC DDR3-1600 1.35V",{"$f":"IF(ISERROR(VLOOKUP(AC92,'Intel NUC'!$D$166:$N$5002,11,FALSE)),\"\",(VLOOKUP(AC92,'Intel NUC'!$D$166:$N$5002,11,FALSE)))","v":72.631578947368425},null,null,null,null,null,null,null,"additional 2.5\" drive. Please select",null,null,null,null,null,null,null,"Select from the options below:"]
[null,null,null,null,null,null,null,null,null,null,null,null,null,null,null,null,null,null,null,null,null,null,null,null,null,null,null,"Crucial 4 GB DDR3 PC3-10600 ","CT51264BF1339J",3372534,"Crucial 4 GB DDR3 PC3-10600 • CL=9  Unbuffered NON-ECC DDR3-1333 1.35V",{"$f":"IF(ISERROR(VLOOKUP(AC93,'Intel NUC'!$D$166:$N$5002,11,FALSE)),\"\",(VLOOKUP(AC93,'Intel NUC'!$D$166:$N$5002,11,FALSE)))","v":40},null,null,null,null,null,null,null,"from the list below"]
[null,null,null,null,null,null,null,null,null,null,null,null,null,null,null,null,null,null,null,null,null,null,null,null,null,null,null,"Crucial 4 GB DDR3 PC3-12800 ","CT51264BF160BJ",3751673,"Crucial 4 GB DDR3 PC3-12800 • CL=11 Unbuffered NON-ECC DDR3-1600 1.35V",{"$f":"IF(ISERROR(VLOOKUP(AC94,'Intel NUC'!$D$166:$N$5002,11,FALSE)),\"\",(VLOOKUP(AC94,'Intel NUC'!$D$166:$N$5002,11,FALSE)))","v":41.05263157894737},null,null,null,null,null,null,null,null,null,null,null,null,null,null,null,"Intel Dual Band Wireless-N 7260","7260.HMWBNWB ",3596396,"Intel Dual Band Wireless-N 7260 - supports 802.11a/b/g/n, 2x2, Bluetooth 4.0, Half-Mini PCIe card",{"$f":"IF(ISERROR(VLOOKUP(AW94,'Intel NUC'!$D$166:$N$5002,11,FALSE)),\"\",(VLOOKUP(AW94,'Intel NUC'!$D$166:$N$5002,11,FALSE)))","v":12.941176470588236}]
[null,null,null,null,null,null,null,null,null,null,null,null,null,null,null,null,null,null,null,null,null,null,null,null,null,null,null,"Crucial 2 GB DDR3 PC3-12800 ","CT25664BF160B",3730315,"Crucial 2 GB DDR3 PC3-12800 • CL=11 Unbuffered NON-ECC DDR3-1600 1.35V ",{"$f":"IF(ISERROR(VLOOKUP(AC95,'Intel NUC'!$D$166:$N$5002,11,FALSE)),\"\",(VLOOKUP(AC95,'Intel NUC'!$D$166:$N$5002,11,FALSE)))","v":21.05263157894737},null,null,null,null,null,null,null,"*** Select from this list for 2.5\" SSD ***",null,null,null,null,null,null,null,"Intel Dual Band Wireless-AC 7260","7260.HMWWB ",3596406,"Intel Dual Band Wireless-AC 7260 802.11ac, 2x2, Bluetooth 4.0, Half-Mini PCIe card - Also supports 802.11a/b/g/n",{"$f":"IF(ISERROR(VLOOKUP(AW95,'Intel NUC'!$D$166:$N$5002,11,FALSE)),\"\",(VLOOKUP(AW95,'Intel NUC'!$D$166:$N$5002,11,FALSE)))","v":25.882352941176471}]
[null,null,null,null,null,null,null,null,null,null,null,null,null,null,null,null,null,null,null,null,null,null,null,null,null,null,null,"Crucial 1 GB DDR3 PC3-10600","CT12864BF1339",3616159,"Crucial 1 GB DDR3 PC3-10600 • CL=9 Unbuffered NON-ECC DDR3-1333 1.35V",{"$f":"IF(ISERROR(VLOOKUP(AC96,'Intel NUC'!$D$166:$N$5002,11,FALSE)),\"\",(VLOOKUP(AC96,'Intel NUC'!$D$166:$N$5002,11,FALSE)))","v":16.842105263157894},null,null,null,null,null,null,null,null,null,null,null,null,null,null,null,"Intel Centrino Wi-Fi Advanced-N 6235","6235AN.HMWWB",3196815,"Intel Centrino Wi-Fi Advanced-N 6235 Dual Band, Supports 802.11a/b/g/n. 2x2, Bluetooth 4.0, Half-Mini PCIe card.",{"$f":"IF(ISERROR(VLOOKUP(AW96,'Intel NUC'!$D$166:$N$5002,11,FALSE)),\"\",(VLOOKUP(AW96,'Intel NUC'!$D$166:$N$5002,11,FALSE)))","v":22.352941176470591}]
[null,null,null,null,null,null,null,null,null,null,null,null,null,null,null,null,null,null,null,null,null,null,null,null,null,null,null,null,null,null,null,null,null,null,null,null,null,null,null,"Intel 530 Series 80 GB 2.5\" SSD","SSDSC2BW080A401",3725578,"Intel 530 Series 80 GB 2.5\" SSD - SATA 6 Gb/s",{"$f":"IF(ISERROR(VLOOKUP(AO97,'Intel NUC'!$D$166:$N$5002,11,FALSE)),\"\",(VLOOKUP(AO97,'Intel NUC'!$D$166:$N$5002,11,FALSE)))","v":88.235294117647058}]
[null,null,null,null,null,null,null,null,null,null,null,null,null,null,null,null,null,null,null,null,null,null,null,null,null,null,null,null,null,null,null,{"$f":"IF(ISERROR(VLOOKUP(AC98,'Intel NUC'!$D$166:$N$5002,11,FALSE)),\"\",(VLOOKUP(AC98,'Intel NUC'!$D$166:$N$5002,11,FALSE)))","v":""},null,null,null,null,null,null,null,"Intel 530 Series 120 GB 2.5\" SSD","SSDSC2BW120A401",3707377,"Intel 530 Series 120 GB 2.5\" SSD - SATA 6 Gb/s",{"$f":"IF(ISERROR(VLOOKUP(AO98,'Intel NUC'!$D$166:$N$5002,11,FALSE)),\"\",(VLOOKUP(AO98,'Intel NUC'!$D$166:$N$5002,11,FALSE)))","v":100}]
[null,null,null,null,null,null,null,null,null,null,null,null,null,null,null,null,null,null,null,null,null,null,null,null,null,null,null,"BOXDC3217BYmem",null,null,null,{"$f":"IF(ISERROR(VLOOKUP(AC99,'Intel NUC'!$D$166:$N$5002,11,FALSE)),\"\",(VLOOKUP(AC99,'Intel NUC'!$D$166:$N$5002,11,FALSE)))","v":""},null,null,null,null,null,null,null,"Intel 530 Series 180 GB 2.5\" SSD ","SSDSC2BW180A401",3598834,"Intel 530 Series 180 GB 2.5\" SSD - SATA 6 Gb/s",{"$f":"IF(ISERROR(VLOOKUP(AO99,'Intel NUC'!$D$166:$N$5002,11,FALSE)),\"\",(VLOOKUP(AO99,'Intel NUC'!$D$166:$N$5002,11,FALSE)))","v":141.1764705882353},null,null,null,"BOXDC53427HYEwifi"]
[null,null,null,null,null,null,null,null,null,null,null,null,null,null,null,null,null,null,null,null,null,null,null,null,null,null,null,"This NUC supports up to 16 GB of",null,null,null,null,null,null,null,null,null,null,null,"Intel 530 Series 240 GB 2.5\" SSD ","SSDSC2BW240A401",3598837,"Intel 530 Series 240 GB 2.5\" SSD - SATA 6 Gb/s",{"$f":"IF(ISERROR(VLOOKUP(AO100,'Intel NUC'!$D$166:$N$5002,11,FALSE)),\"\",(VLOOKUP(AO100,'Intel NUC'!$D$166:$N$5002,11,FALSE)))","v":176.47058823529412}]
[null,null,null,null,null,null,null,null,null,null,null,null,null,null,null,null,null,null,null,null,null,null,null,null,null,null,null,"DDR3 Memory.",null,null,null,null,null,null,null,null,null,null,null,"Intel 530 Series 480 GB 2.5\" SSD","SSDSC2BW480A401",3724582,"Intel 530 Series 480 GB 2.5\" SSD - SATA 6 Gb/s",{"$f":"IF(ISERROR(VLOOKUP(AO101,'Intel NUC'!$D$166:$N$5002,11,FALSE)),\"\",(VLOOKUP(AO101,'Intel NUC'!$D$166:$N$5002,11,FALSE)))","v":347.05882352941177},null,null,null,"This system has a Half-Mini PCIe"]
[null,null,null,null,null,null,null,null,null,null,null,null,null,null,null,null,null,null,null,null,null,null,null,null,null,null,null,null,null,null,null,null,null,null,null,null,null,null,null,null,null,null,null,null,null,null,null,"slot to support a wireless NIC."]
[null,null,null,null,null,null,null,null,null,null,null,null,null,null,null,null,null,null,null,null,null,null,null,null,null,null,null,"Kingston 8GB 1600MHZ DDR3L","KVR16LS11/8 ",3554866,"Kingston 8GB 1600MHZ DDR3L NON-ECC CL11 SODIMM 1.35 V",{"$f":"IF(ISERROR(VLOOKUP(AC103,'Intel NUC'!$D$166:$N$5002,11,FALSE)),\"\",(VLOOKUP(AC103,'Intel NUC'!$D$166:$N$5002,11,FALSE)))","v":72.631578947368425},null,null,null,null,null,null,null,null,null,null,null,null,null,null,null,"Select from the options below:"]
[null,null,null,null,null,null,null,null,null,null,null,null,null,null,null,null,null,null,null,null,null,null,null,null,null,null,null,"Kingston 4GB 1600MHZ DDR3L ","KVR16LS11/4 ",3554865,"Kingston 4GB 1600MHZ DDR3L NON-ECC CL11 SODIMM 1.35 V",{"$f":"IF(ISERROR(VLOOKUP(AC104,'Intel NUC'!$D$166:$N$5002,11,FALSE)),\"\",(VLOOKUP(AC104,'Intel NUC'!$D$166:$N$5002,11,FALSE)))","v":37.894736842105267},null,null,null,null,null,null,null,"*** Select from this list for 2.5\" Hard Drive\""]
[null,null,null,null,null,null,null,null,null,null,null,null,null,null,null,null,null,null,null,null,null,null,null,null,null,null,null,"Kingston 2GB 1600MHZ DDR3L ","KVR16LS11S6/2  ","3751758","Kingston 2GB 1600MHZ DDR3L NON-ECC CL11 SODIMM 1.35 V",{"$f":"IF(ISERROR(VLOOKUP(AC105,'Intel NUC'!$D$166:$N$5002,11,FALSE)),\"\",(VLOOKUP(AC105,'Intel NUC'!$D$166:$N$5002,11,FALSE)))","v":21.05263157894737},null,null,null,null,null,null,null,null,null,null,null,null,null,null,null,"Intel Dual Band Wireless-N 7260","7260.HMWBNWB ",3596396,"Intel Dual Band Wireless-N 7260 - supports 802.11a/b/g/n, 2x2, Bluetooth 4.0, Half-Mini PCIe card",{"$f":"IF(ISERROR(VLOOKUP(AW105,'Intel NUC'!$D$166:$N$5002,11,FALSE)),\"\",(VLOOKUP(AW105,'Intel NUC'!$D$166:$N$5002,11,FALSE)))","v":12.941176470588236}]
[null,null,null,null,null,null,null,null,null,null,null,null,null,null,null,null,null,null,null,null,null,null,null,null,null,null,null,"Crucial 8 GB DDR3 PC3-12800 ","CT102464BF160B",3315030,"Crucial 8 GB DDR3 PC3-12800 • CL=11 Unbuffered NON-ECC DDR3-1600 1.35V",{"$f":"IF(ISERROR(VLOOKUP(AC106,'Intel NUC'!$D$166:$N$5002,11,FALSE)),\"\",(VLOOKUP(AC106,'Intel NUC'!$D$166:$N$5002,11,FALSE)))","v":72.631578947368425},null,null,null,null,null,null,null,"WD Black 120 GB SSD+1TB HDD 2.5\" SATA","WD1001X06XDTL",3714390,"WD Black 120 GB SSD+1TB HDD 2.5\" SATA kit Black",{"$f":"IF(ISERROR(VLOOKUP(AO106,'Intel NUC'!$D$166:$N$5002,11,FALSE)),\"\",(VLOOKUP(AO106,'Intel NUC'!$D$166:$N$5002,11,FALSE)))","v":241.1764705882353},null,null,null,"Intel Dual Band Wireless-AC 7260","7260.HMWWB ",3596406,"Intel Dual Band Wireless-AC 7260 802.11ac, 2x2, Bluetooth 4.0, Half-Mini PCIe card - Also supports 802.11a/b/g/n",{"$f":"IF(ISERROR(VLOOKUP(AW106,'Intel NUC'!$D$166:$N$5002,11,FALSE)),\"\",(VLOOKUP(AW106,'Intel NUC'!$D$166:$N$5002,11,FALSE)))","v":25.882352941176471}]
[null,null,null,null,null,null,null,null,null,null,null,null,null,null,null,null,null,null,null,null,null,null,null,null,null,null,null,"Crucial 4 GB DDR3 PC3-10600 ","CT51264BF1339J",3372534,"Crucial 4 GB DDR3 PC3-10600 • CL=9  Unbuffered NON-ECC DDR3-1333 1.35V",{"$f":"IF(ISERROR(VLOOKUP(AC107,'Intel NUC'!$D$166:$N$5002,11,FALSE)),\"\",(VLOOKUP(AC107,'Intel NUC'!$D$166:$N$5002,11,FALSE)))","v":40},null,null,null,null,null,null,null,"WD Black 750 GB HDD 2.5\" 7200 RPM","WD7500BPKX",3601908,"WD Black 750 GB HDD 2.5\" 7200 RPM SATA 6 Gb/s",{"$f":"IF(ISERROR(VLOOKUP(AO107,'Intel NUC'!$D$166:$N$5002,11,FALSE)),\"\",(VLOOKUP(AO107,'Intel NUC'!$D$166:$N$5002,11,FALSE)))","v":70.588235294117652},null,null,null,"Intel Centrino Wi-Fi Advanced-N 6235","6235AN.HMWWB",3196815,"Intel Centrino Wi-Fi Advanced-N 6235 Dual Band, Supports 802.11a/b/g/n. 2x2, Bluetooth 4.0, Half-Mini PCIe card.",{"$f":"IF(ISERROR(VLOOKUP(AW107,'Intel NUC'!$D$166:$N$5002,11,FALSE)),\"\",(VLOOKUP(AW107,'Intel NUC'!$D$166:$N$5002,11,FALSE)))","v":22.352941176470591}]
[null,null,null,null,null,null,null,null,null,null,null,null,null,null,null,null,null,null,null,null,null,null,null,null,null,null,null,"Crucial 4 GB DDR3 PC3-12800 ","CT51264BF160BJ",3751673,"Crucial 4 GB DDR3 PC3-12800 • CL=11 Unbuffered NON-ECC DDR3-1600 1.35V",{"$f":"IF(ISERROR(VLOOKUP(AC108,'Intel NUC'!$D$166:$N$5002,11,FALSE)),\"\",(VLOOKUP(AC108,'Intel NUC'!$D$166:$N$5002,11,FALSE)))","v":41.05263157894737},null,null,null,null,null,null,null,"WDBlack 500 GB HDD 2.5\" 7200 RPM","WD5000BPKX",3601909,"WDBlack 500 GB HDD 2.5\" 7200 RPM SATA 6 Gb/s",{"$f":"IF(ISERROR(VLOOKUP(AO108,'Intel NUC'!$D$166:$N$5002,11,FALSE)),\"\",(VLOOKUP(AO108,'Intel NUC'!$D$166:$N$5002,11,FALSE)))","v":62.352941176470587}]
[null,null,null,null,null,null,null,null,null,null,null,null,null,null,null,null,null,null,null,null,null,null,null,null,null,null,null,"Crucial 2 GB DDR3 PC3-12800 ","CT25664BF160B",3730315,"Crucial 2 GB DDR3 PC3-12800 • CL=11 Unbuffered NON-ECC DDR3-1600 1.35V ",{"$f":"IF(ISERROR(VLOOKUP(AC109,'Intel NUC'!$D$166:$N$5002,11,FALSE)),\"\",(VLOOKUP(AC109,'Intel NUC'!$D$166:$N$5002,11,FALSE)))","v":21.05263157894737},null,null,null,null,null,null,null,"WD Scorpio Blue 1 TB HDD - 2.5\" 5400 RPM 16M","WD10SPCX",3617372,"WD Scorpio Blue 1 TB HDD - 2.5\" 5400 RPM 16M SATA 6 Gb/s",{"$f":"IF(ISERROR(VLOOKUP(AO109,'Intel NUC'!$D$166:$N$5002,11,FALSE)),\"\",(VLOOKUP(AO109,'Intel NUC'!$D$166:$N$5002,11,FALSE)))","v":90.526315789473685}]
[null,null,null,null,null,null,null,null,null,null,null,null,null,null,null,null,null,null,null,null,null,null,null,null,null,null,null,"Crucial 1 GB DDR3 PC3-10600","CT12864BF1339",3616159,"Crucial 1 GB DDR3 PC3-10600 • CL=9 Unbuffered NON-ECC DDR3-1333 1.35V",{"$f":"IF(ISERROR(VLOOKUP(AC110,'Intel NUC'!$D$166:$N$5002,11,FALSE)),\"\",(VLOOKUP(AC110,'Intel NUC'!$D$166:$N$5002,11,FALSE)))","v":16.842105263157894},null,null,null,null,null,null,null,"WD Scorpio Blue 750 GB HDD - 2.5\" 5400 RPM 16M","WD7500LPCX",3617459,"WD Scorpio Blue 750 GB HDD - 2.5\" 5400 RPM 16M SATA 6 Gb/s",{"$f":"IF(ISERROR(VLOOKUP(AO110,'Intel NUC'!$D$166:$N$5002,11,FALSE)),\"\",(VLOOKUP(AO110,'Intel NUC'!$D$166:$N$5002,11,FALSE)))","v":74.736842105263165}]
[null,null,null,null,null,null,null,null,null,null,null,null,null,null,null,null,null,null,null,null,null,null,null,null,null,null,null,null,null,null,null,null,null,null,null,null,null,null,null,"WD Caviar BLE 1 TB HDD - 2.5\" 5400 RPM 8M","WD10JPVX",3533996,"WD Caviar BLE 1 TB HDD - 2.5\" 5400 RPM 8M SATA 6 Gb/s",{"$f":"IF(ISERROR(VLOOKUP(AO111,'Intel NUC'!$D$166:$N$5002,11,FALSE)),\"\",(VLOOKUP(AO111,'Intel NUC'!$D$166:$N$5002,11,FALSE)))","v":66.31578947368422}]
[null,null,null,null,null,null,null,null,null,null,null,null,null,null,null,null,null,null,null,null,null,null,null,null,null,null,null,null,null,null,null,{"$f":"IF(ISERROR(VLOOKUP(AC112,'Intel NUC'!$D$166:$N$5002,11,FALSE)),\"\",(VLOOKUP(AC112,'Intel NUC'!$D$166:$N$5002,11,FALSE)))","v":""},null,null,null,null,null,null,null,"WD Caviar BLE 750 GB HDD - 2.5\" 5400 RPM 8M","WD7500BPVX",3533997,"WD Caviar BLE 750 GB HDD - 2.5\" 5400 RPM 8M SATA 6 Gb/s",{"$f":"IF(ISERROR(VLOOKUP(AO112,'Intel NUC'!$D$166:$N$5002,11,FALSE)),\"\",(VLOOKUP(AO112,'Intel NUC'!$D$166:$N$5002,11,FALSE)))","v":50.526315789473685}]
[null,null,null,null,null,null,null,null,null,null,null,null,null,null,null,null,null,null,null,null,null,null,null,null,null,null,null,"BOXDC3217IYEmem",null,null,null,{"$f":"IF(ISERROR(VLOOKUP(AC113,'Intel NUC'!$D$166:$N$5002,11,FALSE)),\"\",(VLOOKUP(AC113,'Intel NUC'!$D$166:$N$5002,11,FALSE)))","v":""},null,null,null,null,null,null,null,"WD Caviar BLE 500 GB HDD - 2.5\" 5400 RPM 8M","WD5000LPVX",3533998,"WD Caviar BLE 500 GB HDD - 2.5\" 5400 RPM 8M SATA 6 Gb/s",{"$f":"IF(ISERROR(VLOOKUP(AO113,'Intel NUC'!$D$166:$N$5002,11,FALSE)),\"\",(VLOOKUP(AO113,'Intel NUC'!$D$166:$N$5002,11,FALSE)))","v":46.315789473684212}]
[null,null,null,null,null,null,null,null,null,null,null,null,null,null,null,null,null,null,null,null,null,null,null,null,null,null,null,"This NUC supports up to 16 GB of",null,null,null,null,null,null,null,null,null,null,null,"Seagate 1 TB HDD - 2.5\" 5400 RPM 64M","ST1000LM014",3472902,"Seagate 1 TB HDD - 2.5\" 5400 RPM 64M SATA 6 Gb/s",{"$f":"IF(ISERROR(VLOOKUP(AO114,'Intel NUC'!$D$166:$N$5002,11,FALSE)),\"\",(VLOOKUP(AO114,'Intel NUC'!$D$166:$N$5002,11,FALSE)))","v":98.94736842105263}]
[null,null,null,null,null,null,null,null,null,null,null,null,null,null,null,null,null,null,null,null,null,null,null,null,null,null,null,"DDR3 Memory.",null,null,null,null,null,null,null,null,null,null,null,"Seagate 500 GB HDD - 2.5\" 5400 RPM 64M","ST500LM000",3472901,"Seagate 500 GB HDD - 2.5\" 5400 RPM 64M SATA 6 Gb/s",{"$f":"IF(ISERROR(VLOOKUP(AO115,'Intel NUC'!$D$166:$N$5002,11,FALSE)),\"\",(VLOOKUP(AO115,'Intel NUC'!$D$166:$N$5002,11,FALSE)))","v":70.526315789473685}]
[null,null,null,null,null,null,null,null,null,null,null,null,null,null,null,null,null,null,null,null,null,null,null,null,null,null,null,null,null,null,null,null,null,null,null,null,null,null,null,"Seagate 500 GB HDD - 2.5\" 5400 RPM 16M","ST500LT012",3199618,"Seagate 500 GB HDD - 2.5\" 5400 RPM 16M SATA 6 Gb/s",{"$f":"IF(ISERROR(VLOOKUP(AO116,'Intel NUC'!$D$166:$N$5002,11,FALSE)),\"\",(VLOOKUP(AO116,'Intel NUC'!$D$166:$N$5002,11,FALSE)))","v":48.421052631578952}]
[null,null,null,null,null,null,null,null,null,null,null,null,null,null,null,null,null,null,null,null,null,null,null,null,null,null,null,"Kingston 8GB 1600MHZ DDR3L","KVR16LS11/8 ",3554866,"Kingston 8GB 1600MHZ DDR3L NON-ECC CL11 SODIMM 1.35 V",{"$f":"IF(ISERROR(VLOOKUP(AC117,'Intel NUC'!$D$166:$N$5002,11,FALSE)),\"\",(VLOOKUP(AC117,'Intel NUC'!$D$166:$N$5002,11,FALSE)))","v":72.631578947368425},null,null,null,null,null,null,null,"Samsung 1 TB HDD - 2.5\" 5400 RPM 8M","STH-HN-M101MBB",3296031,"Samsung 1 TB HDD - 2.5\" 5400 RPM 8M SATA 6 Gb/s",{"$f":"IF(ISERROR(VLOOKUP(AO117,'Intel NUC'!$D$166:$N$5002,11,FALSE)),\"\",(VLOOKUP(AO117,'Intel NUC'!$D$166:$N$5002,11,FALSE)))","v":67.368421052631575}]
[null,null,null,null,null,null,null,null,null,null,null,null,null,null,null,null,null,null,null,null,null,null,null,null,null,null,null,"Kingston 4GB 1600MHZ DDR3L ","KVR16LS11/4 ",3554865,"Kingston 4GB 1600MHZ DDR3L NON-ECC CL11 SODIMM 1.35 V",{"$f":"IF(ISERROR(VLOOKUP(AC118,'Intel NUC'!$D$166:$N$5002,11,FALSE)),\"\",(VLOOKUP(AC118,'Intel NUC'!$D$166:$N$5002,11,FALSE)))","v":37.894736842105267},null,null,null,null,null,null,null,"Samsung 500 GB HDD - 2.5\" 5400 RPM 8M SATA 6 Gb/s","STH-HN-M500MBB",3206068,"Samsung 500 GB HDD - 2.5\" 5400 RPM 8M SATA 6 Gb/s",{"$f":"IF(ISERROR(VLOOKUP(AO118,'Intel NUC'!$D$166:$N$5002,11,FALSE)),\"\",(VLOOKUP(AO118,'Intel NUC'!$D$166:$N$5002,11,FALSE)))","v":45.263157894736842}]
[null,null,null,null,null,null,null,null,null,null,null,null,null,null,null,null,null,null,null,null,null,null,null,null,null,null,null,"Kingston 2GB 1600MHZ DDR3L ","KVR16LS11S6/2  ","3751758","Kingston 2GB 1600MHZ DDR3L NON-ECC CL11 SODIMM 1.35 V",{"$f":"IF(ISERROR(VLOOKUP(AC119,'Intel NUC'!$D$166:$N$5002,11,FALSE)),\"\",(VLOOKUP(AC119,'Intel NUC'!$D$166:$N$5002,11,FALSE)))","v":21.05263157894737}]
[null,null,null,null,null,null,null,null,null,null,null,null,null,null,null,null,null,null,null,null,null,null,null,null,null,null,null,"Crucial 8 GB DDR3 PC3-12800 ","CT102464BF160B",3315030,"Crucial 8 GB DDR3 PC3-12800 • CL=11 Unbuffered NON-ECC DDR3-1600 1.35V",{"$f":"IF(ISERROR(VLOOKUP(AC120,'Intel NUC'!$D$166:$N$5002,11,FALSE)),\"\",(VLOOKUP(AC120,'Intel NUC'!$D$166:$N$5002,11,FALSE)))","v":72.631578947368425}]
[null,null,null,null,null,null,null,null,null,null,null,null,null,null,null,null,null,null,null,null,null,null,null,null,null,null,null,"Crucial 4 GB DDR3 PC3-10600 ","CT51264BF1339J",3372534,"Crucial 4 GB DDR3 PC3-10600 • CL=9  Unbuffered NON-ECC DDR3-1333 1.35V",{"$f":"IF(ISERROR(VLOOKUP(AC121,'Intel NUC'!$D$166:$N$5002,11,FALSE)),\"\",(VLOOKUP(AC121,'Intel NUC'!$D$166:$N$5002,11,FALSE)))","v":40},null,null,null,null,null,null,null,"BOXDCCP847DYE25sat"]
[null,null,null,null,null,null,null,null,null,null,null,null,null,null,null,null,null,null,null,null,null,null,null,null,null,null,null,"Crucial 4 GB DDR3 PC3-12800 ","CT51264BF160BJ",3751673,"Crucial 4 GB DDR3 PC3-12800 • CL=11 Unbuffered NON-ECC DDR3-1600 1.35V",{"$f":"IF(ISERROR(VLOOKUP(AC122,'Intel NUC'!$D$166:$N$5002,11,FALSE)),\"\",(VLOOKUP(AC122,'Intel NUC'!$D$166:$N$5002,11,FALSE)))","v":41.05263157894737}]
[null,null,null,null,null,null,null,null,null,null,null,null,null,null,null,null,null,null,null,null,null,null,null,null,null,null,null,"Crucial 2 GB DDR3 PC3-12800 ","CT25664BF160B",3730315,"Crucial 2 GB DDR3 PC3-12800 • CL=11 Unbuffered NON-ECC DDR3-1600 1.35V ",{"$f":"IF(ISERROR(VLOOKUP(AC123,'Intel NUC'!$D$166:$N$5002,11,FALSE)),\"\",(VLOOKUP(AC123,'Intel NUC'!$D$166:$N$5002,11,FALSE)))","v":21.05263157894737},null,null,null,null,null,null,null,"This system does NOT support"]
[null,null,null,null,null,null,null,null,null,null,null,null,null,null,null,null,null,null,null,null,null,null,null,null,null,null,null,"Crucial 1 GB DDR3 PC3-10600","CT12864BF1339",3616159,"Crucial 1 GB DDR3 PC3-10600 • CL=9 Unbuffered NON-ECC DDR3-1333 1.35V",{"$f":"IF(ISERROR(VLOOKUP(AC124,'Intel NUC'!$D$166:$N$5002,11,FALSE)),\"\",(VLOOKUP(AC124,'Intel NUC'!$D$166:$N$5002,11,FALSE)))","v":16.842105263157894},null,null,null,null,null,null,null,"an additional 2.5\" drive"]
[]
[null,null,null,null,null,null,null,null,null,null,null,null,null,null,null,null,null,null,null,null,null,null,null,null,null,null,null,null,null,null,null,{"$f":"IF(ISERROR(VLOOKUP(AC126,'Intel NUC'!$D$166:$N$5002,11,FALSE)),\"\",(VLOOKUP(AC126,'Intel NUC'!$D$166:$N$5002,11,FALSE)))","v":""}]
[null,null,null,null,null,null,null,null,null,null,null,null,null,null,null,null,null,null,null,null,null,null,null,null,null,null,null,"BOXDC53427HYEmem",null,null,null,{"$f":"IF(ISERROR(VLOOKUP(AC127,'Intel NUC'!$D$166:$N$5002,11,FALSE)),\"\",(VLOOKUP(AC127,'Intel NUC'!$D$166:$N$5002,11,FALSE)))","v":""},null,null,null,null,null,null,null,"BOXDC3217BY25sat"]
[null,null,null,null,null,null,null,null,null,null,null,null,null,null,null,null,null,null,null,null,null,null,null,null,null,null,null,"This NUC supports up to 16 GB of"]
[null,null,null,null,null,null,null,null,null,null,null,null,null,null,null,null,null,null,null,null,null,null,null,null,null,null,null,"DDR3 Memory.",null,null,null,null,null,null,null,null,null,null,null,"This system does NOT support"]
[null,null,null,null,null,null,null,null,null,null,null,null,null,null,null,null,null,null,null,null,null,null,null,null,null,null,null,null,null,null,null,null,null,null,null,null,null,null,null,"an additional 2.5\" drive"]
[null,null,null,null,null,null,null,null,null,null,null,null,null,null,null,null,null,null,null,null,null,null,null,null,null,null,null,"Kingston 8GB 1600MHZ DDR3L","KVR16LS11/8 ",3554866,"Kingston 8GB 1600MHZ DDR3L NON-ECC CL11 SODIMM 1.35 V",{"$f":"IF(ISERROR(VLOOKUP(AC131,'Intel NUC'!$D$166:$N$5002,11,FALSE)),\"\",(VLOOKUP(AC131,'Intel NUC'!$D$166:$N$5002,11,FALSE)))","v":72.631578947368425}]
[null,null,null,null,null,null,null,null,null,null,null,null,null,null,null,null,null,null,null,null,null,null,null,null,null,null,null,"Kingston 4GB 1600MHZ DDR3L ","KVR16LS11/4 ",3554865,"Kingston 4GB 1600MHZ DDR3L NON-ECC CL11 SODIMM 1.35 V",{"$f":"IF(ISERROR(VLOOKUP(AC132,'Intel NUC'!$D$166:$N$5002,11,FALSE)),\"\",(VLOOKUP(AC132,'Intel NUC'!$D$166:$N$5002,11,FALSE)))","v":37.894736842105267}]
[null,null,null,null,null,null,null,null,null,null,null,null,null,null,null,null,null,null,null,null,null,null,null,null,null,null,null,"Kingston 2GB 1600MHZ DDR3L ","KVR16LS11S6/2  ","3751758","Kingston 2GB 1600MHZ DDR3L NON-ECC CL11 SODIMM 1.35 V",{"$f":"IF(ISERROR(VLOOKUP(AC133,'Intel NUC'!$D$166:$N$5002,11,FALSE)),\"\",(VLOOKUP(AC133,'Intel NUC'!$D$166:$N$5002,11,FALSE)))","v":21.05263157894737},null,null,null,null,null,null,null,"BOXDC3217IYE25sat"]
[null,null,null,null,null,null,null,null,null,null,null,null,null,null,null,null,null,null,null,null,null,null,null,null,null,null,null,"Crucial 8 GB DDR3 PC3-12800 ","CT102464BF160B",3315030,"Crucial 8 GB DDR3 PC3-12800 • CL=11 Unbuffered NON-ECC DDR3-1600 1.35V",{"$f":"IF(ISERROR(VLOOKUP(AC134,'Intel NUC'!$D$166:$N$5002,11,FALSE)),\"\",(VLOOKUP(AC134,'Intel NUC'!$D$166:$N$5002,11,FALSE)))","v":72.631578947368425}]
[null,null,null,null,null,null,null,null,null,null,null,null,null,null,null,null,null,null,null,null,null,null,null,null,null,null,null,"Crucial 4 GB DDR3 PC3-10600 ","CT51264BF1339J",3372534,"Crucial 4 GB DDR3 PC3-10600 • CL=9  Unbuffered NON-ECC DDR3-1333 1.35V",{"$f":"IF(ISERROR(VLOOKUP(AC135,'Intel NUC'!$D$166:$N$5002,11,FALSE)),\"\",(VLOOKUP(AC135,'Intel NUC'!$D$166:$N$5002,11,FALSE)))","v":40},null,null,null,null,null,null,null,"This system does NOT support"]
[null,null,null,null,null,null,null,null,null,null,null,null,null,null,null,null,null,null,null,null,null,null,null,null,null,null,null,"Crucial 4 GB DDR3 PC3-12800 ","CT51264BF160BJ",3751673,"Crucial 4 GB DDR3 PC3-12800 • CL=11 Unbuffered NON-ECC DDR3-1600 1.35V",{"$f":"IF(ISERROR(VLOOKUP(AC136,'Intel NUC'!$D$166:$N$5002,11,FALSE)),\"\",(VLOOKUP(AC136,'Intel NUC'!$D$166:$N$5002,11,FALSE)))","v":41.05263157894737},null,null,null,null,null,null,null,"an additional 2.5\" drive"]
[null,null,null,null,null,null,null,null,null,null,null,null,null,null,null,null,null,null,null,null,null,null,null,null,null,null,null,"Crucial 2 GB DDR3 PC3-12800 ","CT25664BF160B",3730315,"Crucial 2 GB DDR3 PC3-12800 • CL=11 Unbuffered NON-ECC DDR3-1600 1.35V ",{"$f":"IF(ISERROR(VLOOKUP(AC137,'Intel NUC'!$D$166:$N$5002,11,FALSE)),\"\",(VLOOKUP(AC137,'Intel NUC'!$D$166:$N$5002,11,FALSE)))","v":21.05263157894737}]
[null,null,null,null,null,null,null,null,null,null,null,null,null,null,null,null,null,null,null,null,null,null,null,null,null,null,null,"Crucial 1 GB DDR3 PC3-10600","CT12864BF1339",3616159,"Crucial 1 GB DDR3 PC3-10600 • CL=9 Unbuffered NON-ECC DDR3-1333 1.35V",{"$f":"IF(ISERROR(VLOOKUP(AC138,'Intel NUC'!$D$166:$N$5002,11,FALSE)),\"\",(VLOOKUP(AC138,'Intel NUC'!$D$166:$N$5002,11,FALSE)))","v":16.842105263157894}]
[null,null,null,null,null,null,null,null,null,null,null,null,null,null,null,null,null,null,null,null,null,null,null,null,null,null,null,null,null,null,null,null,null,null,null,null,null,null,null,"BOXDC53427HYE25sat"]
[]
[null,null,null,null,null,null,null,null,null,null,null,null,null,null,null,null,null,null,null,null,null,null,null,null,null,null,null,null,null,null,null,null,null,null,null,null,null,null,null,"This system does NOT support"]
[null,null,null,null,null,null,null,null,null,null,null,null,null,null,null,null,null,null,null,null,null,null,null,null,null,null,null,null,null,null,null,null,null,null,null,null,null,null,null,"an additional 2.5\" drive"]

{"sheet":"True Scale","index":11,"n_rows":183,"n_cols":5,"rows_kept":183,"cut":false,"hidden":false,"merged":[]}
[]
[]
[]
[]
[]
[]
[]
[]
[]
[]
[]
[]
[null,"Intel Part #","Description",null,"Price"]
[null,"EXC1R9020ETH","Intel® DDR Fabric Director Switch 9020ETH Exchange Service Renewal 1 Year",null,990.52631578947376]
[null,"SEL1R9020ETH","Intel® DDR Fabric Director Switch 9020ETH Select Service Renewal 1 Year",null,2448.4210526315792]
[null,"EXC1R9020FC","Intel® DDR Fabric Director Switch 9020FC Exchange Service Renewal 1 Year",null,798.94736842105272]
[null,"SEL1R9020FC","Intel® DDR Fabric Director Switch 9020FC Select Service Renewal 1 Year",null,1974.7368421052633]
[null,"BAS1R9040","Intel® DDR Fabric Director Switch 9040 Basic Service, 1-year Renewal",null,610.52631578947376]
[null,"EXC1R9040","Intel® DDR Fabric Director Switch 9040 Exchange Service Renewal 1 Year",null,763.1578947368422]
[null,"SEL1R9040","Intel® DDR Fabric Director Switch 9040 Select Service Renewal 1 Year",null,1885.2631578947369]
[null,"BAS1R9080","Intel® DDR Fabric Director Switch 9080 Basic Service, 1-year Renewal",null,1080]
[null,"EXC1R9080","Intel® DDR Fabric Director Switch 9080 Exchange Service Renewal 1 Year",null,1350.5263157894738]
[null,"SEL1R9080","Intel® DDR Fabric Director Switch 9080 Select Service Renewal 1 Year",null,3337.8947368421054]
[null,"BAS1R9120","Intel® DDR Fabric Director Switch 9120 Basic Service, 1-year Renewal",null,1588.421052631579]
[null,"EXC1R9120","Intel® DDR Fabric Director Switch 9120 Exchange Service Renewal 1 Year",null,1985.2631578947369]
[null,"SEL1R9120","Intel® DDR Fabric Director Switch 9120 Select Service Renewal 1 Year",null,4905.2631578947367]
[null,"BAS1R9240","Intel® DDR Fabric Director Switch 9240 Basic Service, 1-year Renewal",null,3274.7368421052633]
[null,"EXC1R9240","Intel® DDR Fabric Director Switch 9240 Exchange Service Renewal 1 Year",null,4093.6842105263158]
[null,"SEL1R9240","Intel® DDR Fabric Director Switch 9240 Select Service Renewal 1 Year",null,10113.684210526317]
[null,"EXC1RFCLEAF","Intel® DDR Fabric Director Switch FCLEAF Exchange Service Renewal 1 Year",null,345.26315789473688]
[null,"SEL1RFCLEAF","Intel® DDR Fabric Director Switch FCLEAF Select Service Renewal 1 Year",null,852.63157894736844]
[null,"BAS1R9024CU","Intel® DDR Fabric Edge Switch 9024CU Basic Service, 1-year Renewal",null,170.5263157894737]
[null,"EXC1R9024CU","Intel® DDR Fabric Edge Switch 9024CU Exchange Service Renewal 1 Year",null,214.73684210526318]
[null,"SEL1R9024CU","Intel® DDR Fabric Edge Switch 9024CU Select Service Renewal 1 Year",null,530.52631578947376]
[null,"BAS1R9024FC","Intel® DDR Fabric Edge Switch 9024FC Basic Service, 1-year Renewal",null,110.52631578947368]
[null,"EXC1R9024FC","Intel® DDR Fabric Edge Switch 9024FC Exchange Service Renewal 1 Year",null,137.89473684210526]
[null,"SEL1R9024FC","Intel® DDR Fabric Edge Switch 9024FC Select Service Renewal 1 Year",null,341.0526315789474]
[null,"SMIFS1R7X241152","Intel® DDR Fabric Suite Software Supports Service for 1152 ports",null,3455.7894736842109]
[null,"SMIFS1R7X24144","Intel® DDR Fabric Suite Software Supports Service for 144 ports",null,431.5789473684211]
[null,"SMIFS1R7X242304","Intel® DDR Fabric Suite Software Supports Service for 2304 ports",null,6911.5789473684217]
[null,"SMIFS1R7X2424","Intel® DDR Fabric Suite Software Supports Service for 24 ports",null,71.578947368421055]
[null,"SMIFS1R7X24288","Intel® DDR Fabric Suite Software Supports Service for 288 ports",null,864.21052631578948]
[null,"SMIFS1R7X2448","Intel® DDR Fabric Suite Software Supports Service for 48 ports",null,144.21052631578948]
[null,"SMIFS1R7X24576","Intel® DDR Fabric Suite Software Supports Service for 576 ports",null,1728.421052631579]
[null,"SMIFS1R7X2496","Intel® DDR Fabric Suite Software Supports Service for 96 ports",null,288.42105263157896]
[null,"DDR9024REP","Intel® Fabric Hardware Support DDR Edge Switch Repair",null,1578.9473684210527]
[null,"12300BS01","Intel® True Scale Fabric Configurable Edge Switch 12300BS01",null,4734.7368421052633]
[null,"12300PS01","Intel® True Scale Fabric Configurable Edge Switch Power Supply 12300PS01",null,391.5789473684211]
[null,"12300BS18","Intel® True Scale Fabric Configurable Scalable Edge Switch 12300BS18",null,3882.105263157895]
[null,"BAS1R12800040","Intel® True Scale Fabric Director Switch 12800040 Basic Service Renewal 1 Year",null,1234.7368421052631]
[null,"BAS3R12800040","Intel® True Scale Fabric Director Switch 12800040 Basic Service Renewal 3 Year",null,3748.4210526315792]
[null,"CHO1R12800040","Intel® True Scale Fabric Director Switch 12800040 Choice Service Renewal 1 Year",null,4964.21052631579]
[null,"CHO3R12800040","Intel® True Scale Fabric Director Switch 12800040 Choice Service Renewal 3 Year",null,11317.894736842105]
[null,"CHO1U12800040","Intel® True Scale Fabric Director Switch 12800040 Choice Service Upgrade 1 Year",null,3729.4736842105267]
[null,"CHO3U12800040","Intel® True Scale Fabric Director Switch 12800040 Choice Service Upgrade 3 Year",null,10084.21052631579]
[null,"PRE1R12800040","Intel® True Scale Fabric Director Switch 12800040 Preferred Service Renewal 1 Year",null,2592.6315789473683]
[null,"PRE3R12800040","Intel® True Scale Fabric Director Switch 12800040 Preferred Service Renewal 3 Year",null,6845.2631578947376]
[null,"PRE1U12800040","Intel® True Scale Fabric Director Switch 12800040 Preferred Service Upgrade 1 Year",null,1358.9473684210527]
[null,"PRE3U12800040","Intel® True Scale Fabric Director Switch 12800040 Preferred Service Upgrade 3 Year",null,5610.5263157894742]
[null,"BAS1R12800120","Intel® True Scale Fabric Director Switch 12800120 Basic Service Renewal 1 Year",null,3288.4210526315792]
[null,"BAS3R12800120","Intel® True Scale Fabric Director Switch 12800120 Basic Service Renewal 3 Year",null,9074.7368421052633]
[null,"CHO1R12800120","Intel® True Scale Fabric Director Switch 12800120 Choice Service Renewal 1 Year",null,12287.368421052632]
[null,"CHO3R12800120","Intel® True Scale Fabric Director Switch 12800120 Choice Service Renewal 3 Year",null,28015.789473684214]
[null,"CHO1U12800120","Intel® True Scale Fabric Director Switch 12800120 Choice Service Upgrade 1 Year",null,8998.9473684210534]
[null,"CHO3U12800120","Intel® True Scale Fabric Director Switch 12800120 Choice Service Upgrade 3 Year",null,24727.368421052633]
[null,"PRE1R12800120","Intel® True Scale Fabric Director Switch 12800120 Preferred Service Renewal 1 Year",null,6905.2631578947376]
[null,"PRE3R12800120","Intel® True Scale Fabric Director Switch 12800120 Preferred Service Renewal 3 Year",null,18229.473684210527]
[null,"PRE1U12800120","Intel® True Scale Fabric Director Switch 12800120 Preferred Service Upgrade 1 Year",null,3616.8421052631579]
[null,"PRE3U12800120","Intel® True Scale Fabric Director Switch 12800120 Preferred Service Upgrade 3 Year",null,14941.052631578948]
[null,"BAS1R12800180","Intel® True Scale Fabric Director Switch 12800180 Basic Service Renewal 1 Year",null,5130.5263157894742]
[null,"BAS3R12800180","Intel® True Scale Fabric Director Switch 12800180 Basic Service Renewal 3 Year",null,14158.947368421053]
[null,"CHO1R12800180","Intel® True Scale Fabric Director Switch 12800180 Choice Service Renewal 1 Year",null,19640]
[null,"CHO3R12800180","Intel® True Scale Fabric Director Switch 12800180 Choice Service Renewal 3 Year",null,44001.052631578947]
[null,"CHO1U12800180","Intel® True Scale Fabric Director Switch 12800180 Choice Service Upgrade 1 Year",null,14168.42105263158]
[null,"CHO3U12800180","Intel® True Scale Fabric Director Switch 12800180 Choice Service Upgrade 3 Year",null,38871.57894736842]
[null,"PRE1R12800180","Intel® True Scale Fabric Director Switch 12800180 Preferred Service Renewal 1 Year",null,10773.684210526317]
[null,"PRE3R12800180","Intel® True Scale Fabric Director Switch 12800180 Preferred Service Renewal 3 Year",null,28443.157894736843]
[null,"PRE1U12800180","Intel® True Scale Fabric Director Switch 12800180 Preferred Service Upgrade 1 Year",null,5643.1578947368425]
[null,"PRE3U12800180","Intel® True Scale Fabric Director Switch 12800180 Preferred Service Upgrade 3 Year",null,23311.578947368424]
[null,"BAS1R12800360","Intel® True Scale Fabric Director Switch 12800360 Basic Service Renewal 1 Year",null,10042.105263157895]
[null,"BAS3R12800360","Intel® True Scale Fabric Director Switch 12800360 Basic Service Renewal 3 Year",null,27715.789473684214]
[null,"CHO1R12800360","Intel® True Scale Fabric Director Switch 12800360 Choice Service Renewal 1 Year",null,37375.789473684214]
[null,"CHO3R12800360","Intel® True Scale Fabric Director Switch 12800360 Choice Service Renewal 3 Year",null,85216.84210526316]
[null,"CHO1U12800360","Intel® True Scale Fabric Director Switch 12800360 Choice Service Upgrade 1 Year",null,27333.684210526317]
[null,"CHO3U12800360","Intel® True Scale Fabric Director Switch 12800360 Choice Service Upgrade 3 Year",null,75174.736842105267]
[null,"PRE1R12800360","Intel® True Scale Fabric Director Switch 12800360 Preferred Service Renewal 1 Year",null,21088.42105263158]
[null,"PRE3R12800360","Intel® True Scale Fabric Director Switch 12800360 Preferred Service Renewal 3 Year",null,55672.631578947374]
[null,"PRE1U12800360","Intel® True Scale Fabric Director Switch 12800360 Preferred Service Upgrade 1 Year",null,11046.315789473685]
[null,"PRE3U12800360","Intel® True Scale Fabric Director Switch 12800360 Preferred Service Upgrade 3 Year",null,45630.526315789473]
[null,"12800040BLHD","Intel® True Scale Fabric Director Switch Bundle 12800040BLHD",null,24989.473684210527]
[null,"12800040BLHP","Intel® True Scale Fabric Director Switch Bundle 12800040BLHP",null,24734.736842105263]
[null,"12800120BLHD","Intel® True Scale Fabric Director Switch Bundle 12800120BLHD",null,37397.894736842107]
[null,"12800120BLHP","Intel® True Scale Fabric Director Switch Bundle 12800120BLHP",null,43357.894736842107]
[null,"12800180BLHD","Intel® True Scale Fabric Director Switch Bundle 12800180BLHD",null,56534.736842105267]
[null,"12800180BLHP","Intel® True Scale Fabric Director Switch Bundle 12800180BLHP",null,65673.68421052632]
[null,"12800360BLHD","Intel® True Scale Fabric Director Switch Bundle 12800360BLHD",null,96802.105263157893]
[null,"12800360BLHP","Intel® True Scale Fabric Director Switch Bundle 12800360BLHP",null,115191.57894736843]
[null,"12800SPDB01","Intel® True Scale Fabric Director Switch Double Spine Module 12800SPDB01",null,6328.4210526315792]
[null,"12800FEXH","Intel® True Scale Fabric Director Switch Exhaust Fan Module 12800FEXH",null,237.89473684210526]
[null,"12800FITK","Intel® True Scale Fabric Director Switch Intake Fan Module 12800FITK",null,237.89473684210526]
[null,"12800LFFP","Intel® True Scale Fabric Director Switch Leaf Filler Panel 12800LFFP",null,98.94736842105263]
[null,"12800LF18","Intel® True Scale Fabric Director Switch Leaf Module 12800LF18",null,4980]
[null,"12800LF24","Intel® True Scale Fabric Director Switch Leaf Module 12800LF24",null,5107.3684210526317]
[null,"QDRLEAFMMREP","Intel® True Scale Fabric Director Switch Leaf/Management Module Repair",null,1052.6315789473686]
[null,"12800MM01","Intel® True Scale Fabric Director Switch Management Module 12800MM01",null,2755.7894736842109]
[null,"12800MMFP","Intel® True Scale Fabric Director Switch Management Module Filler Panel 12800MMFP",null,94.736842105263165]
[null,"12800PS01","Intel® True Scale Fabric Director Switch Power Supply 12800PS01",null,606.31578947368428]
[null,"12800PSFP","Intel® True Scale Fabric Director Switch Power Supply Filler Panel 12800PSFP",null,91.578947368421055]
[null,"12800SPSG01","Intel® True Scale Fabric Director Switch Single Spine Module 12800SPSG01",null,3292.6315789473688]
[null,"12800SPFP","Intel® True Scale Fabric Director Switch Spine Filler Panel 12800SPFP",null,113.68421052631579]
[null,"QDRSPINEREP","Intel® True Scale Fabric Director Switch Spine Module Repair",null,2105.2631578947371]
[null,"BAS1R12200","Intel® True Scale Fabric Edge Switch 12200 Basic Service renewal 1 Year",null,160]
[null,"BAS3R12200","Intel® True Scale Fabric Edge Switch 12200 Basic Service renewal 3 Year",null,441.0526315789474]
[null,"CHO1R12200","Intel® True Scale Fabric Edge Switch 12200 Choice Service renewal 1 Year",null,640]
[null,"CHO3R12200","Intel® True Scale Fabric Edge Switch 12200 Choice Service renewal 3 Year",null,1457.8947368421054]
[null,"CHO1U12200","Intel® True Scale Fabric Edge Switch 12200 Choice Service upgrade 1 Year",null,478.94736842105266]
[null,"CHO3U12200","Intel® True Scale Fabric Edge Switch 12200 Choice Service upgrade 3 Year",null,1297.8947368421054]
[null,"PRE1R12200","Intel® True Scale Fabric Edge Switch 12200 Preferred Service Renewal 1 Year",null,409.47368421052636]
[null,"PRE3R12200","Intel® True Scale Fabric Edge Switch 12200 Preferred Service Renewal 3 Year",null,1080]
[null,"PRE1U12200","Intel® True Scale Fabric Edge Switch 12200 Preferred Service Upgrade 1 Year",null,249.47368421052633]
[null,"PRE3U12200","Intel® True Scale Fabric Edge Switch 12200 Preferred Service Upgrade 3 Year",null,920]
[null,1220018,"Intel® True Scale Fabric Edge Switch 1220018",null,2680]
[null,"12200BS01","Intel® True Scale Fabric Edge Switch 12200BS01",null,3895.7894736842109]
[null,"12200BS01MM","Intel® True Scale Fabric Edge Switch 12200BS01MM",null,4369.4736842105267]
[null,"12200BS21","Intel® True Scale Fabric Edge Switch 12200BS21",null,3407.3684210526317]
[null,"12200BS23","Intel® True Scale Fabric Edge Switch 12200BS23",null,4261.0526315789475]
[null,"12200BS23MM","Intel® True Scale Fabric Edge Switch 12200BS23MM",null,4634.7368421052633]
[null,"BAS1R12300","Intel® True Scale Fabric Edge Switch 12300 Basic Service renewal 1 Year",null,170.5263157894737]
[null,"BAS3R12300","Intel® True Scale Fabric Edge Switch 12300 Basic Service renewal 3 Year",null,470.5263157894737]
[null,"CHO1R12300","Intel® True Scale Fabric Edge Switch 12300 Choice Service renewal 1 Year",null,658.94736842105272]
[null,"CHO3R12300","Intel® True Scale Fabric Edge Switch 12300 Choice Service renewal 3 Year",null,1502.1052631578948]
[null,"CHO1U12300","Intel® True Scale Fabric Edge Switch 12300 Choice Service upgrade 1 Year",null,488.42105263157896]
[null,"CHO3U12300","Intel® True Scale Fabric Edge Switch 12300 Choice Service upgrade 3 Year",null,1331.578947368421]
[null,"PRE1R12300","Intel® True Scale Fabric Edge Switch 12300 Preferred Service Renewal 1 Year",null,466.31578947368422]
[null,"PRE3R12300","Intel® True Scale Fabric Edge Switch 12300 Preferred Service Renewal 3 Year",null,1230.5263157894738]
[null,"PRE1U12300","Intel® True Scale Fabric Edge Switch 12300 Preferred Service Upgrade 1 Year",null,295.78947368421052]
[null,"PRE3U12300","Intel® True Scale Fabric Edge Switch 12300 Preferred Service Upgrade 3 Year",null,1060]
[null,"LK120006PORT","Intel® True Scale Fabric Edge Switch Port Upgrade License Key LK120006PORT",null,441.0526315789474]
[null,"QDREDGEREP","Intel® True Scale Fabric Edge Switch Repair",null,1578.9473684210527]
[null,"QLE7340CK","Intel® True Scale Fabric Host Channel Adapter QLE7340CK",null,250.5263157894737]
[null,"QLE7342CK","Intel® True Scale Fabric Host Channel Adapter QLE7342CK",null,285.26315789473688]
[null,"CBL210100013","Intel® True Scale Fabric Optical Cable QSFP-QSFP 100m CBL210100013",null,374.73684210526318]
[null,"CBL210010013","Intel® True Scale Fabric Optical Cable QSFP-QSFP 10m CBL210010013",null,230.5263157894737]
[null,"CBL210015013","Intel® True Scale Fabric Optical Cable QSFP-QSFP 15m CBL210015013",null,236.84210526315792]
[null,"CBL210030013","Intel® True Scale Fabric Optical Cable QSFP-QSFP 30m CBL210030013",null,326.31578947368422]
[null,"CBL210003013","Intel® True Scale Fabric Optical Cable QSFP-QSFP 3m CBL210003013",null,197.89473684210526]
[null,"CBL208010012","Intel® True Scale Fabric Optical Hybrid Cable CX4-QSFP 10m CBL208010012",null,365.26315789473688]
[null,"CBL208030012","Intel® True Scale Fabric Optical Hybrid Cable CX4-QSFP 30m CBL208030012",null,443.15789473684214]
[null,"CBL208003012","Intel® True Scale Fabric Optical Hybrid Cable CX4-QSFP 3m CBL208003012",null,289.47368421052636]
[null,"CBL10600H30","Intel® True Scale Fabric Passive Copper Cable QSFP-QSFP 0.5m 30 AWG CBL10600H30",null,31.578947368421055]
[null,"CBL10600130","Intel® True Scale Fabric Passive Copper Cable QSFP-QSFP 1m 30 AWG CBL10600130",null,34.736842105263158]
[null,"CBL10600230","Intel® True Scale Fabric Passive Copper Cable QSFP-QSFP 2m 30 AWG CBL10600230",null,38.94736842105263]
[null,"CBL10600328","Intel® True Scale Fabric Passive Copper Cable QSFP-QSFP 3m 28 AWG CBL10600328",null,46.315789473684212]
[null,"CBL10600526","Intel® True Scale Fabric Passive Copper Cable QSFP-QSFP 5m 26 AWG CBL10600526",null,110.52631578947368]
[null,"CBL10400H30","Intel® True Scale Fabric Passive Copper Hybrid Cable CX4-QSFP 0.5m 30 AWG CBL10400H30",null,33.684210526315788]
[null,"CBL10400130","Intel® True Scale Fabric Passive Copper Hybrid Cable CX4-QSFP 1m 30 AWG CBL10400130",null,36.842105263157897]
[null,"CBL10400328","Intel® True Scale Fabric Passive Copper Hybrid Cable CX4-QSFP 3m 28 AWG CBL10400328",null,48.421052631578952]
[null,"CBL10400626","Intel® True Scale Fabric Passive Copper Hybrid Cable CX4-QSFP 6m 26 AWG CBL10400626",null,94.736842105263165]
[null,"12200IK2633","Intel® True Scale Fabric Rack Install Kit 12200IK2633",null,371.5789473684211]
[null,"12300IK2633","Intel® True Scale Fabric Rack Install Kit 12300IK2633",null,371.5789473684211]
[null,"12800040IK01","Intel® True Scale Fabric Rack Install Kit 12800040IK01",null,447.36842105263162]
[null,"12800040IK2432","Intel® True Scale Fabric Rack Install Kit 12800040IK2432",null,142.10526315789474]
[null,"12800120IK2432","Intel® True Scale Fabric Rack Install Kit 12800120IK2432",null,454.73684210526318]
[null,"12800180IK01","Intel® True Scale Fabric Rack Install Kit 12800180IK01",null,447.36842105263162]
[null,"12800360IK01","Intel® True Scale Fabric Rack Install Kit 12800360IK01",null,1998.9473684210527]
[null,"IFS12800040","Intel® True Scale Fabric Suite for 12800040",null,464.21052631578948]
[null,"IFS12800120","Intel® True Scale Fabric Suite for 12800120",null,1395.7894736842106]
[null,"IFS12800180","Intel® True Scale Fabric Suite for 12800180",null,2092.6315789473683]
[null,"IFS12800360","Intel® True Scale Fabric Suite for 12800360",null,4186.3157894736842]
[null,"IFS12X00","Intel® True Scale Fabric Suite for 12x00",null,123.15789473684211]
[null,"SMIFS1R12800040","Intel® True Scale Fabric Suite Software Support Service for 12800040",null,275.78947368421052]
[null,"SMIFS1R12800120","Intel® True Scale Fabric Suite Software Support Service for 12800120",null,828.42105263157896]
[null,"SMIFS1R12800180","Intel® True Scale Fabric Suite Software Support Service for 12800180",null,1243.1578947368421]
[null,"SMIFS1R12800360","Intel® True Scale Fabric Suite Software Support Service for 12800360",null,2485.2631578947371]
[null,"SMIFS1R12X00","Intel® True Scale Fabric Suite Software Support Service for 12x00",null,72.631578947368425]
[null,"SWITCHTEST","Intel® True Scale Fabric Switch Health Verification Fee",null,210.5263157894737]
[]
[]
[null,"For more information on all of Intel's Infiniband offerings, please visit "]
[null,"HTTP://www.intel.com/infiniband"]
[]
[null,"For a configuration tool on this product, check out this link."]
[null,"http://ibconfigurator.intel.com/cgi-bin/v2.1/qconfig_v21.pl"]

{"sheet":"Intel RAID","index":12,"n_rows":100,"n_cols":14,"rows_kept":100,"cut":false,"hidden":false,"merged":[[87,5,87,11],[77,5,77,11],[78,5,78,11],[79,5,79,11],[80,5,80,11],[82,5,82,11],[83,5,83,11],[84,5,84,11],[85,5,85,11],[86,5,86,11],[99,5,99,11],[88,5,88,11],[89,5,89,11],[90,5,90,11],[91,5,91,11],[92,5,92,11],[93,5,93,11],[94,5,94,11],[95,5,95,11],[96,5,96,11],[97,5,97,11],[98,5,98,11],[20,2,20,11],[48,2,48,11],[64,2,64,11],[70,2,70,11],[81,2,81,10],[73,5,73,11],[74,5,74,11],[75,5,75,11],[76,5,76,11],[71,5,71,11],[72,5,72,11]]}
[]
[]
[]
[]
[]
[]
[]
[]
[]
[]
[]
[]
[]
[null,null,"Intel offers three categories of RAID products."]
[]
[null,"■","Intel RAID controllers"]
[null,"■","Intel Integrated Server RAID modules"]
[null,"■","Intel Embedded Server RAID technology"]
[]
[]
[null,null,"Intel® RAID controllers - For all Systems"]
[null,null,"Code Name","Part #","SKU","Target Market","Drive Type","Data Transfer rate","RAID levels","Ports","Cache Memory","Interface",null,"Price"]
[null,null,"Zia Beach","RCS25ZB040",3552349,"Mainstream","SAS/SATA","6 Gb/s","0,1,5,6,10,50,60","4 internal","1 GB DDR3 & 256 GB Flash","x8 PCIe Gen3",null,1368.421052631579]
[null,null,"Zia Beach","RCS25ZB040LX",3552350,"Mainstream","SAS/SATA","6 Gb/s","0,1,5,6,10,50,60","4 internal","1 GB DDR3 & 1TB Flash","x8 PCIe Gen3",null,4000]
[null,null,"Dark Canyon","RS3DC080",3691674,"Mainstream","SAS/SATA","12 Gb/s","0,1,5,6,10,50,60","8 internal","1 GB DDR3","x8 PCIe Gen3",null,610.52631578947376]
[null,null,"Dark Canyon","RS3DC040",3700776,"Mainstream","SAS/SATA","12 Gb/s","0,1,5,6,10,50,60","4 internal","1 GB DDR3","x8 PCIe Gen3",null,426.31578947368422]
[null,null,"Waimea Canyon","RS3WC080",null,"Entry","SAS/SATA","12 Gb/s","0,1,5,10,50","8 internal","None","x8 PCIe Gen3",null,284.21052631578948]
[null,null,"Fall Canyon","RS3FC044",null,"Entry","SAS/SATA","12 Gb/s","0,1,1E,10,JBOD","4 internal\n4 external","None","x8 PCIe Gen3",null,284.21052631578948]
[null,null,"Guadalupe Canyon","RS3GC008",null,"Entry","SAS/SATA","12 Gb/s","0,1,1E,10,JBOD","8 external","None","x8 PCIe Gen3",null,336.84210526315792]
[null,null,"Umbrella Canyon","RS3UC080",3635745,"Entry","SAS/SATA","12 Gb/s","1,1E,10,JBOD","8 internal","None","x8 PCIe Gen3",null,215.78947368421055]
[null,null,"Flagler Beach","RS25FB044",3477026,"Entry","SAS/SATA","6 Gb/s","0,1,1E,10,JBOD","4 internal\n4 external","None","x8 PCIe Gen3",null,273.68421052631578]
[null,null,"Sonoma Beach","RS25SB008",3299289,"Scalable Performance","SAS/SATA","6 Gb/s","0,1,5,6,10,50,60","8 external","1 GB","x8 PCIe Gen3",null,921.0526315789474]
[null,null,"Aliso Beach","RS25AB080",3226879,"Mainstream","SAS/SATA","6 Gb/s","0,1,5,6,10,50,60","8 internal","1 GB","x8 PCIe Gen3",null,815.78947368421052]
[null,null,"Grayton Beach","RS25GB008",3060867,"Entry","SAS/SATA","6 Gb/s","JBOD","8 external","None","x8 PCIe Gen3",null,326.31578947368422]
[null,null,"Neptune Beach","RS25NB008",3060866,"Scalable Performance","SAS/SATA","6 Gb/s","0,1,5,6,10,50,60","8 external","1 GB","x8 PCIe Gen3",null,731.57894736842104]
[null,null,"Sierra Grande","RS2SG244",2771643,"Scalable Performance","SAS/SATA","6 Gb/s","0,1,5,6,10,50,60","24 internal \n4 external","512 MB","x8 PCIe Gen2",null,1047.3684210526317]
[null,null,"Walnut Grove","RS2WG160",2771644,"Scalable Performance","SAS/SATA","6 Gb/s","0,1,5,6,10,50,60","16 internal","512 MB","x8 PCIe Gen2",null,736.84210526315792]
[null,null,"Mobile Bay","RS2MB044",2654881,"Scalable Performance","SAS/SATA","6 Gb/s","0,1,5,6,10,50,60","4 internal\n4 external","512 MB","x8 PCIe Gen2",null,621.0526315789474]
[null,null,"Whale Cove","RS2WC080",2654882,"Entry","SAS/SATA","6 Gb/s","0,1,5,10,50","8 internal","None","x8 PCIe Gen2",null,274.73684210526318]
[null,null,"Whale Cove","RS2WC040",2654883,"Entry","SAS/SATA","6 Gb/s","0,1,5,10,50","4 internal","None","x8 PCIe Gen2",null,222.10526315789474]
[null,null,"Big Laurel","RS2BL080",2517907,"Mainstream","SAS/SATA","6 Gb/s","0,1,5,6,10,50,60","8 internal","512 MB","x8 PCIe Gen2",null,478.94736842105266]
[null,null,"Big Laurel","RS2BL040",2658847,"Mainstream","SAS/SATA","6 Gb/s","0,1,5,6,10,50,60","4 internal","512 MB","x8 PCIe Gen2",null,321.0526315789474]
[null,null,"Delray Beach","RS25DB080",3060863,"Mainstream","SAS/SATA","6 Gb/s","0,1,5,6,10,50,60","8 internal","1 GB","x8 PCIe Gen3",null,594.73684210526324]
[null,null,"Puget Island","RS2PI008",2771640,"Mainstream","SAS/SATA","6 Gb/s","0,1,5,6,10,50,60","8 external","512 MB","x8 PCIe Gen2",null,630.52631578947376]
[null,null,null,"RT3WB080",2860182,"Mainstream","SATA only","6 Gb/s","0,1,5,6,10,50,60","8 internal","256 MB","x8 PCIe Gen2",null,394.73684210526318]
[null,null,"Villano Beach","RS2VB080",3221541,"Mainstream","SAS/SATA","6 Gb/s","0,1,5,6,10,50,60","8 internal","512 MB","x8 PCIe Gen2",null,684.21052631578948]
[null,null,"Villano Beach","RS2VB040",3294278,"Mainstream","SAS/SATA","6 Gb/s","0,1,5,6,10,50,60","4 internal","512 MB","x8 PCIe Gen2",null,594.73684210526324]
[]
[null,null,"Intel® Integrated Server RAID - For Intel Whitebox Systems"]
[null,null,"Code Name","Part #","SKU","Target Market","Drive Type","Data Transfer rate","RAID levels","Ports","Cache Memory","Interface",null,"Price"]
[null,null,"Condado Beach","RMS25CB040",3166373,"Mainstream","SAS/SATA","6 Gb/s","0,1,5,6,10,50,60","4 internal","1 GB","Mezzanine PCIe x8 Gen 3",null,326.31578947368422]
[null,null,"Condado Beach","RMS25CB080",3163508,"Mainstream","SAS/SATA","6 Gb/s","0,1,5,6,10,50,60","8 internal","1 GB","Mezzanine PCIe x8 Gen 3",null,436.84210526315792]
[null,null,"Condado Beach","RMT3CB080",3163509,"Mainstream","SATA only","6 Gb/s","0,1,5,6,10,50,60","8 internal","512 MB","Mezzanine PCIe x8 Gen 3",null,378.94736842105266]
[null,null,"Jackson Beach","RMS25JB040",3166374,"Entry","SAS/SATA","6 Gb/s","0,1,1E,10,JBOD","4 internal","None","Mezzanine PCIe x8 Gen 3",null,110.52631578947368]
[null,null,"Jackson Beach","RMS25JB080",3166375,"Entry","SAS/SATA","6 Gb/s","0,1,1E,10,JBOD","8 internal","None","Mezzanine PCIe x8 Gen 3",null,147.36842105263159]
[null,null,"Kohala Beach","RMS25KB040",3166376,"Entry","SAS/SATA","6 Gb/s","0,1,1E,10,JBOD","4 internal","None","x8 PCIe Gen3",null,126.31578947368422]
[null,null,"Kohala Beach","RMS25KB080",3166377,"Entry","SAS/SATA","6 Gb/s","0,1,1E,10,JBOD","8 internal","None","x8 PCIe Gen3",null,163.15789473684211]
[null,null,"Pompano Beach","RMS25PB040",3166378,"Mainstream","SAS/SATA","6 Gb/s","0,1,5,6,10,50,60","4 internal","1 GB","x8 PCIe Gen3",null,368.42105263157896]
[null,null,"Pompano Beach","RMS25PB080",3166379,"Mainstream","SAS/SATA","6 Gb/s","0,1,5,6,10,50,60","8 internal","1 GB","x8 PCIe Gen3",null,478.94736842105266]
[null,null,"Pompano Beach","RMT3PB080",3166380,"Mainstream","SATA only","6 Gb/s","0,1,5,6,10,50,60","8 internal","512 MB","x8 PCIe Gen3",null,410.5263157894737]
[null,null,"Mountain Home","AXXRMS2MH080",2733361,"Mainstream","SAS/SATA","6 Gb/s","0,1,5,6,10,50,60","8 internal","512 MB","Mezzanine PCIe x8 Gen 1",null,368.42105263157896]
[null,null,"American Falls","AXXRMS2AF080",2733364,"Entry","SAS/SATA","6 Gb/s","0,1,5,10,50","8 internal","None","Mezzanine PCIe x4 Gen 2",null,247.36842105263159]
[null,null,"American Falls","AXXRMS2AF040",2731094,"Entry","SAS/SATA","6 Gb/s","0,1,5,10,50","4 internal","None","Mezzanine PCIe x4 Gen 2",null,200]
[]
[null,null,"Intel® RAID Expanders"]
[null,null,"Code Name","Part #","SKU","Target Market","Drive Type","Data Transfer rate","RAID levels","Ports","Cache Memory","Interface",null,"Price"]
[null,null,null,"RES2CV240",3163501,"Scalable Performance","SAS/SATA","6 Gb/s","Dependent on paired RAID card","24 internal","None","Narrow System board (case mount)",null,257.89473684210526]
[null,null,null,"RES2CV360",3163500,"Scalable Performance","SAS/SATA","6 Gb/s","Dependent on paired RAID card","36 internal","None","Narrow System board (case mount)",null,321.0526315789474]
[null,null,null,"RES2SV240",2771642,"Scalable Performance","SAS/SATA","6 Gb/s","Dependent on paired RAID card","24 internal","None","Low Profile MD2 (PCIe or case-mount)",null,242.10526315789474]
[]
[null,null,"Intel® Embedded Server RAID - Activation keys"]
[null,null,"Intel Color Code","Part #","SKU","Description",null,null,null,null,null,null,null,"Price"]
[null,null,"Black","RKSATA4R5",3166371,"Four-port SATA with Intel® ESRT2 RAID 0, 1, 5, 10 and Intel® RSTe RAID 0, 1, 5, 10\nSATA 3 Gb/s",null,null,null,null,null,null,null,63.15789473684211]
[null,null,"Blue","RKSATA8",3166372,"Eight-port SATA Key with Intel® ESRT2 RAID 0, 1, 10 and Intel® RSTe RAID 0, 1, 5, 10\nSATA 3 Gb/s",null,null,null,null,null,null,null,26.315789473684212]
[null,null,"White","RKSATA8R5",3163510,"Eight-port SATA with Intel® ESRT2 RAID 0, 1, 5, 10 and Intel® RSTe RAID 0, 1, 5, 10.\nSATA 3 Gb/s",null,null,null,null,null,null,null,78.94736842105263]
[null,null,"Green","RKSAS4",3166368,"4-port SAS Key with Intel® ESRT2 RAID 0, 1, 10 and Intel® RSTe RAID 0, 1, 10\nSAS/SATA 3 Gb/s",null,null,null,null,null,null,null,36.842105263157897]
[null,null,"Yellow","RKSAS4R5",3166369,"4-port SAS Key with Intel® ESRT2 RAID 0, 1, 5, 10 and Intel® RSTe RAID 0, 1, 10\nSAS/SATA 3 Gb/s",null,null,null,null,null,null,null,100]
[null,null,"Orange","RKSAS8",3166370,"8-port SAS Key with Intel® ESRT2 RAID 0, 1, 10 and Intel® RSTe RAID 0, 1, 10\nSAS/SATA 3 Gb/s",null,null,null,null,null,null,null,52.631578947368425]
[null,null,"Purple","RKSAS8R5",3163511,"8-port SAS Key with Intel® ESRT2 RAID 0, 1, 5, 10 and Intel® RSTe RAID 0, 1, 10\nSAS/SATA 3 Gb/s",null,null,null,null,null,null,null,115.78947368421053]
[null,null,"N/A","AXXRAKSW5",1159847,"Intel RAID activation key enables SAS or SATA software RAID on most Intel Server boards. Up to 6 Gb/s. Supported RAID levels 0,1,10,5",null,null,null,null,null,null,null,78.94736842105263]
[]
[null,null,"Additional Intel® RAID products (Premium keys, Accessories, Backup batteries/Flash)"]
[null,null,null,"Part #","SKU","Description",null,null,null,null,null,null,null,"Price"]
[null,null,"SSD Cache with FastPath I/O","AXXRPFKSSD",2739794,"■ Uses solid-state drives (SSDs) as additional cache for the RAID controller by means of SSD flash tiering; frequently accessed information is stored in cache to allow for rapid access\n■ Accelerates SSDs using FastPath I/O, providing up to 465,000 I/O reads per second for small, random block-size I/O activity; this is a dramatic increase over solutions without FastPath\n\nThis SKU for RS2 series ROC-based (LSI2108) products\n",null,null,null,null,null,null,null,194.73684210526318]
[null,null,"SSD Cache with FastPath I/O","AXXRPFKSSD2",3229255,"■ Uses solid-state drives (SSDs) as additional cache for the RAID controller by means of SSD flash tiering; frequently accessed information is stored in cache to allow for rapid access\n■ Accelerates SSDs using FastPath I/O, providing up to 465,000 I/O reads per second for small, random block-size I/O activity; this is a dramatic increase over solutions without FastPath\n\nThis SKU for RS25 series ROC-based (LSI2218) products\n",null,null,null,null,null,null,null,194.73684210526318]
[null,null,"Drive Encryption Management","AXXRPFKDE",3323818,"■ Enables authentication key management, auto-lock, and instant erase of self-encrypting drives\n■ Helps reduce risk of data being compromised when drives eventually leave the data center\n■ Significantly reduces the cost and time of repurposing or retiring drives\n\nFor a RAID card compatibility list, please click the link on the part #\n",null,null,null,null,null,null,null,63.15789473684211]
[null,null,"Rapid Recovery Snapshot","AXXRPFKSNSH",null,"■ Captures source volume data changes allowing users to quickly restore files, recover data, or roll back applications to a previous point in time\n■Allows isolation of a server’s boot volume to a separate virtual drive; by enabling the AutoSnapshot feature, users are guaranteed bootable snapshots exist in case operating system corruption occurs\n\nFor a RAID card compatibility list, please click the link on the part #",null,null,null,null,null,null,null,126.31578947368422]
[null,null,"RAID High Availability","AXXRPFKHA2",3752743,"■ Allows the easy combination of multiple storage RAID controllers with two servers to provide a redundant, simplified serer failover cluster\n■ Lowers cost and reduces complexity of high-availability (HA) solutions with fully redundant and simplified storage without the need for storage networking hardware while ensuring continuous application availability, while eliminating single points of failure\n\nSupported on RS25SB008 RAID card\n",null,null,null,null,null,null,null,2052.6315789473683]
[null,null,"Converter Board","AXXRCVT8788",3373992,"Small form factor board with brackets for installation in a standard or low-profile chassis cutout. Intended to be used to convert internal ports to external ports. Cables are not  included",null,null,null,null,null,null,null,47.368421052631582]
[null,null,"Cable Kit","AXXCBL740MS7P",3002596,"Mini-SAS SFF-8087 connector to Four 7-pin SATA style connectors - Two 740mm cables included",null,null,null,null,null,null,null,21.05263157894737]
[null,null,"Cable Kit","AXXCBL650HDMS",null,"HD SFF-8643 connector to Mini-SAS SFF-8087 connector - Two 650mm cables included",null,null,null,null,null,null,null,26.315789473684212]
[null,null,"Cable Kit","AXXCBL730HDMS",null,"HD SFF-8643 connector to Mini-SAS SFF-8087 connector - Two 730mm cables included",null,null,null,null,null,null,null,26.315789473684212]
[null,null,"Cable Kit","AXXCBL650MSMS",3344724,"Mini-SAS SFF-8087 connector to Mini-SAS SFF-8087 connector - Two 650mm cables included",null,null,null,null,null,null,null,21.05263157894737]
[null,null,"Battery backup (BBU)","AXXRSBBU9",3176599,"Battery backup kit for RS25DB080, RS25NB008",null,null,null,null,null,null,null,147.36842105263159]
[null,null,"Battery backup (BBU)","AXXRSBBU8",3224198,"Battery backup kit for RS2BL080, RS2BL040, RS2PI008, RS2PI008DE, RS2MB044, RS2WG160, RS2SG244, RT3WB080, AXXRMS2MH080",null,null,null,null,null,null,null,147.36842105263159]
[null,null,"Battery backup (BBU)","AXXRSBBU7",2517908,"Battery backup kit for RS2BL080, RS2BL040, RS2PI008, RS2PI008DE, RS2MB044, RS2WG160, RS2SG244, RT3WB080, AXXRMS2MH080",null,null,null,null,null,null,null,147.36842105263159]
[null,null,"Battery backup (BBU)","AXXRSBBU3",1136477,"Battery backup kit for SRCSAS144E, SRCSASJV, SRCSASPH16I",null,null,null,null,null,null,null,168.42105263157896]
[null,null,"Maintenance Free Backup","AXXRMFBU2",3163504,"(1) Maintenance free backup unit (supercapacitor module, NAND flash module, cables and bracket) for RMS25PB080, RMS25PB040, RMT3PB080, RMS25CB080, RMS25CB040, RMT3CB080",null,null,null,null,null,null,null,194.73684210526318]
[null,null,"Maintenance Free Backup","AXXRMFBU3",3552352,"(1) Maintenance free backup unit (supercapacitor module, NAND flash module, cables and bracket) for RCS2ZB040",null,null,null,null,null,null,null,147.36842105263159]
[null,null,"Maintenance Free Backup","AXXRMFBU4",null,"(1) Maintenance free backup unit (supercapacitor module, NAND flash module, cables and bracket) for RS3DC080, RS3DC040",null,null,null,null,null,null,null,194.73684210526318]